-- Table structure for table `wp_wc_category_lookup`
--

CREATE TABLE `wp_wc_category_lookup` (
  `category_tree_id` bigint(20) unsigned NOT NULL,
  `category_id` bigint(20) unsigned NOT NULL,
  PRIMARY KEY (`category_tree_id`,`category_id`)
) ENGINE=MyISAM DEFAULT CHARSET=utf8mb4 COLLATE=utf8mb4_unicode_ci;

--
-- Dumping data for table `wp_wc_category_lookup`
--

INSERT INTO `wp_wc_category_lookup` VALUES (21,21),(22,22);

--
-- Table structure for table `wp_wc_customer_lookup`
--

CREATE TABLE `wp_wc_customer_lookup` (
  `customer_id` bigint(20) unsigned NOT NULL AUTO_INCREMENT,
  `user_id` bigint(20) unsigned DEFAULT NULL,
  `username` varchar(60) NOT NULL DEFAULT '',
  `first_name` varchar(255) NOT NULL,
  `last_name` varchar(255) NOT NULL,
  `email` varchar(100) DEFAULT NULL,
  `date_last_active` timestamp NULL DEFAULT NULL,
  `date_registered` timestamp NULL DEFAULT NULL,
  `country` char(2) NOT NULL DEFAULT '',
  `postcode` varchar(20) NOT NULL DEFAULT '',
  `city` varchar(100) NOT NULL DEFAULT '',
  `state` varchar(100) NOT NULL DEFAULT '',
  PRIMARY KEY (`customer_id`),
  UNIQUE KEY `user_id` (`user_id`),
  KEY `email` (`email`)
) ENGINE=MyISAM AUTO_INCREMENT=7 DEFAULT CHARSET=utf8mb4 COLLATE=utf8mb4_unicode_ci;

--
-- Dumping data for table `wp_wc_customer_lookup`
--

INSERT INTO `wp_wc_customer_lookup` VALUES (1,1,'godmode','Jeffrey','Davis','jeffreydavisjr@gmail.com','2021-11-09 02:36:54','2021-09-18 01:45:41','US','27892','Williamston','NC'),(2,NULL,'','Jeffrey','Davis','jeffreydavisjr@gmail.com','2021-11-09 19:41:00',NULL,'US','27892','Williamston','NC'),(3,NULL,'','Steven','Ferguson','askdrferguson@gmail.com','2021-11-19 01:10:03',NULL,'US','27924','ColerIn','NC'),(4,2,'patricia.ferguson','Patricia','Ferguson','pdfcoastalnet@gmail.com','2021-12-28 05:00:00','2021-10-05 18:01:40','US','27924','Colerain','NC'),(5,NULL,'','Hattie','Askew','hmaskew50@gmail.com','2021-12-04 06:03:30',NULL,'US','27967','Windsor','NC'),(6,NULL,'','Joshua','Ferguson','therealjferguson@gmail.com','2026-02-23 01:19:36',NULL,'US','91602','Toluca lake','NC');

--
-- Table structure for table `wp_wc_download_log`
--

CREATE TABLE `wp_wc_download_log` (
  `download_log_id` bigint(20) unsigned NOT NULL AUTO_INCREMENT,
  `timestamp` datetime NOT NULL,
  `permission_id` bigint(20) unsigned NOT NULL,
  `user_id` bigint(20) unsigned DEFAULT NULL,
  `user_ip_address` varchar(100) DEFAULT '',
  PRIMARY KEY (`download_log_id`),
  KEY `permission_id` (`permission_id`),
  KEY `timestamp` (`timestamp`)
) ENGINE=MyISAM DEFAULT CHARSET=utf8mb4 COLLATE=utf8mb4_unicode_ci;

--
-- Dumping data for table `wp_wc_download_log`
--


--
-- Table structure for table `wp_wc_order_addresses`
--

CREATE TABLE `wp_wc_order_addresses` (
  `id` bigint(20) unsigned NOT NULL AUTO_INCREMENT,
  `order_id` bigint(20) unsigned NOT NULL,
  `address_type` varchar(20) DEFAULT NULL,
  `first_name` text DEFAULT NULL,
  `last_name` text DEFAULT NULL,
  `company` text DEFAULT NULL,
  `address_1` text DEFAULT NULL,
  `address_2` text DEFAULT NULL,
  `city` text DEFAULT NULL,
  `state` text DEFAULT NULL,
  `postcode` text DEFAULT NULL,
  `country` text DEFAULT NULL,
  `email` varchar(320) DEFAULT NULL,
  `phone` varchar(100) DEFAULT NULL,
  PRIMARY KEY (`id`),
  UNIQUE KEY `address_type_order_id` (`address_type`,`order_id`),
  KEY `order_id` (`order_id`),
  KEY `email` (`email`(191)),
  KEY `phone` (`phone`)
) ENGINE=MyISAM DEFAULT CHARSET=utf8mb4 COLLATE=utf8mb4_unicode_520_ci;

--
-- Dumping data for table `wp_wc_order_addresses`
--


--
-- Table structure for table `wp_wc_order_coupon_lookup`
--

CREATE TABLE `wp_wc_order_coupon_lookup` (
  `order_id` bigint(20) unsigned NOT NULL,
  `coupon_id` bigint(20) NOT NULL,
  `date_created` datetime NOT NULL DEFAULT '0000-00-00 00:00:00',
  `discount_amount` double NOT NULL DEFAULT 0,
  PRIMARY KEY (`order_id`,`coupon_id`),
  KEY `coupon_id` (`coupon_id`),
  KEY `date_created` (`date_created`)
) ENGINE=MyISAM DEFAULT CHARSET=utf8mb4 COLLATE=utf8mb4_unicode_ci;

--
-- Dumping data for table `wp_wc_order_coupon_lookup`
--


--
-- Table structure for table `wp_wc_order_operational_data`
--

CREATE TABLE `wp_wc_order_operational_data` (
  `id` bigint(20) unsigned NOT NULL AUTO_INCREMENT,
  `order_id` bigint(20) unsigned DEFAULT NULL,
  `created_via` varchar(100) DEFAULT NULL,
  `woocommerce_version` varchar(20) DEFAULT NULL,
  `prices_include_tax` tinyint(1) DEFAULT NULL,
  `coupon_usages_are_counted` tinyint(1) DEFAULT NULL,
  `download_permission_granted` tinyint(1) DEFAULT NULL,
  `cart_hash` varchar(100) DEFAULT NULL,
  `new_order_email_sent` tinyint(1) DEFAULT NULL,
  `order_key` varchar(100) DEFAULT NULL,
  `order_stock_reduced` tinyint(1) DEFAULT NULL,
  `date_paid_gmt` datetime DEFAULT NULL,
  `date_completed_gmt` datetime DEFAULT NULL,
  `shipping_tax_amount` decimal(26,8) DEFAULT NULL,
  `shipping_total_amount` decimal(26,8) DEFAULT NULL,
  `discount_tax_amount` decimal(26,8) DEFAULT NULL,
  `discount_total_amount` decimal(26,8) DEFAULT NULL,
  `recorded_sales` tinyint(1) DEFAULT NULL,
  PRIMARY KEY (`id`),
  UNIQUE KEY `order_id` (`order_id`),
  KEY `order_key` (`order_key`)
) ENGINE=MyISAM DEFAULT CHARSET=utf8mb4 COLLATE=utf8mb4_unicode_520_ci;

--
-- Dumping data for table `wp_wc_order_operational_data`
--


--
-- Table structure for table `wp_wc_order_product_lookup`
--

CREATE TABLE `wp_wc_order_product_lookup` (
  `order_item_id` bigint(20) unsigned NOT NULL,
  `order_id` bigint(20) unsigned NOT NULL,
  `product_id` bigint(20) unsigned NOT NULL,
  `variation_id` bigint(20) unsigned NOT NULL,
  `customer_id` bigint(20) unsigned DEFAULT NULL,
  `date_created` datetime NOT NULL DEFAULT '0000-00-00 00:00:00',
  `product_qty` int(11) NOT NULL,
  `product_net_revenue` double NOT NULL DEFAULT 0,
  `product_gross_revenue` double NOT NULL DEFAULT 0,
  `coupon_amount` double NOT NULL DEFAULT 0,
  `tax_amount` double NOT NULL DEFAULT 0,
  `shipping_amount` double NOT NULL DEFAULT 0,
  `shipping_tax_amount` double NOT NULL DEFAULT 0,
  PRIMARY KEY (`order_item_id`,`order_id`),
  KEY `order_id` (`order_id`),
  KEY `product_id` (`product_id`),
  KEY `customer_id` (`customer_id`),
  KEY `date_created` (`date_created`),
  KEY `customer_product_date` (`customer_id`,`product_id`,`date_created`)
) ENGINE=MyISAM DEFAULT CHARSET=utf8mb4 COLLATE=utf8mb4_unicode_ci;

--
-- Dumping data for table `wp_wc_order_product_lookup`
--

INSERT INTO `wp_wc_order_product_lookup` VALUES (1,2449,2329,0,1,'2021-11-08 10:30:22',3,75,85,0,0,10,0),(3,2450,2329,0,1,'2021-11-08 13:17:11',4,100,105,0,0,5,0),(5,2451,2329,0,1,'2021-11-08 13:22:01',1,25,30,0,0,5,0),(7,2452,2329,0,1,'2021-11-08 13:25:30',1,25,30,0,0,5,0),(9,2453,2329,0,1,'2021-11-08 13:27:42',1,25,30,0,0,5,0),(11,2455,2329,0,1,'2021-11-08 13:31:49',2,50,55,0,0,5,0),(13,2456,2329,0,1,'2021-11-08 15:11:20',1,25,30,0,0,5,0),(15,2459,2329,0,1,'2021-11-08 15:16:18',1,25,30,0,0,5,0),(17,2460,2329,0,1,'2021-11-08 15:23:00',3,75,80,0,0,5,0),(19,2464,2329,0,1,'2021-11-08 16:36:13',1,25,31.75,0,1.75,5,0),(22,2465,2329,0,1,'2021-11-08 16:36:54',4,100,112,0,7,5,0),(25,2480,2329,0,2,'2021-11-09 09:41:00',1,25,31.75,0,1.75,5,0),(28,3778,2329,0,3,'2021-11-18 15:10:03',1,25,31.75,0,1.75,5,0),(31,3889,2329,0,4,'2021-11-19 13:47:35',1,25,31.75,0,1.75,5,0),(34,4885,2329,0,5,'2021-12-03 20:03:30',1,25,31.75,0,1.75,5,0),(37,5511,2329,0,6,'2026-02-22 15:19:36',1,25,31.75,0,1.75,5,0);

--
-- Table structure for table `wp_wc_order_stats`
--

CREATE TABLE `wp_wc_order_stats` (
  `order_id` bigint(20) unsigned NOT NULL,
  `parent_id` bigint(20) unsigned NOT NULL DEFAULT 0,
  `date_created` datetime NOT NULL DEFAULT '0000-00-00 00:00:00',
  `date_created_gmt` datetime NOT NULL DEFAULT '0000-00-00 00:00:00',
  `num_items_sold` int(11) NOT NULL DEFAULT 0,
  `total_sales` double NOT NULL DEFAULT 0,
  `tax_total` double NOT NULL DEFAULT 0,
  `shipping_total` double NOT NULL DEFAULT 0,
  `net_total` double NOT NULL DEFAULT 0,
  `returning_customer` tinyint(1) DEFAULT NULL,
  `status` varchar(20) NOT NULL,
  `customer_id` bigint(20) unsigned NOT NULL,
  `date_paid` datetime DEFAULT '0000-00-00 00:00:00',
  `date_completed` datetime DEFAULT '0000-00-00 00:00:00',
  PRIMARY KEY (`order_id`),
  KEY `date_created` (`date_created`),
  KEY `customer_id` (`customer_id`),
  KEY `status` (`status`),
  KEY `idx_date_paid_status_parent` (`date_paid`,`status`,`parent_id`)
) ENGINE=MyISAM DEFAULT CHARSET=utf8mb4 COLLATE=utf8mb4_unicode_ci;

--
-- Dumping data for table `wp_wc_order_stats`
--

INSERT INTO `wp_wc_order_stats` VALUES (2449,0,'2021-11-08 10:30:22','2021-11-08 15:30:22',3,85,0,10,75,1,'wc-trash',1,'0000-00-00 00:00:00','0000-00-00 00:00:00'),(2450,0,'2021-11-08 13:17:11','2021-11-08 18:17:11',4,105,0,5,100,1,'wc-trash',1,'0000-00-00 00:00:00','0000-00-00 00:00:00'),(2451,0,'2021-11-08 13:22:01','2021-11-08 18:22:01',1,30,0,5,25,1,'wc-trash',1,'0000-00-00 00:00:00','0000-00-00 00:00:00'),(2452,0,'2021-11-08 13:25:30','2021-11-08 18:25:30',1,30,0,5,25,1,'wc-trash',1,'0000-00-00 00:00:00','0000-00-00 00:00:00'),(2453,0,'2021-11-08 13:27:42','2021-11-08 18:27:42',1,30,0,5,25,1,'wc-trash',1,'0000-00-00 00:00:00','0000-00-00 00:00:00'),(2455,0,'2021-11-08 13:31:49','2021-11-08 18:31:49',2,55,0,5,50,1,'wc-trash',1,'0000-00-00 00:00:00','0000-00-00 00:00:00'),(2456,0,'2021-11-08 15:11:20','2021-11-08 20:11:20',1,30,0,5,25,1,'wc-trash',1,'0000-00-00 00:00:00','0000-00-00 00:00:00'),(2459,0,'2021-11-08 15:16:18','2021-11-08 20:16:18',1,30,0,5,25,0,'wc-trash',1,'0000-00-00 00:00:00','0000-00-00 00:00:00'),(2460,0,'2021-11-08 15:23:00','2021-11-08 20:23:00',3,80,0,5,75,1,'wc-trash',1,'0000-00-00 00:00:00','0000-00-00 00:00:00'),(2464,0,'2021-11-08 16:36:13','2021-11-08 21:36:13',1,31.75,1.75,5,25,1,'wc-trash',1,'0000-00-00 00:00:00','0000-00-00 00:00:00'),(2465,0,'2021-11-08 16:36:54','2021-11-08 21:36:54',4,112,7,5,100,1,'wc-trash',1,'0000-00-00 00:00:00','0000-00-00 00:00:00'),(2480,0,'2021-11-09 09:41:00','2021-11-09 14:41:00',1,31.75,1.75,5,25,0,'wc-trash',2,'0000-00-00 00:00:00','0000-00-00 00:00:00'),(3778,0,'2021-11-18 15:10:03','2021-11-18 20:10:03',1,31.75,1.75,5,25,0,'wc-cancelled',3,'0000-00-00 00:00:00','0000-00-00 00:00:00'),(3889,0,'2021-11-19 13:47:35','2021-11-19 18:47:35',1,31.75,1.75,5,25,0,'wc-processing',4,'0000-00-00 00:00:00','0000-00-00 00:00:00'),(4885,0,'2021-12-03 20:03:30','2021-12-04 01:03:30',1,31.75,1.75,5,25,0,'wc-processing',5,'0000-00-00 00:00:00','0000-00-00 00:00:00'),(5511,0,'2026-02-22 15:19:36','2026-02-22 20:19:36',1,31.75,1.75,5,25,0,'wc-processing',6,'2026-02-22 15:19:48',NULL);

--
-- Table structure for table `wp_wc_order_tax_lookup`
--

CREATE TABLE `wp_wc_order_tax_lookup` (
  `order_id` bigint(20) unsigned NOT NULL,
  `tax_rate_id` bigint(20) unsigned NOT NULL,
  `date_created` datetime NOT NULL DEFAULT '0000-00-00 00:00:00',
  `shipping_tax` double NOT NULL DEFAULT 0,
  `order_tax` double NOT NULL DEFAULT 0,
  `total_tax` double NOT NULL DEFAULT 0,
  PRIMARY KEY (`order_id`,`tax_rate_id`),
  KEY `tax_rate_id` (`tax_rate_id`),
  KEY `date_created` (`date_created`)
) ENGINE=MyISAM DEFAULT CHARSET=utf8mb4 COLLATE=utf8mb4_unicode_ci;

--
-- Dumping data for table `wp_wc_order_tax_lookup`
--

INSERT INTO `wp_wc_order_tax_lookup` VALUES (2464,1,'2021-11-08 16:36:13',0,1.75,1.75),(2465,1,'2021-11-08 16:36:54',0,7,7),(2480,1,'2021-11-09 09:41:00',0,1.75,1.75),(3778,1,'2021-11-18 15:10:03',0,1.75,1.75),(3889,1,'2021-11-19 13:47:35',0,1.75,1.75),(4885,1,'2021-12-03 20:03:30',0,1.75,1.75),(5511,1,'2026-02-22 15:19:36',0,1.75,1.75);

--
-- Table structure for table `wp_wc_orders`
--

CREATE TABLE `wp_wc_orders` (
  `id` bigint(20) unsigned NOT NULL,
  `status` varchar(20) DEFAULT NULL,
  `currency` varchar(10) DEFAULT NULL,
  `type` varchar(20) DEFAULT NULL,
  `tax_amount` decimal(26,8) DEFAULT NULL,
  `total_amount` decimal(26,8) DEFAULT NULL,
  `customer_id` bigint(20) unsigned DEFAULT NULL,
  `billing_email` varchar(320) DEFAULT NULL,
  `date_created_gmt` datetime DEFAULT NULL,
  `date_updated_gmt` datetime DEFAULT NULL,
  `parent_order_id` bigint(20) unsigned DEFAULT NULL,
  `payment_method` varchar(100) DEFAULT NULL,
  `payment_method_title` text DEFAULT NULL,
  `transaction_id` varchar(100) DEFAULT NULL,
  `ip_address` varchar(100) DEFAULT NULL,
  `user_agent` text DEFAULT NULL,
  `customer_note` text DEFAULT NULL,
  PRIMARY KEY (`id`),
  KEY `status` (`status`),
  KEY `date_created` (`date_created_gmt`),
  KEY `customer_id_billing_email` (`customer_id`,`billing_email`(171)),
  KEY `billing_email` (`billing_email`(191)),
  KEY `type_status_date` (`type`,`status`,`date_created_gmt`),
  KEY `parent_order_id` (`parent_order_id`),
  KEY `date_updated` (`date_updated_gmt`)
) ENGINE=MyISAM DEFAULT CHARSET=utf8mb4 COLLATE=utf8mb4_unicode_520_ci;

--
-- Dumping data for table `wp_wc_orders`
--


--
-- Table structure for table `wp_wc_orders_meta`
--

CREATE TABLE `wp_wc_orders_meta` (
  `id` bigint(20) unsigned NOT NULL AUTO_INCREMENT,
  `order_id` bigint(20) unsigned DEFAULT NULL,
  `meta_key` varchar(255) DEFAULT NULL,
  `meta_value` text DEFAULT NULL,
  PRIMARY KEY (`id`),
  KEY `meta_key_value` (`meta_key`(100),`meta_value`(82)),
  KEY `order_id_meta_key_meta_value` (`order_id`,`meta_key`(100),`meta_value`(82))
) ENGINE=MyISAM DEFAULT CHARSET=utf8mb4 COLLATE=utf8mb4_unicode_520_ci;

--
-- Dumping data for table `wp_wc_orders_meta`
--


--
-- Table structure for table `wp_wc_product_attributes_lookup`
--

CREATE TABLE `wp_wc_product_attributes_lookup` (
  `product_id` bigint(20) NOT NULL,
  `product_or_parent_id` bigint(20) NOT NULL,
  `taxonomy` varchar(32) NOT NULL,
  `term_id` bigint(20) NOT NULL,
  `is_variation_attribute` tinyint(1) NOT NULL,
  `in_stock` tinyint(1) NOT NULL,
  PRIMARY KEY (`product_or_parent_id`,`term_id`,`product_id`,`taxonomy`),
  KEY `is_variation_attribute_term_id` (`is_variation_attribute`,`term_id`)
) ENGINE=MyISAM DEFAULT CHARSET=utf8mb4 COLLATE=utf8mb4_unicode_520_ci;

--
-- Dumping data for table `wp_wc_product_attributes_lookup`
--


--
-- Table structure for table `wp_wc_product_download_directories`
--

CREATE TABLE `wp_wc_product_download_directories` (
  `url_id` bigint(20) unsigned NOT NULL AUTO_INCREMENT,
  `url` varchar(256) NOT NULL,
  `enabled` tinyint(1) NOT NULL DEFAULT 0,
  PRIMARY KEY (`url_id`),
  KEY `url` (`url`(191))
) ENGINE=MyISAM AUTO_INCREMENT=3 DEFAULT CHARSET=utf8mb4 COLLATE=utf8mb4_unicode_ci;

--
-- Dumping data for table `wp_wc_product_download_directories`
--

INSERT INTO `wp_wc_product_download_directories` VALUES (1,'file:///home/patriciaferguson/public_html/_web/praythepath.com/wp-content/uploads/woocommerce_uploads/',1),(2,'https://www.praythepath.com/wp-content/uploads/woocommerce_uploads/',1);

--
-- Table structure for table `wp_wc_product_meta_lookup`
--

CREATE TABLE `wp_wc_product_meta_lookup` (
  `product_id` bigint(20) NOT NULL,
  `sku` varchar(100) DEFAULT '',
  `virtual` tinyint(1) DEFAULT 0,
  `downloadable` tinyint(1) DEFAULT 0,
  `min_price` decimal(19,4) DEFAULT NULL,
  `max_price` decimal(19,4) DEFAULT NULL,
  `onsale` tinyint(1) DEFAULT 0,
  `stock_quantity` double DEFAULT NULL,
  `stock_status` varchar(100) DEFAULT 'instock',
  `rating_count` bigint(20) DEFAULT 0,
  `average_rating` decimal(3,2) DEFAULT 0.00,
  `total_sales` bigint(20) DEFAULT 0,
  `tax_status` varchar(100) DEFAULT 'taxable',
  `tax_class` varchar(100) DEFAULT '',
  `global_unique_id` varchar(100) DEFAULT '',
  PRIMARY KEY (`product_id`),
  KEY `virtual` (`virtual`),
  KEY `downloadable` (`downloadable`),
  KEY `stock_status` (`stock_status`),
  KEY `stock_quantity` (`stock_quantity`),
  KEY `onsale` (`onsale`),
  KEY `min_max_price` (`min_price`,`max_price`),
  KEY `sku` (`sku`(50))
) ENGINE=MyISAM DEFAULT CHARSET=utf8mb4 COLLATE=utf8mb4_unicode_ci;

--
-- Dumping data for table `wp_wc_product_meta_lookup`
--

INSERT INTO `wp_wc_product_meta_lookup` VALUES (2329,'',0,0,25.0000,25.0000,0,89,'instock',0,0.00,22,'taxable','','');

--
-- Table structure for table `wp_wc_rate_limits`
--

CREATE TABLE `wp_wc_rate_limits` (
  `rate_limit_id` bigint(20) unsigned NOT NULL AUTO_INCREMENT,
  `rate_limit_key` varchar(200) NOT NULL,
  `rate_limit_expiry` bigint(20) unsigned NOT NULL,
  `rate_limit_remaining` smallint(10) NOT NULL DEFAULT 0,
  PRIMARY KEY (`rate_limit_id`),
  UNIQUE KEY `rate_limit_key` (`rate_limit_key`(191))
) ENGINE=MyISAM DEFAULT CHARSET=utf8mb4 COLLATE=utf8mb4_unicode_ci;

--
-- Dumping data for table `wp_wc_rate_limits`
--


--
-- Table structure for table `wp_wc_reserved_stock`
--

CREATE TABLE `wp_wc_reserved_stock` (
  `order_id` bigint(20) NOT NULL,
  `product_id` bigint(20) NOT NULL,
  `stock_quantity` double NOT NULL DEFAULT 0,
  `timestamp` datetime NOT NULL DEFAULT '0000-00-00 00:00:00',
  `expires` datetime NOT NULL DEFAULT '0000-00-00 00:00:00',
  PRIMARY KEY (`order_id`,`product_id`)
) ENGINE=MyISAM DEFAULT CHARSET=utf8mb4 COLLATE=utf8mb4_unicode_ci;

--
-- Dumping data for table `wp_wc_reserved_stock`
--

INSERT INTO `wp_wc_reserved_stock` VALUES (2449,2329,3,'2021-11-08 10:30:22','2021-11-15 10:30:22'),(2480,2329,1,'2021-11-09 09:41:00','2021-11-16 09:41:00');

--
-- Table structure for table `wp_wc_tax_rate_classes`
--

CREATE TABLE `wp_wc_tax_rate_classes` (
  `tax_rate_class_id` bigint(20) unsigned NOT NULL AUTO_INCREMENT,
  `name` varchar(200) NOT NULL DEFAULT '',
  `slug` varchar(200) NOT NULL DEFAULT '',
  PRIMARY KEY (`tax_rate_class_id`),
  UNIQUE KEY `slug` (`slug`(191))
) ENGINE=MyISAM AUTO_INCREMENT=3 DEFAULT CHARSET=utf8mb4 COLLATE=utf8mb4_unicode_ci;

--
-- Dumping data for table `wp_wc_tax_rate_classes`
--

INSERT INTO `wp_wc_tax_rate_classes` VALUES (1,'Reduced rate','reduced-rate'),(2,'Zero rate','zero-rate');

--
-- Table structure for table `wp_wc_webhooks`
--

CREATE TABLE `wp_wc_webhooks` (
  `webhook_id` bigint(20) unsigned NOT NULL AUTO_INCREMENT,
  `status` varchar(200) NOT NULL,
  `name` text NOT NULL,
  `user_id` bigint(20) unsigned NOT NULL,
  `delivery_url` text NOT NULL,
  `secret` text NOT NULL,
  `topic` varchar(200) NOT NULL,
  `date_created` datetime NOT NULL DEFAULT '0000-00-00 00:00:00',
  `date_created_gmt` datetime NOT NULL DEFAULT '0000-00-00 00:00:00',
  `date_modified` datetime NOT NULL DEFAULT '0000-00-00 00:00:00',
  `date_modified_gmt` datetime NOT NULL DEFAULT '0000-00-00 00:00:00',
  `api_version` smallint(4) NOT NULL,
  `failure_count` smallint(10) NOT NULL DEFAULT 0,
  `pending_delivery` tinyint(1) NOT NULL DEFAULT 0,
  PRIMARY KEY (`webhook_id`),
  KEY `user_id` (`user_id`)
) ENGINE=MyISAM DEFAULT CHARSET=utf8mb4 COLLATE=utf8mb4_unicode_ci;

--
-- Dumping data for table `wp_wc_webhooks`
--


--
-- Table structure for table `wp_woocommerce_api_keys`
--

CREATE TABLE `wp_woocommerce_api_keys` (
  `key_id` bigint(20) unsigned NOT NULL AUTO_INCREMENT,
  `user_id` bigint(20) unsigned NOT NULL,
  `description` varchar(200) DEFAULT NULL,
  `permissions` varchar(10) NOT NULL,
  `consumer_key` char(64) NOT NULL,
  `consumer_secret` char(43) NOT NULL,
  `nonces` longtext DEFAULT NULL,
  `truncated_key` char(7) NOT NULL,
  `last_access` datetime DEFAULT NULL,
  PRIMARY KEY (`key_id`),
  KEY `consumer_key` (`consumer_key`),
  KEY `consumer_secret` (`consumer_secret`)
) ENGINE=MyISAM DEFAULT CHARSET=utf8mb4 COLLATE=utf8mb4_unicode_ci;

--
-- Dumping data for table `wp_woocommerce_api_keys`
--


--
-- Table structure for table `wp_woocommerce_attribute_taxonomies`
--

CREATE TABLE `wp_woocommerce_attribute_taxonomies` (
  `attribute_id` bigint(20) unsigned NOT NULL AUTO_INCREMENT,
  `attribute_name` varchar(200) NOT NULL,
  `attribute_label` varchar(200) DEFAULT NULL,
  `attribute_type` varchar(20) NOT NULL,
  `attribute_orderby` varchar(20) NOT NULL,
  `attribute_public` int(1) NOT NULL DEFAULT 1,
  PRIMARY KEY (`attribute_id`),
  KEY `attribute_name` (`attribute_name`(20))
) ENGINE=MyISAM DEFAULT CHARSET=utf8mb4 COLLATE=utf8mb4_unicode_ci;

--
-- Dumping data for table `wp_woocommerce_attribute_taxonomies`
--


--
-- Table structure for table `wp_woocommerce_downloadable_product_permissions`
--

CREATE TABLE `wp_woocommerce_downloadable_product_permissions` (
  `permission_id` bigint(20) unsigned NOT NULL AUTO_INCREMENT,
  `download_id` varchar(36) NOT NULL,
  `product_id` bigint(20) unsigned NOT NULL,
  `order_id` bigint(20) unsigned NOT NULL DEFAULT 0,
  `order_key` varchar(200) NOT NULL,
  `user_email` varchar(200) NOT NULL,
  `user_id` bigint(20) unsigned DEFAULT NULL,
  `downloads_remaining` varchar(9) DEFAULT NULL,
  `access_granted` datetime NOT NULL DEFAULT '0000-00-00 00:00:00',
  `access_expires` datetime DEFAULT NULL,
  `download_count` bigint(20) unsigned NOT NULL DEFAULT 0,
  PRIMARY KEY (`permission_id`),
  KEY `download_order_key_product` (`product_id`,`order_id`,`order_key`(16),`download_id`),
  KEY `download_order_product` (`download_id`,`order_id`,`product_id`),
  KEY `order_id` (`order_id`),
  KEY `user_order_remaining_expires` (`user_id`,`order_id`,`downloads_remaining`,`access_expires`)
) ENGINE=MyISAM DEFAULT CHARSET=utf8mb4 COLLATE=utf8mb4_unicode_ci;

--
-- Dumping data for table `wp_woocommerce_downloadable_product_permissions`
--


--
-- Table structure for table `wp_woocommerce_log`
--

CREATE TABLE `wp_woocommerce_log` (
  `log_id` bigint(20) unsigned NOT NULL AUTO_INCREMENT,
  `timestamp` datetime NOT NULL,
  `level` smallint(4) NOT NULL,
  `source` varchar(200) NOT NULL,
  `message` longtext NOT NULL,
  `context` longtext DEFAULT NULL,
  PRIMARY KEY (`log_id`),
  KEY `level` (`level`)
) ENGINE=MyISAM DEFAULT CHARSET=utf8mb4 COLLATE=utf8mb4_unicode_ci;

--
-- Dumping data for table `wp_woocommerce_log`
--


--
-- Table structure for table `wp_woocommerce_order_itemmeta`
--

CREATE TABLE `wp_woocommerce_order_itemmeta` (
  `meta_id` bigint(20) unsigned NOT NULL AUTO_INCREMENT,
  `order_item_id` bigint(20) unsigned NOT NULL,
  `meta_key` varchar(255) DEFAULT NULL,
  `meta_value` longtext DEFAULT NULL,
  PRIMARY KEY (`meta_id`),
  KEY `order_item_id` (`order_item_id`),
  KEY `meta_key` (`meta_key`(32))
) ENGINE=MyISAM AUTO_INCREMENT=296 DEFAULT CHARSET=utf8mb4 COLLATE=utf8mb4_unicode_ci;

--
-- Dumping data for table `wp_woocommerce_order_itemmeta`
--

INSERT INTO `wp_woocommerce_order_itemmeta` VALUES (1,1,'_product_id','2329'),(2,1,'_variation_id','0'),(3,1,'_qty','3'),(4,1,'_tax_class',''),(5,1,'_line_subtotal','75'),(6,1,'_line_subtotal_tax','0'),(7,1,'_line_total','75'),(8,1,'_line_tax','0'),(9,1,'_line_tax_data','a:2:{s:5:\"total\";a:0:{}s:8:\"subtotal\";a:0:{}}'),(10,2,'method_id','flat_rate'),(11,2,'instance_id','1'),(12,2,'cost','10'),(13,2,'total_tax','0'),(14,2,'taxes','a:1:{s:5:\"total\";a:0:{}}'),(15,2,'Items','Praying Hands in Heart Pin &times; 3'),(16,3,'_product_id','2329'),(17,3,'_variation_id','0'),(18,3,'_qty','4'),(19,3,'_tax_class',''),(20,3,'_line_subtotal','100'),(21,3,'_line_subtotal_tax','0'),(22,3,'_line_total','100'),(23,3,'_line_tax','0'),(24,3,'_line_tax_data','a:2:{s:5:\"total\";a:0:{}s:8:\"subtotal\";a:0:{}}'),(25,4,'method_id','flat_rate'),(26,4,'instance_id','1'),(27,4,'cost','5'),(28,4,'total_tax','0'),(29,4,'taxes','a:1:{s:5:\"total\";a:0:{}}'),(30,4,'Items','Praying Hands in Heart Pin &times; 4'),(31,3,'_reduced_stock','4'),(32,5,'_product_id','2329'),(33,5,'_variation_id','0'),(34,5,'_qty','1'),(35,5,'_tax_class',''),(36,5,'_line_subtotal','25'),(37,5,'_line_subtotal_tax','0'),(38,5,'_line_total','25'),(39,5,'_line_tax','0'),(40,5,'_line_tax_data','a:2:{s:5:\"total\";a:0:{}s:8:\"subtotal\";a:0:{}}'),(41,6,'method_id','flat_rate'),(42,6,'instance_id','1'),(43,6,'cost','5'),(44,6,'total_tax','0'),(45,6,'taxes','a:1:{s:5:\"total\";a:0:{}}'),(46,6,'Items','Praying Hands in Heart Pin &times; 1'),(47,5,'_reduced_stock','1'),(48,7,'_product_id','2329'),(49,7,'_variation_id','0'),(50,7,'_qty','1'),(51,7,'_tax_class',''),(52,7,'_line_subtotal','25'),(53,7,'_line_subtotal_tax','0'),(54,7,'_line_total','25'),(55,7,'_line_tax','0'),(56,7,'_line_tax_data','a:2:{s:5:\"total\";a:0:{}s:8:\"subtotal\";a:0:{}}'),(57,8,'method_id','flat_rate'),(58,8,'instance_id','1'),(59,8,'cost','5'),(60,8,'total_tax','0'),(61,8,'taxes','a:1:{s:5:\"total\";a:0:{}}'),(62,8,'Items','Praying Hands in Heart Pin &times; 1'),(63,7,'_reduced_stock','1'),(64,9,'_product_id','2329'),(65,9,'_variation_id','0'),(66,9,'_qty','1'),(67,9,'_tax_class',''),(68,9,'_line_subtotal','25'),(69,9,'_line_subtotal_tax','0'),(70,9,'_line_total','25'),(71,9,'_line_tax','0'),(72,9,'_line_tax_data','a:2:{s:5:\"total\";a:0:{}s:8:\"subtotal\";a:0:{}}'),(73,10,'method_id','flat_rate'),(74,10,'instance_id','1'),(75,10,'cost','5'),(76,10,'total_tax','0'),(77,10,'taxes','a:1:{s:5:\"total\";a:0:{}}'),(78,10,'Items','Praying Hands in Heart Pin &times; 1'),(79,9,'_reduced_stock','1'),(80,11,'_product_id','2329'),(81,11,'_variation_id','0'),(82,11,'_qty','2'),(83,11,'_tax_class',''),(84,11,'_line_subtotal','50'),(85,11,'_line_subtotal_tax','0'),(86,11,'_line_total','50'),(87,11,'_line_tax','0'),(88,11,'_line_tax_data','a:2:{s:5:\"total\";a:0:{}s:8:\"subtotal\";a:0:{}}'),(89,12,'method_id','flat_rate'),(90,12,'instance_id','1'),(91,12,'cost','5'),(92,12,'total_tax','0'),(93,12,'taxes','a:1:{s:5:\"total\";a:0:{}}'),(94,12,'Items','Praying Hands in Heart Pin &times; 2'),(95,11,'_reduced_stock','2'),(96,13,'_product_id','2329'),(97,13,'_variation_id','0'),(98,13,'_qty','1'),(99,13,'_tax_class',''),(100,13,'_line_subtotal','25'),(101,13,'_line_subtotal_tax','0'),(102,13,'_line_total','25'),(103,13,'_line_tax','0'),(104,13,'_line_tax_data','a:2:{s:5:\"total\";a:0:{}s:8:\"subtotal\";a:0:{}}'),(105,14,'method_id','flat_rate'),(106,14,'instance_id','1'),(107,14,'cost','5'),(108,14,'total_tax','0'),(109,14,'taxes','a:1:{s:5:\"total\";a:0:{}}'),(110,14,'Items','Praying Hands in Heart Pin &times; 1'),(111,13,'_reduced_stock','1'),(112,15,'_product_id','2329'),(113,15,'_variation_id','0'),(114,15,'_qty','1'),(115,15,'_tax_class',''),(116,15,'_line_subtotal','25'),(117,15,'_line_subtotal_tax','0'),(118,15,'_line_total','25'),(119,15,'_line_tax','0'),(120,15,'_line_tax_data','a:2:{s:5:\"total\";a:0:{}s:8:\"subtotal\";a:0:{}}'),(121,16,'method_id','flat_rate'),(122,16,'instance_id','1'),(123,16,'cost','5'),(124,16,'total_tax','0'),(125,16,'taxes','a:1:{s:5:\"total\";a:0:{}}'),(126,16,'Items','Praying Hands in Heart Pin &times; 1'),(127,15,'_reduced_stock','1'),(128,17,'_product_id','2329'),(129,17,'_variation_id','0'),(130,17,'_qty','3'),(131,17,'_tax_class',''),(132,17,'_line_subtotal','75'),(133,17,'_line_subtotal_tax','0'),(134,17,'_line_total','75'),(135,17,'_line_tax','0'),(136,17,'_line_tax_data','a:2:{s:5:\"total\";a:0:{}s:8:\"subtotal\";a:0:{}}'),(137,18,'method_id','flat_rate'),(138,18,'instance_id','1'),(139,18,'cost','5'),(140,18,'total_tax','0'),(141,18,'taxes','a:1:{s:5:\"total\";a:0:{}}'),(142,18,'Items','Praying Hands in Heart Pin &times; 3'),(143,17,'_reduced_stock','3'),(144,19,'_product_id','2329'),(145,19,'_variation_id','0'),(146,19,'_qty','1'),(147,19,'_tax_class',''),(148,19,'_line_subtotal','25'),(149,19,'_line_subtotal_tax','1.75'),(150,19,'_line_total','25'),(151,19,'_line_tax','1.75'),(152,19,'_line_tax_data','a:2:{s:5:\"total\";a:1:{i:1;s:4:\"1.75\";}s:8:\"subtotal\";a:1:{i:1;s:4:\"1.75\";}}'),(153,20,'method_id','flat_rate'),(154,20,'instance_id','1'),(155,20,'cost','5'),(156,20,'total_tax','0'),(157,20,'taxes','a:1:{s:5:\"total\";a:0:{}}'),(158,20,'Items','Praying Hands in Heart Pin &times; 1'),(159,21,'rate_id','1'),(160,21,'label','Tax'),(161,21,'compound',''),(162,21,'tax_amount','1.75'),(163,21,'shipping_tax_amount','0'),(164,21,'rate_percent','7'),(165,19,'_reduced_stock','1'),(166,22,'_product_id','2329'),(167,22,'_variation_id','0'),(168,22,'_qty','4'),(169,22,'_tax_class',''),(170,22,'_line_subtotal','100'),(171,22,'_line_subtotal_tax','7'),(172,22,'_line_total','100'),(173,22,'_line_tax','7'),(174,22,'_line_tax_data','a:2:{s:5:\"total\";a:1:{i:1;s:1:\"7\";}s:8:\"subtotal\";a:1:{i:1;s:1:\"7\";}}'),(175,23,'method_id','flat_rate'),(176,23,'instance_id','1'),(177,23,'cost','5'),(178,23,'total_tax','0'),(179,23,'taxes','a:1:{s:5:\"total\";a:0:{}}'),(180,23,'Items','Praying Hands in Heart Pin &times; 4'),(181,24,'rate_id','1'),(182,24,'label','Tax'),(183,24,'compound',''),(184,24,'tax_amount','7'),(185,24,'shipping_tax_amount','0'),(186,24,'rate_percent','7'),(187,22,'_reduced_stock','4'),(188,25,'_product_id','2329'),(189,25,'_variation_id','0'),(190,25,'_qty','1'),(191,25,'_tax_class',''),(192,25,'_line_subtotal','25'),(193,25,'_line_subtotal_tax','1.75'),(194,25,'_line_total','25'),(195,25,'_line_tax','1.75'),(196,25,'_line_tax_data','a:2:{s:5:\"total\";a:1:{i:1;s:4:\"1.75\";}s:8:\"subtotal\";a:1:{i:1;s:4:\"1.75\";}}'),(197,26,'method_id','flat_rate'),(198,26,'instance_id','1'),(199,26,'cost','5'),(200,26,'total_tax','0'),(201,26,'taxes','a:1:{s:5:\"total\";a:0:{}}'),(202,26,'Items','Praying Hands in Heart Pin &times; 1'),(203,27,'rate_id','1'),(204,27,'label','Tax'),(205,27,'compound',''),(206,27,'tax_amount','1.75'),(207,27,'shipping_tax_amount','0'),(208,27,'rate_percent','7'),(209,28,'_product_id','2329'),(210,28,'_variation_id','0'),(211,28,'_qty','1'),(212,28,'_tax_class',''),(213,28,'_line_subtotal','25'),(214,28,'_line_subtotal_tax','1.75'),(215,28,'_line_total','25'),(216,28,'_line_tax','1.75'),(217,28,'_line_tax_data','a:2:{s:5:\"total\";a:1:{i:1;s:4:\"1.75\";}s:8:\"subtotal\";a:1:{i:1;s:4:\"1.75\";}}'),(218,29,'method_id','flat_rate'),(219,29,'instance_id','1'),(220,29,'cost','5.00'),(221,29,'total_tax','0'),(222,29,'taxes','a:1:{s:5:\"total\";a:0:{}}'),(223,29,'Items','Official Cloisonne Collectible Praying Hands \'n Heart Lapel Pin &times; 1'),(224,30,'rate_id','1'),(225,30,'label','Tax'),(226,30,'compound',''),(227,30,'tax_amount','1.75'),(228,30,'shipping_tax_amount','0'),(229,30,'rate_percent','7'),(230,31,'_product_id','2329'),(231,31,'_variation_id','0'),(232,31,'_qty','1'),(233,31,'_tax_class',''),(234,31,'_line_subtotal','25'),(235,31,'_line_subtotal_tax','1.75'),(236,31,'_line_total','25'),(237,31,'_line_tax','1.75'),(238,31,'_line_tax_data','a:2:{s:5:\"total\";a:1:{i:1;s:4:\"1.75\";}s:8:\"subtotal\";a:1:{i:1;s:4:\"1.75\";}}'),(239,32,'method_id','flat_rate'),(240,32,'instance_id','1'),(241,32,'cost','5.00'),(242,32,'total_tax','0'),(243,32,'taxes','a:1:{s:5:\"total\";a:0:{}}'),(244,32,'Items','Official Cloisonne Collectible Praying Hands \'n Heart Lapel Pin &times; 1'),(245,33,'rate_id','1'),(246,33,'label','Tax'),(247,33,'compound',''),(248,33,'tax_amount','1.75'),(249,33,'shipping_tax_amount','0'),(250,33,'rate_percent','7'),(251,31,'_reduced_stock','1'),(252,34,'_product_id','2329'),(253,34,'_variation_id','0'),(254,34,'_qty','1'),(255,34,'_tax_class',''),(256,34,'_line_subtotal','25'),(257,34,'_line_subtotal_tax','1.75'),(258,34,'_line_total','25'),(259,34,'_line_tax','1.75'),(260,34,'_line_tax_data','a:2:{s:5:\"total\";a:1:{i:1;s:4:\"1.75\";}s:8:\"subtotal\";a:1:{i:1;s:4:\"1.75\";}}'),(261,35,'method_id','flat_rate'),(262,35,'instance_id','1'),(263,35,'cost','5.00'),(264,35,'total_tax','0'),(265,35,'taxes','a:1:{s:5:\"total\";a:0:{}}'),(266,35,'Items','Official Cloisonne Collectible Praying Hands \'n Heart Lapel Pin &times; 1'),(267,36,'rate_id','1'),(268,36,'label','Tax'),(269,36,'compound',''),(270,36,'tax_amount','1.75'),(271,36,'shipping_tax_amount','0'),(272,36,'rate_percent','7'),(273,34,'_reduced_stock','1'),(274,37,'_product_id','2329'),(275,37,'_variation_id','0'),(276,37,'_qty','1'),(277,37,'_tax_class',''),(278,37,'_line_subtotal','25'),(279,37,'_line_subtotal_tax','1.75'),(280,37,'_line_total','25'),(281,37,'_line_tax','1.75'),(282,37,'_line_tax_data','a:2:{s:5:\"total\";a:1:{i:1;s:4:\"1.75\";}s:8:\"subtotal\";a:1:{i:1;s:4:\"1.75\";}}'),(283,38,'method_id','flat_rate'),(284,38,'instance_id','1'),(285,38,'cost','5.00'),(286,38,'total_tax','0'),(287,38,'taxes','a:1:{s:5:\"total\";a:0:{}}'),(288,38,'Items','Official Cloisonne Collectible Hope Lapel Pin &times; 1'),(289,39,'rate_id','1'),(290,39,'label','Tax'),(291,39,'compound',''),(292,39,'tax_amount','1.75'),(293,39,'shipping_tax_amount','0'),(294,39,'rate_percent','7'),(295,37,'_reduced_stock','1');

--
-- Table structure for table `wp_woocommerce_order_items`
--

CREATE TABLE `wp_woocommerce_order_items` (
  `order_item_id` bigint(20) unsigned NOT NULL AUTO_INCREMENT,
  `order_item_name` text NOT NULL,
  `order_item_type` varchar(200) NOT NULL DEFAULT '',
  `order_id` bigint(20) unsigned NOT NULL,
  PRIMARY KEY (`order_item_id`),
  KEY `order_id` (`order_id`)
) ENGINE=MyISAM AUTO_INCREMENT=40 DEFAULT CHARSET=utf8mb4 COLLATE=utf8mb4_unicode_ci;

--
-- Dumping data for table `wp_woocommerce_order_items`
--

INSERT INTO `wp_woocommerce_order_items` VALUES (1,'Praying Hands in Heart Pin','line_item',2449),(2,'Flat rate','shipping',2449),(3,'Praying Hands in Heart Pin','line_item',2450),(4,'Flat rate','shipping',2450),(5,'Praying Hands in Heart Pin','line_item',2451),(6,'Flat rate','shipping',2451),(7,'Praying Hands in Heart Pin','line_item',2452),(8,'Flat rate','shipping',2452),(9,'Praying Hands in Heart Pin','line_item',2453),(10,'Flat rate','shipping',2453),(11,'Praying Hands in Heart Pin','line_item',2455),(12,'Flat rate','shipping',2455),(13,'Praying Hands in Heart Pin','line_item',2456),(14,'Flat rate','shipping',2456),(15,'Praying Hands in Heart Pin','line_item',2459),(16,'Flat rate','shipping',2459),(17,'Praying Hands in Heart Pin','line_item',2460),(18,'Flat rate','shipping',2460),(19,'Praying Hands in Heart Pin','line_item',2464),(20,'Flat rate','shipping',2464),(21,'US-NC-TAX-1','tax',2464),(22,'Praying Hands in Heart Pin','line_item',2465),(23,'Flat rate','shipping',2465),(24,'US-NC-TAX-1','tax',2465),(25,'Praying Hands in Heart Pin','line_item',2480),(26,'Flat rate','shipping',2480),(27,'US-NC-TAX-1','tax',2480),(28,'Official Cloisonne Collectible Praying Hands \'n Heart Lapel Pin','line_item',3778),(29,'Flat rate','shipping',3778),(30,'US-NC-TAX-1','tax',3778),(31,'Official Cloisonne Collectible Praying Hands \'n Heart Lapel Pin','line_item',3889),(32,'Flat rate','shipping',3889),(33,'US-NC-TAX-1','tax',3889),(34,'Official Cloisonne Collectible Praying Hands \'n Heart Lapel Pin','line_item',4885),(35,'Flat rate','shipping',4885),(36,'US-NC-TAX-1','tax',4885),(37,'Official Cloisonne Collectible Hope Lapel Pin','line_item',5511),(38,'Flat rate','shipping',5511),(39,'US-NC-TAX-1','tax',5511);

--
-- Table structure for table `wp_woocommerce_payment_tokenmeta`
--

CREATE TABLE `wp_woocommerce_payment_tokenmeta` (
  `meta_id` bigint(20) unsigned NOT NULL AUTO_INCREMENT,
  `payment_token_id` bigint(20) unsigned NOT NULL,
  `meta_key` varchar(255) DEFAULT NULL,
  `meta_value` longtext DEFAULT NULL,
  PRIMARY KEY (`meta_id`),
  KEY `payment_token_id` (`payment_token_id`),
  KEY `meta_key` (`meta_key`(32))
) ENGINE=MyISAM DEFAULT CHARSET=utf8mb4 COLLATE=utf8mb4_unicode_ci;

--
-- Dumping data for table `wp_woocommerce_payment_tokenmeta`
--


--
-- Table structure for table `wp_woocommerce_payment_tokens`
--

CREATE TABLE `wp_woocommerce_payment_tokens` (
  `token_id` bigint(20) unsigned NOT NULL AUTO_INCREMENT,
  `gateway_id` varchar(200) NOT NULL,
  `token` text NOT NULL,
  `user_id` bigint(20) unsigned NOT NULL DEFAULT 0,
  `type` varchar(200) NOT NULL,
  `is_default` tinyint(1) NOT NULL DEFAULT 0,
  PRIMARY KEY (`token_id`),
  KEY `user_id` (`user_id`)
) ENGINE=MyISAM DEFAULT CHARSET=utf8mb4 COLLATE=utf8mb4_unicode_ci;

--
-- Dumping data for table `wp_woocommerce_payment_tokens`
--


--
-- Table structure for table `wp_woocommerce_sessions`
--

CREATE TABLE `wp_woocommerce_sessions` (
  `session_id` bigint(20) unsigned NOT NULL AUTO_INCREMENT,
  `session_key` char(32) NOT NULL,
  `session_value` longtext NOT NULL,
  `session_expiry` bigint(20) unsigned NOT NULL,
  PRIMARY KEY (`session_id`),
  UNIQUE KEY `session_key` (`session_key`),
  KEY `session_expiry` (`session_expiry`)
) ENGINE=MyISAM AUTO_INCREMENT=2049 DEFAULT CHARSET=utf8mb4 COLLATE=utf8mb4_unicode_ci;

--
-- Dumping data for table `wp_woocommerce_sessions`
--

INSERT INTO `wp_woocommerce_sessions` VALUES (2048,'t_e85277c7c20694d10a256e037d8562','a:8:{s:22:\"shipping_for_package_0\";s:497:\"a:2:{s:12:\"package_hash\";s:40:\"wc_ship_0093a8b1c8d74a3e7efafc303e7c62e5\";s:5:\"rates\";a:1:{s:11:\"flat_rate:1\";O:16:\"WC_Shipping_Rate\":2:{s:7:\"\0*\0data\";a:9:{s:2:\"id\";s:11:\"flat_rate:1\";s:9:\"method_id\";s:9:\"flat_rate\";s:11:\"instance_id\";i:1;s:5:\"label\";s:9:\"Flat rate\";s:4:\"cost\";s:4:\"5.00\";s:5:\"taxes\";a:0:{}s:10:\"tax_status\";s:7:\"taxable\";s:11:\"description\";s:0:\"\";s:13:\"delivery_time\";s:0:\"\";}s:12:\"\0*\0meta_data\";a:1:{s:5:\"Items\";s:55:\"Official Cloisonne Collectible Hope Lapel Pin &times; 1\";}}}}\";s:25:\"previous_shipping_methods\";s:39:\"a:1:{i:0;a:1:{i:0;s:11:\"flat_rate:1\";}}\";s:23:\"chosen_shipping_methods\";s:29:\"a:1:{i:0;s:11:\"flat_rate:1\";}\";s:22:\"shipping_method_counts\";s:14:\"a:1:{i:0;i:1;}\";s:9:\"ppcp_fees\";s:6:\"a:0:{}\";s:11:\"cart_totals\";s:413:\"a:15:{s:8:\"subtotal\";s:2:\"25\";s:12:\"subtotal_tax\";d:1.75;s:14:\"shipping_total\";s:1:\"5\";s:12:\"shipping_tax\";d:0;s:14:\"shipping_taxes\";a:0:{}s:14:\"discount_total\";d:0;s:12:\"discount_tax\";d:0;s:19:\"cart_contents_total\";s:2:\"25\";s:17:\"cart_contents_tax\";d:1.75;s:19:\"cart_contents_taxes\";a:1:{i:1;d:1.75;}s:9:\"fee_total\";s:1:\"0\";s:7:\"fee_tax\";d:0;s:9:\"fee_taxes\";a:0:{}s:5:\"total\";s:5:\"31.75\";s:9:\"total_tax\";d:1.75;}\";s:4:\"cart\";s:440:\"a:1:{s:32:\"be53d253d6bc3258a8160556dda3e9b2\";a:11:{s:3:\"key\";s:32:\"be53d253d6bc3258a8160556dda3e9b2\";s:10:\"product_id\";i:2329;s:12:\"variation_id\";i:0;s:9:\"variation\";a:0:{}s:8:\"quantity\";i:1;s:9:\"data_hash\";s:32:\"b5c1d5ca8bae6d4896cf1807cdf763f0\";s:13:\"line_tax_data\";a:2:{s:8:\"subtotal\";a:1:{i:1;d:1.75;}s:5:\"total\";a:1:{i:1;d:1.75;}}s:13:\"line_subtotal\";d:25;s:17:\"line_subtotal_tax\";d:1.75;s:10:\"line_total\";d:25;s:8:\"line_tax\";d:1.75;}}\";s:24:\"wcservices_store_notices\";s:6:\"a:0:{}\";}',1788683159),(2047,'t_ccb419b963525db1e254d25b47978e','a:7:{s:22:\"shipping_for_package_0\";s:497:\"a:2:{s:12:\"package_hash\";s:40:\"wc_ship_6049aa9b7ebe34be9f0fee0fe167f302\";s:5:\"rates\";a:1:{s:11:\"flat_rate:1\";O:16:\"WC_Shipping_Rate\":2:{s:7:\"\0*\0data\";a:9:{s:2:\"id\";s:11:\"flat_rate:1\";s:9:\"method_id\";s:9:\"flat_rate\";s:11:\"instance_id\";i:1;s:5:\"label\";s:9:\"Flat rate\";s:4:\"cost\";s:4:\"5.00\";s:5:\"taxes\";a:0:{}s:10:\"tax_status\";s:7:\"taxable\";s:11:\"description\";s:0:\"\";s:13:\"delivery_time\";s:0:\"\";}s:12:\"\0*\0meta_data\";a:1:{s:5:\"Items\";s:55:\"Official Cloisonne Collectible Hope Lapel Pin &times; 2\";}}}}\";s:25:\"previous_shipping_methods\";s:39:\"a:1:{i:0;a:1:{i:0;s:11:\"flat_rate:1\";}}\";s:23:\"chosen_shipping_methods\";s:29:\"a:1:{i:0;s:11:\"flat_rate:1\";}\";s:22:\"shipping_method_counts\";s:14:\"a:1:{i:0;i:1;}\";s:9:\"ppcp_fees\";s:6:\"a:0:{}\";s:11:\"cart_totals\";s:409:\"a:15:{s:8:\"subtotal\";s:2:\"50\";s:12:\"subtotal_tax\";d:3.5;s:14:\"shipping_total\";s:1:\"5\";s:12:\"shipping_tax\";d:0;s:14:\"shipping_taxes\";a:0:{}s:14:\"discount_total\";d:0;s:12:\"discount_tax\";d:0;s:19:\"cart_contents_total\";s:2:\"50\";s:17:\"cart_contents_tax\";d:3.5;s:19:\"cart_contents_taxes\";a:1:{i:1;d:3.5;}s:9:\"fee_total\";s:1:\"0\";s:7:\"fee_tax\";d:0;s:9:\"fee_taxes\";a:0:{}s:5:\"total\";s:5:\"58.50\";s:9:\"total_tax\";d:3.5;}\";s:4:\"cart\";s:436:\"a:1:{s:32:\"be53d253d6bc3258a8160556dda3e9b2\";a:11:{s:3:\"key\";s:32:\"be53d253d6bc3258a8160556dda3e9b2\";s:10:\"product_id\";i:2329;s:12:\"variation_id\";i:0;s:9:\"variation\";a:0:{}s:8:\"quantity\";i:2;s:9:\"data_hash\";s:32:\"b5c1d5ca8bae6d4896cf1807cdf763f0\";s:13:\"line_tax_data\";a:2:{s:8:\"subtotal\";a:1:{i:1;d:3.5;}s:5:\"total\";a:1:{i:1;d:3.5;}}s:13:\"line_subtotal\";d:50;s:17:\"line_subtotal_tax\";d:3.5;s:10:\"line_total\";d:50;s:8:\"line_tax\";d:3.5;}}\";}',1788628378);

--
-- Table structure for table `wp_woocommerce_shipping_zone_locations`
--

CREATE TABLE `wp_woocommerce_shipping_zone_locations` (
  `location_id` bigint(20) unsigned NOT NULL AUTO_INCREMENT,
  `zone_id` bigint(20) unsigned NOT NULL,
  `location_code` varchar(200) NOT NULL,
  `location_type` varchar(40) NOT NULL,
  PRIMARY KEY (`location_id`),
  KEY `location_id` (`location_id`),
  KEY `location_type_code` (`location_type`(10),`location_code`(20)),
  KEY `zone_id` (`zone_id`)
) ENGINE=MyISAM AUTO_INCREMENT=2 DEFAULT CHARSET=utf8mb4 COLLATE=utf8mb4_unicode_ci;

--
-- Dumping data for table `wp_woocommerce_shipping_zone_locations`
--

INSERT INTO `wp_woocommerce_shipping_zone_locations` VALUES (1,1,'US','country');

--
-- Table structure for table `wp_woocommerce_shipping_zone_methods`
--

CREATE TABLE `wp_woocommerce_shipping_zone_methods` (
  `zone_id` bigint(20) unsigned NOT NULL,
  `instance_id` bigint(20) unsigned NOT NULL AUTO_INCREMENT,
  `method_id` varchar(200) NOT NULL,
  `method_order` bigint(20) unsigned NOT NULL,
  `is_enabled` tinyint(1) NOT NULL DEFAULT 1,
  PRIMARY KEY (`instance_id`)
) ENGINE=MyISAM AUTO_INCREMENT=3 DEFAULT CHARSET=utf8mb4 COLLATE=utf8mb4_unicode_ci;

--
-- Dumping data for table `wp_woocommerce_shipping_zone_methods`
--

INSERT INTO `wp_woocommerce_shipping_zone_methods` VALUES (1,1,'flat_rate',1,1),(1,2,'free_shipping',2,1);

--
-- Table structure for table `wp_woocommerce_shipping_zones`
--

CREATE TABLE `wp_woocommerce_shipping_zones` (
  `zone_id` bigint(20) unsigned NOT NULL AUTO_INCREMENT,
  `zone_name` varchar(200) NOT NULL,
  `zone_order` bigint(20) unsigned NOT NULL,
  PRIMARY KEY (`zone_id`)
) ENGINE=MyISAM AUTO_INCREMENT=2 DEFAULT CHARSET=utf8mb4 COLLATE=utf8mb4_unicode_ci;

--
-- Dumping data for table `wp_woocommerce_shipping_zones`
--

INSERT INTO `wp_woocommerce_shipping_zones` VALUES (1,'United States (US)',0);

--
-- Table structure for table `wp_woocommerce_tax_rate_locations`
--

CREATE TABLE `wp_woocommerce_tax_rate_locations` (
  `location_id` bigint(20) unsigned NOT NULL AUTO_INCREMENT,
  `location_code` varchar(200) NOT NULL,
  `tax_rate_id` bigint(20) unsigned NOT NULL,
  `location_type` varchar(40) NOT NULL,
  PRIMARY KEY (`location_id`),
  KEY `tax_rate_id` (`tax_rate_id`),
  KEY `location_type_code` (`location_type`(10),`location_code`(20))
) ENGINE=MyISAM DEFAULT CHARSET=utf8mb4 COLLATE=utf8mb4_unicode_ci;

--
-- Dumping data for table `wp_woocommerce_tax_rate_locations`
--


--
-- Table structure for table `wp_woocommerce_tax_rates`
--

CREATE TABLE `wp_woocommerce_tax_rates` (
  `tax_rate_id` bigint(20) unsigned NOT NULL AUTO_INCREMENT,
  `tax_rate_country` varchar(2) NOT NULL DEFAULT '',
  `tax_rate_state` varchar(200) NOT NULL DEFAULT '',
  `tax_rate` varchar(8) NOT NULL DEFAULT '',
  `tax_rate_name` varchar(200) NOT NULL DEFAULT '',
  `tax_rate_priority` bigint(20) unsigned NOT NULL,
  `tax_rate_compound` int(1) NOT NULL DEFAULT 0,
  `tax_rate_shipping` int(1) NOT NULL DEFAULT 1,
  `tax_rate_order` bigint(20) unsigned NOT NULL,
  `tax_rate_class` varchar(200) NOT NULL DEFAULT '',
  PRIMARY KEY (`tax_rate_id`),
  KEY `tax_rate_country` (`tax_rate_country`),
  KEY `tax_rate_state` (`tax_rate_state`(2)),
  KEY `tax_rate_class` (`tax_rate_class`(10)),
  KEY `tax_rate_priority` (`tax_rate_priority`)
) ENGINE=MyISAM AUTO_INCREMENT=2 DEFAULT CHARSET=utf8mb4 COLLATE=utf8mb4_unicode_ci;

--
-- Dumping data for table `wp_woocommerce_tax_rates`
--

INSERT INTO `wp_woocommerce_tax_rates` VALUES (1,'US','NC','7.0000','Tax',1,0,0,0,'');

--
-- Table structure for table `wp_wpforms_logs`
--

CREATE TABLE `wp_wpforms_logs` (
  `id` bigint(20) NOT NULL AUTO_INCREMENT,
  `title` varchar(255) NOT NULL,
  `message` longtext NOT NULL,
  `types` varchar(255) NOT NULL,
  `create_at` datetime NOT NULL,
  `form_id` bigint(20) DEFAULT NULL,
  `entry_id` bigint(20) DEFAULT NULL,
  `user_id` bigint(20) DEFAULT NULL,
  PRIMARY KEY (`id`)
) ENGINE=MyISAM AUTO_INCREMENT=14 DEFAULT CHARSET=utf8mb4 COLLATE=utf8mb4_unicode_520_ci;

--
-- Dumping data for table `wp_wpforms_logs`
--

INSERT INTO `wp_wpforms_logs` VALUES (1,'Antispam: Token is invalid','<pre>Array\n(\n    [message] =&gt; Antispam token is invalid. Please reload the page and try submitting the form again.\n    [referer] =&gt; \n    [form] =&gt; Book Patricia to Speak (ID: 2263)\n    [token] =&gt; \n    [user_ip] =&gt; 185.132.53.12\n    [entry_data] =&gt; Array\n        (\n            [post_id] =&gt; 2261\n            [recaptcha] =&gt; \n            [fields] =&gt; Array\n                (\n                    [0] =&gt; Array\n                        (\n                            [first] =&gt; wtlkgsulej\n                            [last] =&gt; xidrxyzelm\n                        )\n\n                    [3] =&gt; +1 213 425 1453\n                    [1] =&gt; redirect-182070056bff1e89f6be1e14e6fe0255@webmark.eting.org\n                    [2] =&gt; Muchas gracias. ?Como puedo iniciar sesion?\n                )\n\n            [id] =&gt; 2263\n        )\n\n)\n</pre>','spam,error','2024-11-18 09:15:30',2263,0,0),(2,'Migration','Migration of WPForms to 1.9.1 started.','log','2025-02-08 01:58:49',0,0,1),(3,'Migration','Migration of WPForms to 1.9.1 completed.','log','2025-02-08 01:58:49',0,0,1),(4,'Migration','Migration of WPForms to 1.9.2 started.','log','2025-02-08 01:58:49',0,0,1),(5,'Migration','Migration of WPForms to 1.9.2 completed.','log','2025-02-08 01:59:04',0,0,1),(6,'Migration','Migration of WPForms to 1.9.3.2 is fully completed.','log','2025-02-08 01:59:04',0,0,1),(7,'Migration','Migration of WPForms to 1.9.6.2 is fully completed.','log','2025-07-15 14:32:34',0,0,1),(8,'Migration','Migration of WPForms to 1.9.7 started.','log','2025-09-19 10:00:31',0,0,0),(9,'Migration','Migration of WPForms to 1.9.7 completed.','log','2025-09-19 10:00:31',0,0,0),(10,'Migration','Migration of WPForms to 1.9.7.3 is fully completed.','log','2025-09-19 10:00:31',0,0,0),(11,'Migration','Migration of WPForms to 1.9.8.6 started.','log','2025-12-31 13:20:22',0,0,0),(12,'Migration','Migration of WPForms to 1.9.8.6 completed.','log','2025-12-31 13:20:22',0,0,0),(13,'Migration','Migration of WPForms to 1.9.8.7 is fully completed.','log','2025-12-31 13:20:22',0,0,0);

--
-- Table structure for table `wp_wpforms_payment_meta`
--

CREATE TABLE `wp_wpforms_payment_meta` (
  `id` bigint(20) NOT NULL AUTO_INCREMENT,
  `payment_id` bigint(20) NOT NULL,
  `meta_key` varchar(255) DEFAULT NULL,
  `meta_value` longtext DEFAULT NULL,
  PRIMARY KEY (`id`),
  KEY `payment_id` (`payment_id`),
  KEY `meta_key` (`meta_key`(191)),
  KEY `meta_value` (`meta_value`(191))
) ENGINE=MyISAM DEFAULT CHARSET=utf8mb4 COLLATE=utf8mb4_unicode_520_ci;

--
-- Dumping data for table `wp_wpforms_payment_meta`
--


--
-- Table structure for table `wp_wpforms_payments`
--

CREATE TABLE `wp_wpforms_payments` (
  `id` bigint(20) NOT NULL AUTO_INCREMENT,
  `form_id` bigint(20) NOT NULL,
  `status` varchar(10) NOT NULL DEFAULT '',
  `subtotal_amount` decimal(26,8) NOT NULL DEFAULT 0.00000000,
  `discount_amount` decimal(26,8) NOT NULL DEFAULT 0.00000000,
  `total_amount` decimal(26,8) NOT NULL DEFAULT 0.00000000,
  `currency` varchar(3) NOT NULL DEFAULT '',
  `entry_id` bigint(20) NOT NULL DEFAULT 0,
  `gateway` varchar(20) NOT NULL DEFAULT '',
  `type` varchar(12) NOT NULL DEFAULT '',
  `mode` varchar(4) NOT NULL DEFAULT '',
  `transaction_id` varchar(40) NOT NULL DEFAULT '',
  `customer_id` varchar(40) NOT NULL DEFAULT '',
  `subscription_id` varchar(40) NOT NULL DEFAULT '',
  `subscription_status` varchar(10) NOT NULL DEFAULT '',
  `title` varchar(255) NOT NULL DEFAULT '',
  `date_created_gmt` datetime NOT NULL,
  `date_updated_gmt` datetime NOT NULL,
  `is_published` tinyint(1) NOT NULL DEFAULT 1,
  PRIMARY KEY (`id`),
  KEY `form_id` (`form_id`),
  KEY `status` (`status`(8)),
  KEY `total_amount` (`total_amount`),
  KEY `type` (`type`(8)),
  KEY `transaction_id` (`transaction_id`(32)),
  KEY `customer_id` (`customer_id`(32)),
  KEY `subscription_id` (`subscription_id`(32)),
  KEY `subscription_status` (`subscription_status`(8)),
  KEY `title` (`title`(64))
) ENGINE=MyISAM DEFAULT CHARSET=utf8mb4 COLLATE=utf8mb4_unicode_520_ci;

--
-- Dumping data for table `wp_wpforms_payments`
--


--
-- Table structure for table `wp_wpforms_tasks_meta`
--

CREATE TABLE `wp_wpforms_tasks_meta` (
  `id` bigint(20) NOT NULL AUTO_INCREMENT,
  `action` varchar(255) NOT NULL,
  `data` longtext NOT NULL,
  `date` datetime NOT NULL,
  PRIMARY KEY (`id`)
) ENGINE=MyISAM AUTO_INCREMENT=1464 DEFAULT CHARSET=utf8mb4 COLLATE=utf8mb4_unicode_ci;

--
-- Dumping data for table `wp_wpforms_tasks_meta`
--

INSERT INTO `wp_wpforms_tasks_meta` VALUES (2,'wpforms_admin_addons_cache_update','W10=','2021-09-17 22:00:12'),(3,'wpforms_admin_builder_templates_cache_update','W10=','2021-09-17 22:00:12'),(6,'wpforms_builder_help_cache_update','W10=','2021-10-22 14:37:15'),(8,'wpforms_process_forms_locator_scan','W10=','2022-05-25 15:44:13'),(270,'wpforms_admin_addons_cache_update','W10=','2023-02-12 09:25:57'),(271,'wpforms_admin_builder_templates_cache_update','W10=','2023-02-12 09:25:57'),(279,'wpforms_admin_addons_cache_update','W10=','2023-02-19 14:46:11'),(280,'wpforms_admin_builder_templates_cache_update','W10=','2023-02-19 14:46:11'),(288,'wpforms_admin_addons_cache_update','W10=','2023-02-26 15:12:20'),(289,'wpforms_admin_builder_templates_cache_update','W10=','2023-02-26 15:12:20'),(298,'wpforms_admin_addons_cache_update','W10=','2023-03-06 14:59:31'),(299,'wpforms_admin_builder_templates_cache_update','W10=','2023-03-06 14:59:31'),(307,'wpforms_admin_addons_cache_update','W10=','2023-03-13 15:03:48'),(308,'wpforms_admin_builder_templates_cache_update','W10=','2023-03-13 15:03:48'),(1002,'wpforms_process_purge_spam','W10=','2025-02-08 01:58:48'),(1434,'wpforms_admin_addons_cache_update','W10=','2026-08-05 20:21:16');

--
-- Table structure for table `wp_wpmailsmtp_debug_events`
--

CREATE TABLE `wp_wpmailsmtp_debug_events` (
  `id` int(10) unsigned NOT NULL AUTO_INCREMENT,
  `content` text DEFAULT NULL,
  `initiator` text DEFAULT NULL,
  `event_type` tinyint(3) unsigned NOT NULL DEFAULT 0,
  `created_at` timestamp NOT NULL DEFAULT current_timestamp(),
  PRIMARY KEY (`id`)
) ENGINE=InnoDB DEFAULT CHARSET=utf8mb4 COLLATE=utf8mb4_unicode_ci;

--
-- Dumping data for table `wp_wpmailsmtp_debug_events`
--


--
-- Table structure for table `wp_wpmailsmtp_tasks_meta`
--

CREATE TABLE `wp_wpmailsmtp_tasks_meta` (
  `id` bigint(20) NOT NULL AUTO_INCREMENT,
  `action` varchar(255) NOT NULL,
  `data` longtext NOT NULL,
  `date` datetime NOT NULL,
  PRIMARY KEY (`id`)
) ENGINE=MyISAM AUTO_INCREMENT=3 DEFAULT CHARSET=utf8mb4 COLLATE=utf8mb4_unicode_ci;

--
-- Dumping data for table `wp_wpmailsmtp_tasks_meta`
--


--
-- Table structure for table `wp_wpo_404_detector`
--

CREATE TABLE `wp_wpo_404_detector` (
  `ID` int(11) unsigned NOT NULL AUTO_INCREMENT,
  `url` text NOT NULL,
  `request_timestamp` bigint(20) unsigned NOT NULL,
  `request_count` bigint(20) unsigned NOT NULL,
  `referrer` text NOT NULL,
  PRIMARY KEY (`ID`),
  UNIQUE KEY `url` (`url`(75),`request_timestamp`,`referrer`(75)),
  KEY `url_timestamp_referrer` (`url`(75),`request_timestamp`,`referrer`(75)),
  KEY `timestamp_count` (`request_timestamp`,`request_count`)
) ENGINE=MyISAM DEFAULT CHARSET=utf8mb4 COLLATE=utf8mb4_unicode_520_ci;

--
-- Dumping data for table `wp_wpo_404_detector`
--


--
-- Table structure for table `wp_yoast_indexable`
--

CREATE TABLE `wp_yoast_indexable` (
  `id` int(11) unsigned NOT NULL AUTO_INCREMENT,
  `permalink` longtext DEFAULT NULL,
  `permalink_hash` varchar(40) DEFAULT NULL,
  `object_id` bigint(20) DEFAULT NULL,
  `object_type` varchar(32) NOT NULL,
  `object_sub_type` varchar(32) DEFAULT NULL,
  `author_id` bigint(20) DEFAULT NULL,
  `post_parent` bigint(20) DEFAULT NULL,
  `title` text DEFAULT NULL,
  `description` mediumtext DEFAULT NULL,
  `breadcrumb_title` text DEFAULT NULL,
  `post_status` varchar(20) DEFAULT NULL,
  `is_public` tinyint(1) DEFAULT NULL,
  `is_protected` tinyint(1) DEFAULT 0,
  `has_public_posts` tinyint(1) DEFAULT NULL,
  `number_of_pages` int(11) unsigned DEFAULT NULL,
  `canonical` longtext DEFAULT NULL,
  `primary_focus_keyword` varchar(191) DEFAULT NULL,
  `primary_focus_keyword_score` int(3) DEFAULT NULL,
  `readability_score` int(3) DEFAULT NULL,
  `is_cornerstone` tinyint(1) DEFAULT 0,
  `is_robots_noindex` tinyint(1) DEFAULT 0,
  `is_robots_nofollow` tinyint(1) DEFAULT 0,
  `is_robots_noarchive` tinyint(1) DEFAULT 0,
  `is_robots_noimageindex` tinyint(1) DEFAULT 0,
  `is_robots_nosnippet` tinyint(1) DEFAULT 0,
  `twitter_title` text DEFAULT NULL,
  `twitter_image` longtext DEFAULT NULL,
  `twitter_description` longtext DEFAULT NULL,
  `twitter_image_id` varchar(191) DEFAULT NULL,
  `twitter_image_source` text DEFAULT NULL,
  `open_graph_title` text DEFAULT NULL,
  `open_graph_description` longtext DEFAULT NULL,
  `open_graph_image` longtext DEFAULT NULL,
  `open_graph_image_id` varchar(191) DEFAULT NULL,
  `open_graph_image_source` text DEFAULT NULL,
  `open_graph_image_meta` mediumtext DEFAULT NULL,
  `link_count` int(11) DEFAULT NULL,
  `incoming_link_count` int(11) DEFAULT NULL,
  `prominent_words_version` int(11) unsigned DEFAULT NULL,
  `created_at` datetime DEFAULT NULL,
  `updated_at` timestamp NOT NULL DEFAULT current_timestamp() ON UPDATE current_timestamp(),
  `blog_id` bigint(20) NOT NULL DEFAULT 1,
  `language` varchar(32) DEFAULT NULL,
  `region` varchar(32) DEFAULT NULL,
  `schema_page_type` varchar(64) DEFAULT NULL,
  `schema_article_type` varchar(64) DEFAULT NULL,
  `has_ancestors` tinyint(1) DEFAULT 0,
  `estimated_reading_time_minutes` int(11) DEFAULT NULL,
  `version` int(11) DEFAULT 1,
  `object_last_modified` datetime DEFAULT NULL,
  `object_published_at` datetime DEFAULT NULL,
  `inclusive_language_score` int(3) DEFAULT NULL,
  PRIMARY KEY (`id`),
  KEY `object_type_and_sub_type` (`object_type`,`object_sub_type`),
  KEY `object_id_and_type` (`object_id`,`object_type`),
  KEY `permalink_hash_and_object_type` (`permalink_hash`,`object_type`),
  KEY `subpages` (`post_parent`,`object_type`,`post_status`,`object_id`),
  KEY `prominent_words` (`prominent_words_version`,`object_type`,`object_sub_type`,`post_status`),
  KEY `published_sitemap_index` (`object_published_at`,`is_robots_noindex`,`object_type`,`object_sub_type`)
) ENGINE=MyISAM AUTO_INCREMENT=254 DEFAULT CHARSET=utf8mb4 COLLATE=utf8mb4_unicode_ci;

--
-- Dumping data for table `wp_yoast_indexable`
--

INSERT INTO `wp_yoast_indexable` VALUES (249,'https://www.praythepath.com/film-festival-shop/','47:52d9e56ddc1c26d3d8f30b911e27b9c5',5459,'post','page',1,0,NULL,NULL,'Film Festival Shop','publish',NULL,0,NULL,NULL,NULL,NULL,NULL,90,0,NULL,0,NULL,NULL,NULL,NULL,'https://www.praythepath.com/wp-content/uploads/2023/01/Pecan-Picking-20-2048x803-1.jpeg',NULL,NULL,'first-content-image',NULL,NULL,'https://www.praythepath.com/wp-content/uploads/2023/01/Pecan-Picking-20-2048x803-1.jpeg',NULL,'first-content-image',NULL,1,NULL,NULL,'2023-01-13 18:03:38','2023-01-18 02:57:21',1,NULL,NULL,NULL,NULL,0,1,2,'2023-01-17 21:57:21','2023-01-13 18:03:38',NULL),(2,'https://www.praythepath.com/','28:d9305233a2c098ee71dc623f9a6a9e38',NULL,'home-page',NULL,NULL,NULL,'%%sitename%% %%page%% %%sep%% %%sitedesc%%','Entertainment and Creative Industry','Home',NULL,NULL,0,NULL,NULL,NULL,NULL,NULL,NULL,0,0,0,0,0,0,NULL,NULL,NULL,NULL,NULL,'%%sitename%%','','','0',NULL,NULL,NULL,NULL,NULL,'2022-07-11 18:14:36','2026-03-01 04:58:21',1,NULL,NULL,NULL,NULL,0,NULL,2,'2026-02-28 23:58:21','2021-11-18 15:54:48',NULL),(3,'https://www.praythepath.com/','28:d9305233a2c098ee71dc623f9a6a9e38',7,'post','page',1,0,NULL,NULL,'Home','publish',NULL,0,NULL,NULL,NULL,NULL,NULL,90,0,NULL,0,NULL,NULL,NULL,NULL,'https://www.praythepath.com/wp-content/uploads/2021/10/momspraying_logo_atlanta_reel_final-768x768.png',NULL,'1770','first-content-image',NULL,NULL,'https://www.praythepath.com/wp-content/uploads/2021/10/momspraying_logo_atlanta_reel_final-768x768.png','1770','first-content-image',NULL,7,NULL,NULL,'2022-07-11 18:14:36','2026-03-01 04:58:21',1,NULL,NULL,NULL,NULL,0,3,2,'2026-02-28 23:58:21','2021-05-14 08:16:46',0),(4,'https://www.praythepath.com/author/patricia-ferguson/','53:fd93f05c39d6b21a47554518604fbd50',2,'user',NULL,NULL,NULL,NULL,NULL,NULL,NULL,NULL,0,NULL,NULL,NULL,NULL,NULL,NULL,0,0,NULL,NULL,NULL,NULL,NULL,'https://secure.gravatar.com/avatar/52943ca771796f03d491ee731b60377c8445e46ef7ac50d8ed82efd5c21dfa9e?s=500&d=mm&r=g',NULL,NULL,'gravatar-image',NULL,NULL,'https://secure.gravatar.com/avatar/52943ca771796f03d491ee731b60377c8445e46ef7ac50d8ed82efd5c21dfa9e?s=500&d=mm&r=g',NULL,'gravatar-image',NULL,NULL,NULL,NULL,'2022-07-11 18:15:05','2026-02-24 05:10:50',1,NULL,NULL,NULL,NULL,0,NULL,2,'2026-02-23 19:10:50','2021-10-31 20:19:51',NULL),(6,'https://www.praythepath.com/2021/11/18/prayer-is-powerful/','58:b48c98189ff4a3bad4de7098b73a9563',2203,'post','post',2,0,NULL,NULL,'The Power of Prayer','publish',NULL,0,NULL,NULL,NULL,NULL,NULL,0,0,NULL,0,NULL,NULL,NULL,NULL,'https://www.praythepath.com/wp-content/uploads/2021/10/LADYFERGUSONphoto-scaled.jpg',NULL,'826','featured-image',NULL,NULL,'https://www.praythepath.com/wp-content/uploads/2021/10/LADYFERGUSONphoto-scaled.jpg','826','featured-image','{\"width\":2560,\"height\":1706,\"url\":\"https://www.praythepath.com/wp-content/uploads/2021/10/LADYFERGUSONphoto-scaled.jpg\",\"path\":\"/home/patriciaferguson/public_html/_web/praythepath.com/wp-content/uploads/2021/10/LADYFERGUSONphoto-scaled.jpg\",\"size\":\"full\",\"id\":826,\"alt\":\"\",\"pixels\":4367360,\"type\":\"image/jpeg\"}',0,NULL,NULL,'2022-07-11 18:16:10','2022-07-21 17:08:10',1,NULL,NULL,NULL,NULL,0,NULL,2,'2022-07-21 13:08:10','2021-11-18 15:54:48',NULL),(7,'https://www.praythepath.com/2022/07/11/boosting-your-childs-performance-at-school/','82:3c43170d071e24a952efa89e07154798',4951,'post','post',2,0,NULL,NULL,'Boost Your Child&#8217;s Performance at School','publish',NULL,0,NULL,NULL,NULL,NULL,NULL,30,0,NULL,0,NULL,NULL,NULL,NULL,'https://www.praythepath.com/wp-content/uploads/2022/07/IMG_3215-scaled.jpg',NULL,'5022','featured-image','Boosting Your Child\'s Performance at School',NULL,'https://www.praythepath.com/wp-content/uploads/2022/07/IMG_3215-scaled.jpg','5022','set-by-user','{\"width\":2560,\"height\":1440,\"filesize\":303645,\"url\":\"https://www.praythepath.com/wp-content/uploads/2022/07/IMG_3215-scaled.jpg\",\"path\":\"/home/patriciaferguson/public_html/_web/praythepath.com/wp-content/uploads/2022/07/IMG_3215-scaled.jpg\",\"size\":\"full\",\"id\":\"5022\",\"alt\":\"\",\"pixels\":3686400,\"type\":\"image/jpeg\"}',0,NULL,NULL,'2022-07-11 18:16:20','2022-07-21 17:08:09',1,NULL,NULL,NULL,NULL,0,NULL,2,'2022-07-21 13:08:09','2022-07-11 14:06:15',NULL),(8,'https://www.praythepath.com/blog/','33:d6670c3afe27c7d3029b969bbacebd6f',3656,'post','page',1,0,NULL,NULL,'Blog','publish',NULL,0,NULL,NULL,NULL,NULL,NULL,90,0,NULL,0,NULL,NULL,NULL,NULL,'https://www.praythepath.com/wp-content/uploads/2022/07/Image-7-5-22-at-10.16-PM-1024x757.jpg',NULL,NULL,'first-content-image',NULL,NULL,'https://www.praythepath.com/wp-content/uploads/2022/07/Image-7-5-22-at-10.16-PM-1024x757.jpg',NULL,'first-content-image',NULL,9,2,NULL,'2022-07-11 18:18:04','2026-02-24 01:13:47',1,NULL,NULL,NULL,NULL,0,2,2,'2022-08-09 18:34:10','2021-11-18 15:55:53',NULL),(10,'https://www.praythepath.com/2022/07/11/kids-and-money-matters/','62:d9696f320e703f845bf2453f3a52a816',4939,'post','post',2,0,NULL,NULL,'5 Ways to Kick-Start Your Kid&#8217;s Financial Future','publish',NULL,0,NULL,NULL,NULL,NULL,NULL,30,0,NULL,0,NULL,NULL,NULL,NULL,'https://www.praythepath.com/wp-content/uploads/2022/07/IMG_CF73E88C7E56-1.jpeg',NULL,'5063','featured-image',NULL,NULL,'https://www.praythepath.com/wp-content/uploads/2022/07/IMG_CF73E88C7E56-1.jpeg','5063','set-by-user','{\"width\":1284,\"height\":322,\"filesize\":294639,\"url\":\"https://www.praythepath.com/wp-content/uploads/2022/07/IMG_CF73E88C7E56-1.jpeg\",\"path\":\"/home/patriciaferguson/public_html/_web/praythepath.com/wp-content/uploads/2022/07/IMG_CF73E88C7E56-1.jpeg\",\"size\":\"full\",\"id\":\"5063\",\"alt\":\"\",\"pixels\":413448,\"type\":\"image/jpeg\"}',0,NULL,NULL,'2022-07-11 18:20:25','2022-07-21 17:08:10',1,NULL,NULL,NULL,NULL,0,4,2,'2022-07-21 13:08:09','2022-07-11 05:12:33',NULL),(35,'https://www.praythepath.com/2022/07/12/5-ways-to-help-promote-your-childs-value/','80:441ec8ff7d32416da6c433c4412f6d5f',5039,'post','post',2,0,NULL,NULL,'6 Ways to Help Promote Your Child&#8217;s Value','publish',NULL,0,NULL,NULL,NULL,NULL,NULL,30,0,NULL,0,NULL,NULL,NULL,NULL,'https://www.praythepath.com/wp-content/uploads/2022/07/BOOKENDS-41-2.jpg',NULL,'5085','featured-image','6 Ways to Promote Your Child\'s Value',NULL,'https://www.praythepath.com/wp-content/uploads/2022/07/BOOKENDS-41-2.jpg','5085','set-by-user','{\"width\":698,\"height\":343,\"filesize\":91551,\"url\":\"https://www.praythepath.com/wp-content/uploads/2022/07/BOOKENDS-41-2.jpg\",\"path\":\"/home/patriciaferguson/public_html/_web/praythepath.com/wp-content/uploads/2022/07/BOOKENDS-41-2.jpg\",\"size\":\"full\",\"id\":\"5085\",\"alt\":\"\",\"pixels\":239414,\"type\":\"image/jpeg\"}',0,NULL,NULL,'2022-07-12 02:23:32','2022-07-21 17:08:09',1,NULL,NULL,NULL,NULL,0,6,2,'2022-07-21 13:08:08','2022-07-13 01:27:25',NULL),(12,NULL,NULL,NULL,'system-page','404',NULL,NULL,'Page not found %%sep%% %%sitename%%',NULL,'Error 404: Page not found',NULL,NULL,0,NULL,NULL,NULL,NULL,NULL,NULL,0,1,0,0,0,0,NULL,NULL,NULL,NULL,NULL,NULL,NULL,NULL,NULL,NULL,NULL,NULL,NULL,NULL,'2022-07-11 18:25:34','2022-07-11 22:25:34',1,NULL,NULL,NULL,NULL,0,NULL,1,NULL,NULL,NULL),(13,'https://www.praythepath.com/coming-soon-contest-auditions/','58:b0193eed73a97eac32c2050504816b2c',4619,'post','page',2,0,NULL,NULL,'COMING SOON CONTEST/AUDITIONS','publish',NULL,0,NULL,NULL,NULL,NULL,NULL,0,0,NULL,0,NULL,NULL,NULL,NULL,'https://www.praythepath.com/wp-content/uploads/2021/11/JFinal-768x508.jpeg',NULL,NULL,'first-content-image',NULL,NULL,'https://www.praythepath.com/wp-content/uploads/2021/11/JFinal-768x508.jpeg',NULL,'first-content-image',NULL,0,NULL,NULL,'2022-07-11 18:49:32','2023-07-31 20:52:38',1,NULL,NULL,NULL,NULL,0,NULL,2,'2021-11-26 14:39:20','2021-11-26 14:34:20',NULL),(14,'https://www.praythepath.com/the-back-lot/','41:7de1a8cee89813797ea04a605cc64e06',574,'post','page',1,0,NULL,NULL,'The Back Lot','publish',NULL,0,NULL,NULL,NULL,NULL,NULL,90,0,NULL,0,NULL,NULL,NULL,NULL,'https://www.praythepath.com/wp-content/uploads/2021/11/momspraying_symbol-1-silver-1024x1024.png',NULL,'2361','first-content-image',NULL,NULL,'https://www.praythepath.com/wp-content/uploads/2021/11/momspraying_symbol-1-silver-1024x1024.png','2361','first-content-image',NULL,1,3,NULL,'2022-07-11 18:49:33','2025-02-20 19:54:53',1,NULL,NULL,NULL,NULL,0,3,2,'2025-02-20 14:54:51','2021-10-04 17:35:57',0),(16,'https://www.praythepath.com/2022/07/11/how-to-help-kids-be-successful-creating-zones-of-support-at-home/','104:ec29b7cdfd6d026acacc75be998358e2',5023,'post','post',2,0,NULL,NULL,'How to Help Kids be Successful: Creating Zones of Support at Home','publish',NULL,0,NULL,NULL,NULL,NULL,NULL,30,0,NULL,0,NULL,NULL,NULL,NULL,'https://www.praythepath.com/wp-content/uploads/2022/07/Image-7-6-22-at-8.55-PM-scaled.jpeg',NULL,'5033','featured-image','How to Help Kids be Successful: Creating Zones of Support at Home',NULL,'https://www.praythepath.com/wp-content/uploads/2022/07/Image-7-6-22-at-8.55-PM-scaled.jpeg','5033','set-by-user','{\"width\":2560,\"height\":1920,\"filesize\":577129,\"url\":\"https://www.praythepath.com/wp-content/uploads/2022/07/Image-7-6-22-at-8.55-PM-scaled.jpeg\",\"path\":\"/home/patriciaferguson/public_html/_web/praythepath.com/wp-content/uploads/2022/07/Image-7-6-22-at-8.55-PM-scaled.jpeg\",\"size\":\"full\",\"id\":\"5033\",\"alt\":\"\",\"pixels\":4915200,\"type\":\"image/jpeg\"}',0,NULL,NULL,'2022-07-11 19:22:22','2022-07-21 17:08:09',1,NULL,NULL,NULL,NULL,0,5,2,'2022-07-21 13:08:09','2022-07-12 02:09:24',NULL),(17,'https://www.praythepath.com/meet-patricia/','42:efa84c2ba7497a18e94a913212f420a3',622,'post','page',1,0,NULL,NULL,'Meet Patricia','publish',NULL,0,NULL,NULL,NULL,NULL,NULL,60,0,NULL,0,NULL,NULL,NULL,NULL,'https://www.praythepath.com/wp-content/uploads/2021/11/editJ-768x511.jpeg',NULL,'4444','first-content-image',NULL,NULL,'https://www.praythepath.com/wp-content/uploads/2021/11/editJ-768x511.jpeg','4444','first-content-image',NULL,2,2,NULL,'2022-07-11 20:38:33','2025-02-20 19:50:15',1,NULL,NULL,NULL,NULL,0,3,2,'2025-02-20 14:50:12','2021-10-04 21:46:47',0),(18,'https://www.praythepath.com/videos/','35:24da6ad047c58a28399f4d8ae35b14e6',3385,'post','page',1,0,NULL,NULL,'Moms Videos','publish',NULL,0,NULL,NULL,NULL,NULL,NULL,60,0,NULL,0,NULL,NULL,NULL,NULL,'https://www.praythepath.com/wp-content/uploads/2021/11/momspraying_symbol-1-silver-1024x1024.png',NULL,NULL,'first-content-image',NULL,NULL,'https://www.praythepath.com/wp-content/uploads/2021/11/momspraying_symbol-1-silver-1024x1024.png',NULL,'first-content-image',NULL,1,NULL,NULL,'2022-07-11 21:10:16','2023-07-31 20:52:38',1,NULL,NULL,NULL,NULL,0,6,2,'2021-12-28 07:47:01','2021-11-18 01:01:13',NULL),(20,'https://www.praythepath.com/resources/','38:0e85184cdb67cfbf9a0c9682ec5bde6b',1916,'post','page',1,0,NULL,NULL,'Resources','publish',NULL,0,NULL,NULL,NULL,NULL,NULL,0,0,NULL,0,NULL,NULL,NULL,NULL,'https://www.praythepath.com/wp-content/uploads/2021/10/unnamed-2-150x150.jpg',NULL,NULL,'first-content-image',NULL,NULL,'https://www.praythepath.com/wp-content/uploads/2021/10/unnamed-2-150x150.jpg',NULL,'first-content-image',NULL,6,NULL,NULL,'2022-07-11 22:06:37','2023-07-31 19:47:59',1,NULL,NULL,NULL,NULL,0,NULL,2,'2021-12-06 22:07:46','2021-10-22 18:25:43',NULL),(22,'https://www.praythepath.com/cart/','33:dbed0451fdce0f985bcb4d74cadcfb93',2271,'post','page',1,0,NULL,NULL,'Cart','publish',NULL,0,NULL,NULL,NULL,NULL,NULL,0,0,NULL,0,NULL,NULL,NULL,NULL,NULL,NULL,NULL,NULL,NULL,NULL,NULL,NULL,NULL,NULL,0,NULL,NULL,'2022-07-12 00:55:45','2023-07-31 19:47:59',1,NULL,NULL,NULL,NULL,0,NULL,2,'2021-11-02 13:31:53','2021-11-02 13:31:53',NULL),(23,'https://www.praythepath.com/shop/','33:9b18add6ed4f69df9fa6f554263c929c',575,'post','page',1,0,NULL,NULL,'Shop','publish',NULL,0,NULL,NULL,NULL,NULL,NULL,90,0,NULL,0,NULL,NULL,NULL,NULL,NULL,NULL,NULL,NULL,NULL,NULL,NULL,NULL,NULL,NULL,1,2,NULL,'2022-07-12 01:40:22','2023-01-18 02:35:45',1,NULL,NULL,NULL,NULL,0,1,2,'2023-01-17 21:35:45','2021-10-04 17:39:56',NULL),(25,'https://www.praythepath.com/category/successful-kids-at-home/','61:9ba49287c066df714ecee6a19e7df6c4',46,'term','category',NULL,NULL,NULL,NULL,'Successful Kids at Home',NULL,NULL,0,NULL,NULL,NULL,NULL,NULL,NULL,0,NULL,NULL,NULL,NULL,NULL,NULL,NULL,NULL,NULL,NULL,NULL,NULL,NULL,NULL,NULL,NULL,0,NULL,NULL,'2022-07-12 02:11:25','2022-07-21 17:08:09',1,NULL,NULL,NULL,NULL,0,NULL,2,'2022-07-21 13:08:09',NULL,NULL),(26,'https://www.praythepath.com/tag/how-to-help-kids-be-successful-creating-zones-of-support-at-home/','97:f123105f6c4b02b0301d49257a52aae5',47,'term','post_tag',NULL,NULL,NULL,NULL,'How to Help Kids be Successful: Creating Zones of Support at Home',NULL,NULL,0,NULL,NULL,NULL,NULL,NULL,NULL,0,NULL,NULL,NULL,NULL,NULL,NULL,NULL,NULL,NULL,NULL,NULL,NULL,NULL,NULL,NULL,NULL,0,NULL,NULL,'2022-07-12 02:20:16','2022-07-21 17:08:09',1,NULL,NULL,NULL,NULL,0,NULL,2,'2022-07-21 13:08:09',NULL,NULL),(27,'https://www.praythepath.com/tag/how-to-help-kids-be-successful-creating-zones-of-support/','89:592f090897f551326a453740914842f2',48,'term','post_tag',NULL,NULL,NULL,NULL,'How to help kids be successful creating zones of support',NULL,NULL,0,NULL,NULL,NULL,NULL,NULL,NULL,0,NULL,NULL,NULL,NULL,NULL,NULL,NULL,NULL,NULL,NULL,NULL,NULL,NULL,NULL,NULL,NULL,0,NULL,NULL,'2022-07-12 02:20:16','2022-07-21 17:08:09',1,NULL,NULL,NULL,NULL,0,NULL,2,'2022-07-21 13:08:09',NULL,NULL),(28,'https://www.praythepath.com/tag/how-to-help-kids-be-successful-creating/','72:f4a6548489b592da8987d64afe56bd35',49,'term','post_tag',NULL,NULL,NULL,NULL,'How to help kids be successful creating',NULL,NULL,0,NULL,NULL,NULL,NULL,NULL,NULL,0,NULL,NULL,NULL,NULL,NULL,NULL,NULL,NULL,NULL,NULL,NULL,NULL,NULL,NULL,NULL,NULL,0,NULL,NULL,'2022-07-12 02:20:16','2022-07-21 17:08:09',1,NULL,NULL,NULL,NULL,0,NULL,2,'2022-07-21 13:08:09',NULL,NULL),(29,'https://www.praythepath.com/tag/how-to-help-kids-be-successful/','63:5da5b67d3752e5909f759f96b387e464',50,'term','post_tag',NULL,NULL,NULL,NULL,'how to help kids be successful',NULL,NULL,0,NULL,NULL,NULL,NULL,NULL,NULL,0,NULL,NULL,NULL,NULL,NULL,NULL,NULL,NULL,NULL,NULL,NULL,NULL,NULL,NULL,NULL,NULL,0,NULL,NULL,'2022-07-12 02:20:16','2022-07-21 17:08:09',1,NULL,NULL,NULL,NULL,0,NULL,2,'2022-07-21 13:08:09',NULL,NULL),(30,'https://www.praythepath.com/tag/how-to-help-kids/','49:34acc5efcc0a514c1d261e246e6788fe',51,'term','post_tag',NULL,NULL,NULL,NULL,'how to help kids',NULL,NULL,0,NULL,NULL,NULL,NULL,NULL,NULL,0,NULL,NULL,NULL,NULL,NULL,NULL,NULL,NULL,NULL,NULL,NULL,NULL,NULL,NULL,NULL,NULL,0,NULL,NULL,'2022-07-12 02:20:16','2022-07-21 17:08:09',1,NULL,NULL,NULL,NULL,0,NULL,2,'2022-07-21 13:08:09',NULL,NULL),(31,'https://www.praythepath.com/tag/creating-zones-of-support-at-home/','66:b332ca44ab88c81eb6bc00a990aa8144',52,'term','post_tag',NULL,NULL,NULL,NULL,'creating zones of support at home',NULL,NULL,0,NULL,NULL,NULL,NULL,NULL,NULL,0,NULL,NULL,NULL,NULL,NULL,NULL,NULL,NULL,NULL,NULL,NULL,NULL,NULL,NULL,NULL,NULL,0,NULL,NULL,'2022-07-12 02:20:16','2022-07-21 17:08:09',1,NULL,NULL,NULL,NULL,0,NULL,2,'2022-07-21 13:08:09',NULL,NULL),(32,'https://www.praythepath.com/tag/success-creating-zones-of-support/','66:279210169514620d491fc83c9345c7c7',53,'term','post_tag',NULL,NULL,NULL,NULL,'success creating zones of support',NULL,NULL,0,NULL,NULL,NULL,NULL,NULL,NULL,0,NULL,NULL,NULL,NULL,NULL,NULL,NULL,NULL,NULL,NULL,NULL,NULL,NULL,NULL,NULL,NULL,0,NULL,NULL,'2022-07-12 02:20:16','2022-07-21 17:08:09',1,NULL,NULL,NULL,NULL,0,NULL,2,'2022-07-21 13:08:09',NULL,NULL),(33,'https://www.praythepath.com/tag/successful-creating-zones-of-support/','69:f79c184b16aaa998bff6d7305fcd4d78',54,'term','post_tag',NULL,NULL,NULL,NULL,'successful creating zones of support',NULL,NULL,0,NULL,NULL,NULL,NULL,NULL,NULL,0,NULL,NULL,NULL,NULL,NULL,NULL,NULL,NULL,NULL,NULL,NULL,NULL,NULL,NULL,NULL,NULL,0,NULL,NULL,'2022-07-12 02:20:16','2022-07-21 17:08:09',1,NULL,NULL,NULL,NULL,0,NULL,2,'2022-07-21 13:08:09',NULL,NULL),(34,'https://www.praythepath.com/tag/help-kids-be-successful-creating-zones-of-support/','82:ee03c942d133581e73522cd1a239e5f3',55,'term','post_tag',NULL,NULL,NULL,NULL,'help kids be successful creating zones of support',NULL,NULL,0,NULL,NULL,NULL,NULL,NULL,NULL,0,NULL,NULL,NULL,NULL,NULL,NULL,NULL,NULL,NULL,NULL,NULL,NULL,NULL,NULL,NULL,NULL,0,NULL,NULL,'2022-07-12 02:20:16','2022-07-21 17:08:09',1,NULL,NULL,NULL,NULL,0,NULL,2,'2022-07-21 13:08:09',NULL,NULL),(37,'https://www.praythepath.com/category/promoting-your-childs-value/','65:b04f8cf24ef104ef13518dcba4d961cf',56,'term','category',NULL,NULL,NULL,NULL,'Promoting Your Child\'s Value',NULL,NULL,0,NULL,NULL,NULL,NULL,NULL,NULL,0,NULL,NULL,NULL,NULL,NULL,NULL,NULL,NULL,NULL,NULL,NULL,NULL,NULL,NULL,NULL,NULL,0,NULL,NULL,'2022-07-12 03:19:49','2022-07-21 17:08:09',1,NULL,NULL,NULL,NULL,0,NULL,2,'2022-07-21 13:08:08',NULL,NULL),(38,'https://www.praythepath.com/tag/5-ways-to-promote-your-childs-value/','68:9629222c4441b4ccbd2347df20a2f373',57,'term','post_tag',NULL,NULL,NULL,NULL,'5 Ways to Promote Your Child\'s Value',NULL,NULL,0,NULL,NULL,NULL,NULL,NULL,NULL,0,NULL,NULL,NULL,NULL,NULL,NULL,NULL,NULL,NULL,NULL,NULL,NULL,NULL,NULL,NULL,NULL,0,NULL,NULL,'2022-07-12 03:19:59','2022-07-21 17:08:09',1,NULL,NULL,NULL,NULL,0,NULL,2,'2022-07-21 13:08:08',NULL,NULL),(39,'https://www.praythepath.com/tag/5-ways-to-promote-your-child/','61:14d17fb6c56d0ac9710c2e4f24dbf996',58,'term','post_tag',NULL,NULL,NULL,NULL,'5 ways to promote your child',NULL,NULL,0,NULL,NULL,NULL,NULL,NULL,NULL,0,NULL,NULL,NULL,NULL,NULL,NULL,NULL,NULL,NULL,NULL,NULL,NULL,NULL,NULL,NULL,NULL,0,NULL,NULL,'2022-07-12 03:19:59','2022-07-21 17:08:09',1,NULL,NULL,NULL,NULL,0,NULL,2,'2022-07-21 13:08:08',NULL,NULL),(40,'https://www.praythepath.com/tag/5-ways-to-promote/','50:60ea57e4079fbbdc55718cdce56dfa23',59,'term','post_tag',NULL,NULL,NULL,NULL,'5 ways to promote',NULL,NULL,0,NULL,NULL,NULL,NULL,NULL,NULL,0,NULL,NULL,NULL,NULL,NULL,NULL,NULL,NULL,NULL,NULL,NULL,NULL,NULL,NULL,NULL,NULL,0,NULL,NULL,'2022-07-12 03:19:59','2022-07-21 17:08:09',1,NULL,NULL,NULL,NULL,0,NULL,2,'2022-07-21 13:08:08',NULL,NULL),(41,'https://www.praythepath.com/tag/your-childs-value/','50:8efba888af6bbe4a03141419c7b56c87',60,'term','post_tag',NULL,NULL,NULL,NULL,'Your child\'s value',NULL,NULL,0,NULL,NULL,NULL,NULL,NULL,NULL,0,NULL,NULL,NULL,NULL,NULL,NULL,NULL,NULL,NULL,NULL,NULL,NULL,NULL,NULL,NULL,NULL,0,NULL,NULL,'2022-07-12 03:19:59','2022-07-21 17:08:09',1,NULL,NULL,NULL,NULL,0,NULL,2,'2022-07-21 13:08:08',NULL,NULL),(42,'https://www.praythepath.com/tag/promote-your-childs-value/','58:e3c2dd76ff8ebe06a4497d8055e13186',61,'term','post_tag',NULL,NULL,NULL,NULL,'promote your child\'s value',NULL,NULL,0,NULL,NULL,NULL,NULL,NULL,NULL,0,NULL,NULL,NULL,NULL,NULL,NULL,NULL,NULL,NULL,NULL,NULL,NULL,NULL,NULL,NULL,NULL,0,NULL,NULL,'2022-07-12 03:19:59','2022-07-21 17:08:09',1,NULL,NULL,NULL,NULL,0,NULL,2,'2022-07-21 13:08:08',NULL,NULL),(43,'https://www.praythepath.com/tag/promote-your-child/','51:03712d74ed4e64af9001ee11fddafdf9',62,'term','post_tag',NULL,NULL,NULL,NULL,'promote your child',NULL,NULL,0,NULL,NULL,NULL,NULL,NULL,NULL,0,NULL,NULL,NULL,NULL,NULL,NULL,NULL,NULL,NULL,NULL,NULL,NULL,NULL,NULL,NULL,NULL,0,NULL,NULL,'2022-07-12 03:19:59','2022-07-21 17:08:09',1,NULL,NULL,NULL,NULL,0,NULL,2,'2022-07-21 13:08:08',NULL,NULL),(44,'https://www.praythepath.com/tag/promote-your-childs-value-5-ways/','65:82cfe4d8211f9813b653a1391c19264c',63,'term','post_tag',NULL,NULL,NULL,NULL,'promote your child\'s value 5 ways',NULL,NULL,0,NULL,NULL,NULL,NULL,NULL,NULL,0,NULL,NULL,NULL,NULL,NULL,NULL,NULL,NULL,NULL,NULL,NULL,NULL,NULL,NULL,NULL,NULL,0,NULL,NULL,'2022-07-12 03:19:59','2022-07-21 17:08:09',1,NULL,NULL,NULL,NULL,0,NULL,2,'2022-07-21 13:08:08',NULL,NULL),(45,'https://www.praythepath.com/pdf-ministries/','43:6b62a326e8727755fc4a7aa12f92b8a4',576,'post','page',1,0,NULL,NULL,'PDF Ministries','publish',NULL,0,NULL,NULL,NULL,NULL,NULL,60,0,NULL,0,NULL,NULL,NULL,NULL,'https://www.praythepath.com/wp-content/uploads/2021/11/momspraying_symbol-1-silver-1024x1024.png',NULL,NULL,'first-content-image',NULL,NULL,'https://www.praythepath.com/wp-content/uploads/2021/11/momspraying_symbol-1-silver-1024x1024.png',NULL,'first-content-image',NULL,1,2,NULL,'2022-07-12 06:32:15','2023-07-31 15:47:59',1,NULL,NULL,NULL,NULL,0,6,2,'2021-12-28 07:35:36','2021-10-04 17:34:07',NULL),(46,'https://www.praythepath.com/shero-shipping/','43:9926330cacfa83933637ba3a00183882',577,'post','page',1,0,NULL,NULL,'Shero Shipping','publish',NULL,0,NULL,NULL,NULL,NULL,NULL,60,0,NULL,0,NULL,NULL,NULL,NULL,'https://www.praythepath.com/wp-content/uploads/2021/11/momspraying_symbol-1-silver-1024x1024.png',NULL,NULL,'first-content-image',NULL,NULL,'https://www.praythepath.com/wp-content/uploads/2021/11/momspraying_symbol-1-silver-1024x1024.png',NULL,'first-content-image',NULL,1,2,NULL,'2022-07-12 06:32:18','2023-07-31 15:47:59',1,NULL,NULL,NULL,NULL,0,6,2,'2021-12-01 00:31:27','2021-10-04 17:34:08',NULL),(47,'https://www.praythepath.com/category/creatives-reimagining/','59:21fbfbb35956c01f0ebd4f1370e151da',27,'term','category',NULL,NULL,NULL,NULL,'Reimagining Everyday Things',NULL,NULL,0,NULL,NULL,NULL,NULL,NULL,NULL,0,NULL,NULL,NULL,NULL,NULL,NULL,NULL,NULL,NULL,NULL,NULL,NULL,NULL,NULL,NULL,NULL,0,NULL,NULL,'2022-07-12 06:40:23','2023-07-31 19:13:16',1,NULL,NULL,NULL,NULL,0,NULL,2,'2022-09-13 19:13:17','2021-11-18 15:54:48',NULL),(48,'https://www.praythepath.com/heritage-talent-management/','55:47ebf722d7e02938570dcdedd3c4bd97',602,'post','page',1,0,NULL,NULL,'Heritage Talent Management','publish',NULL,0,NULL,NULL,NULL,NULL,NULL,60,0,NULL,0,NULL,NULL,NULL,NULL,'https://www.praythepath.com/wp-content/uploads/2021/10/patricia-web-photo-768x512.jpg',NULL,NULL,'first-content-image',NULL,NULL,'https://www.praythepath.com/wp-content/uploads/2021/10/patricia-web-photo-768x512.jpg',NULL,'first-content-image',NULL,1,NULL,NULL,'2022-07-12 08:50:53','2023-07-31 19:37:44',1,NULL,NULL,NULL,NULL,0,6,2,'2021-11-20 20:44:44','2021-10-04 18:14:43',NULL),(49,'https://www.praythepath.com/privacy-policy/','43:be3bf57fe3fefa1a27b41393f14ee4cc',3893,'post','page',1,0,NULL,NULL,'Privacy Policy','publish',NULL,0,NULL,NULL,NULL,NULL,NULL,0,0,NULL,0,NULL,NULL,NULL,NULL,NULL,NULL,NULL,NULL,NULL,NULL,NULL,NULL,NULL,NULL,0,NULL,NULL,'2022-07-12 19:57:21','2023-07-31 20:52:38',1,NULL,NULL,NULL,NULL,0,NULL,2,'2021-11-29 20:03:03','2021-11-19 18:59:07',NULL),(50,'https://www.praythepath.com/2022/07/13/8-bedtime-rituals-for-kids/','66:a3b84bf45b9ea762b019bcdfc96a8bdd',5053,'post','post',2,0,NULL,NULL,'8 Bedtime Rituals for Kids','publish',NULL,0,NULL,NULL,NULL,NULL,NULL,60,0,NULL,0,NULL,NULL,NULL,NULL,'https://www.praythepath.com/wp-content/uploads/2022/07/BOOKENDS-32.jpg',NULL,'4956','featured-image','8 Bedtime Rituals for Kids',NULL,'https://www.praythepath.com/wp-content/uploads/2022/07/BOOKENDS-32.jpg','4956','set-by-user','{\"width\":1079,\"height\":595,\"filesize\":184788,\"url\":\"https://www.praythepath.com/wp-content/uploads/2022/07/BOOKENDS-32.jpg\",\"path\":\"/home/patriciaferguson/public_html/_web/praythepath.com/wp-content/uploads/2022/07/BOOKENDS-32.jpg\",\"size\":\"full\",\"id\":\"4956\",\"alt\":\"\",\"pixels\":642005,\"type\":\"image/jpeg\"}',0,NULL,NULL,'2022-07-13 01:29:25','2022-07-21 17:08:08',1,NULL,NULL,NULL,NULL,0,5,2,'2022-07-21 13:08:08','2022-07-13 07:15:36',NULL),(51,'https://www.praythepath.com/?p=5057','35:f0e660bf9d961e488544fa335611c204',5057,'post','post',2,0,NULL,NULL,'Tips To Build Your Child&#8217;s Reading Skills','draft',0,0,NULL,NULL,NULL,NULL,NULL,90,0,NULL,0,NULL,NULL,NULL,NULL,NULL,NULL,NULL,NULL,NULL,NULL,NULL,NULL,NULL,NULL,NULL,NULL,NULL,'2022-07-13 03:03:17','2022-07-21 17:08:08',1,NULL,NULL,NULL,NULL,0,1,2,'2022-07-21 13:08:08','0000-00-00 00:00:00',NULL),(52,'https://www.praythepath.com/product/praying-hands-in-hearts-pin/','64:a35f4907f42979102af3c5295a9278ab',2329,'post','product',1,0,NULL,NULL,'Official Cloisonne Collectible Hope Lapel Pin','publish',NULL,0,NULL,NULL,NULL,NULL,NULL,0,0,NULL,0,NULL,NULL,NULL,NULL,'https://www.praythepath.com/wp-content/uploads/2021/10/momspraying_symbol-1-silver.png',NULL,'2195','featured-image',NULL,NULL,'https://www.praythepath.com/wp-content/uploads/2021/10/momspraying_symbol-1-silver.png','2195','featured-image','{\"width\":3000,\"height\":3000,\"url\":\"https://www.praythepath.com/wp-content/uploads/2021/10/momspraying_symbol-1-silver.png\",\"path\":\"/home/patriciaferguson/public_html/_web/praythepath.com/wp-content/uploads/2021/10/momspraying_symbol-1-silver.png\",\"size\":\"full\",\"id\":2195,\"alt\":\"\",\"pixels\":9000000,\"type\":\"image/png\"}',0,10,NULL,'2022-07-13 03:35:22','2023-07-31 16:52:38',1,NULL,NULL,NULL,NULL,0,1,2,'2023-01-17 21:55:54','2021-11-02 13:56:36',NULL),(53,'https://www.praythepath.com/all-products/','41:e9ac86fcaaed44f11cfefa25e3245528',NULL,'post-type-archive','product',NULL,NULL,'%%pt_plural%% Archive %%page%% %%sep%% %%sitename%%','','Products',NULL,1,0,NULL,NULL,NULL,NULL,NULL,NULL,0,0,0,0,0,0,NULL,NULL,NULL,NULL,NULL,NULL,NULL,NULL,NULL,NULL,NULL,NULL,NULL,NULL,'2022-07-13 03:35:22','2023-01-18 02:55:54',1,NULL,NULL,NULL,NULL,0,NULL,2,'2023-01-17 21:55:54','2021-11-02 13:56:36',NULL),(54,'https://www.praythepath.com/all-products/','41:e9ac86fcaaed44f11cfefa25e3245528',2384,'post','page',1,0,NULL,NULL,'All Products','publish',NULL,0,NULL,NULL,NULL,NULL,NULL,0,0,NULL,0,NULL,NULL,NULL,NULL,NULL,NULL,NULL,NULL,NULL,NULL,NULL,NULL,NULL,NULL,0,NULL,NULL,'2022-07-13 03:35:22','2023-07-31 20:04:32',1,NULL,NULL,NULL,NULL,0,NULL,2,'2021-11-02 15:20:28','2021-11-02 15:20:28',NULL),(55,'https://www.praythepath.com/tag/bedtime-rituals-for-kids/','57:056b36a60a821202271f4e8d3c4a7001',64,'term','post_tag',NULL,NULL,NULL,NULL,'Bedtime Rituals for Kids',NULL,NULL,0,NULL,NULL,NULL,NULL,NULL,NULL,0,NULL,NULL,NULL,NULL,NULL,NULL,NULL,NULL,NULL,NULL,NULL,NULL,NULL,NULL,NULL,NULL,0,NULL,NULL,'2022-07-13 06:39:15','2022-07-21 17:08:08',1,NULL,NULL,NULL,NULL,0,NULL,2,'2022-07-21 13:08:08',NULL,NULL),(56,'https://www.praythepath.com/tag/bedtime-rituals-for/','52:ecf6cbb6c061fc82f2d06edde1ed6d59',65,'term','post_tag',NULL,NULL,NULL,NULL,'bedtime rituals for',NULL,NULL,0,NULL,NULL,NULL,NULL,NULL,NULL,0,NULL,NULL,NULL,NULL,NULL,NULL,NULL,NULL,NULL,NULL,NULL,NULL,NULL,NULL,NULL,NULL,0,NULL,NULL,'2022-07-13 06:39:15','2022-07-21 17:08:08',1,NULL,NULL,NULL,NULL,0,NULL,2,'2022-07-21 13:08:08',NULL,NULL),(57,'https://www.praythepath.com/tag/bedtime-rituals/','48:a2b338bfea910c035e8e192c61e2e689',66,'term','post_tag',NULL,NULL,NULL,NULL,'bedtime rituals',NULL,NULL,0,NULL,NULL,NULL,NULL,NULL,NULL,0,NULL,NULL,NULL,NULL,NULL,NULL,NULL,NULL,NULL,NULL,NULL,NULL,NULL,NULL,NULL,NULL,0,NULL,NULL,'2022-07-13 06:39:15','2022-07-21 17:08:08',1,NULL,NULL,NULL,NULL,0,NULL,2,'2022-07-21 13:08:08',NULL,NULL),(58,'https://www.praythepath.com/tag/bedtime/','40:4462e41f0cb58ef56c6f89e9aa6bd5d1',67,'term','post_tag',NULL,NULL,NULL,NULL,'bedtime',NULL,NULL,0,NULL,NULL,NULL,NULL,NULL,NULL,0,NULL,NULL,NULL,NULL,NULL,NULL,NULL,NULL,NULL,NULL,NULL,NULL,NULL,NULL,NULL,NULL,0,NULL,NULL,'2022-07-13 06:39:15','2022-07-21 17:08:08',1,NULL,NULL,NULL,NULL,0,NULL,2,'2022-07-21 13:08:08',NULL,NULL),(59,'https://www.praythepath.com/tag/kids-for-bedtime-rituals/','57:d5d37efac199e3fffa97162ef9df2ded',68,'term','post_tag',NULL,NULL,NULL,NULL,'kids for bedtime rituals',NULL,NULL,0,NULL,NULL,NULL,NULL,NULL,NULL,0,NULL,NULL,NULL,NULL,NULL,NULL,NULL,NULL,NULL,NULL,NULL,NULL,NULL,NULL,NULL,NULL,0,NULL,NULL,'2022-07-13 06:39:15','2022-07-21 17:08:08',1,NULL,NULL,NULL,NULL,0,NULL,2,'2022-07-21 13:08:08',NULL,NULL),(60,'https://www.praythepath.com/tag/kids-for-bed/','45:043fc6dec77878778d8435bd36757708',69,'term','post_tag',NULL,NULL,NULL,NULL,'kids for bed',NULL,NULL,0,NULL,NULL,NULL,NULL,NULL,NULL,0,NULL,NULL,NULL,NULL,NULL,NULL,NULL,NULL,NULL,NULL,NULL,NULL,NULL,NULL,NULL,NULL,0,NULL,NULL,'2022-07-13 06:39:15','2022-07-21 17:08:08',1,NULL,NULL,NULL,NULL,0,NULL,2,'2022-07-21 13:08:08',NULL,NULL),(61,'https://www.praythepath.com/tag/kids-for/','41:73dd32ed7bf70484f9b3f19fc7464e4c',70,'term','post_tag',NULL,NULL,NULL,NULL,'kids for',NULL,NULL,0,NULL,NULL,NULL,NULL,NULL,NULL,0,NULL,NULL,NULL,NULL,NULL,NULL,NULL,NULL,NULL,NULL,NULL,NULL,NULL,NULL,NULL,NULL,0,NULL,NULL,'2022-07-13 06:39:15','2022-07-21 17:08:08',1,NULL,NULL,NULL,NULL,0,NULL,2,'2022-07-21 13:08:08',NULL,NULL),(63,'https://www.praythepath.com/product-category/pins-buttons/','58:f8be3b6d159681de224b248df29f21e6',22,'term','product_cat',NULL,NULL,NULL,NULL,'Pins &amp; Buttons',NULL,NULL,0,NULL,NULL,NULL,NULL,NULL,NULL,0,NULL,NULL,NULL,NULL,NULL,NULL,NULL,NULL,NULL,NULL,NULL,NULL,NULL,NULL,NULL,NULL,0,NULL,NULL,'2022-07-13 08:49:29','2023-07-31 21:17:47',1,NULL,NULL,NULL,NULL,0,NULL,2,'2023-01-17 21:55:54','2021-11-02 13:56:36',NULL),(64,'https://www.praythepath.com/book-patricia-to-speak/','51:182070056bff1e89f6be1e14e6fe0255',2261,'post','page',2,0,NULL,NULL,'Book Patricia to Speak','publish',NULL,0,NULL,NULL,NULL,NULL,NULL,0,0,NULL,0,NULL,NULL,NULL,NULL,'https://www.praythepath.com/wp-content/uploads/2021/05/2LADYFERGUSON-2.jpg',NULL,NULL,'first-content-image',NULL,NULL,'https://www.praythepath.com/wp-content/uploads/2021/05/2LADYFERGUSON-2.jpg',NULL,'first-content-image',NULL,1,1,NULL,'2022-07-13 08:56:23','2023-07-31 19:47:59',1,NULL,NULL,NULL,NULL,0,NULL,2,'2021-12-28 07:29:41','2021-10-31 20:19:51',NULL),(66,'https://www.praythepath.com/category/kids-and-school/','53:5b0b282aee363048ea4e2680b36730bb',45,'term','category',NULL,NULL,NULL,NULL,'Kids and School',NULL,NULL,0,NULL,NULL,NULL,NULL,NULL,NULL,0,NULL,NULL,NULL,NULL,NULL,NULL,NULL,NULL,NULL,NULL,NULL,NULL,NULL,NULL,NULL,NULL,0,NULL,NULL,'2022-07-13 09:21:30','2023-07-31 19:17:19',1,NULL,NULL,NULL,NULL,0,NULL,2,'2022-08-12 18:30:45','2022-07-11 14:06:15',NULL),(67,'https://www.praythepath.com/category/kids-and-money-matters/','60:d410bcd35d195c3d00e4502ce4c0264a',28,'term','category',NULL,NULL,NULL,NULL,'Kids and Money Matters',NULL,NULL,0,NULL,NULL,NULL,NULL,NULL,NULL,0,NULL,NULL,NULL,NULL,NULL,NULL,NULL,NULL,NULL,NULL,NULL,NULL,NULL,NULL,NULL,NULL,0,NULL,NULL,'2022-07-13 09:22:25','2023-07-31 19:13:16',1,NULL,NULL,NULL,NULL,0,NULL,2,'2022-07-21 13:08:09','2022-07-11 05:12:33',NULL),(68,'https://www.praythepath.com/category/boosting-childs-performance-at-school/','75:1b6f2e0b211c7118cfbd527d14ad48a0',44,'term','category',NULL,NULL,NULL,NULL,'Boosting Child\'s performance at School',NULL,NULL,0,NULL,NULL,NULL,NULL,NULL,NULL,0,NULL,NULL,NULL,NULL,NULL,NULL,NULL,NULL,NULL,NULL,NULL,NULL,NULL,NULL,NULL,NULL,0,1,NULL,'2022-07-13 09:23:18','2023-07-31 19:17:19',1,NULL,NULL,NULL,NULL,0,NULL,2,'2022-08-14 00:42:17','2022-07-13 07:15:36',NULL),(69,'https://www.praythepath.com/contact/','36:d270488d76b7e5707c85709ba44a4a45',20,'post','page',1,0,NULL,NULL,'Contact','publish',NULL,0,NULL,NULL,NULL,NULL,NULL,90,0,NULL,0,NULL,NULL,NULL,NULL,NULL,NULL,NULL,NULL,NULL,NULL,NULL,NULL,NULL,NULL,0,NULL,NULL,'2022-07-13 17:27:44','2023-07-31 19:13:16',1,NULL,NULL,NULL,NULL,0,1,2,'2021-05-14 08:21:25','2021-05-14 08:21:25',NULL),(70,'https://www.praythepath.com/?p=5068','35:da15ed5ddb4b80591b8f2767475c79e9',5068,'post','post',2,0,NULL,NULL,'WORKSHEET','draft',0,0,NULL,NULL,NULL,NULL,NULL,90,0,NULL,0,NULL,NULL,NULL,NULL,NULL,NULL,NULL,NULL,NULL,NULL,NULL,NULL,NULL,NULL,NULL,NULL,NULL,'2022-07-13 22:44:13','2022-07-23 09:16:04',1,NULL,NULL,NULL,NULL,0,1,2,'2022-07-23 05:16:04','0000-00-00 00:00:00',NULL),(71,'https://www.praythepath.com/?p=5070','35:cbc63e486818fd4e652d0ebb60ee9f65',5070,'post','post',2,0,NULL,NULL,'10 Life Skills to Teach Girls','draft',0,0,NULL,NULL,NULL,NULL,NULL,90,0,NULL,0,NULL,NULL,NULL,NULL,NULL,NULL,NULL,NULL,NULL,NULL,NULL,NULL,NULL,NULL,NULL,NULL,NULL,'2022-07-14 00:31:45','2022-07-21 17:08:08',1,NULL,NULL,NULL,NULL,0,1,2,'2022-07-21 13:08:08','0000-00-00 00:00:00',NULL),(72,'https://www.praythepath.com/tag/8-bedtime-rituals-for-kids/','59:3d5be04e57d6742501d7383b6825e0de',71,'term','post_tag',NULL,NULL,NULL,NULL,'8 bedtime rituals for kids',NULL,NULL,0,NULL,NULL,NULL,NULL,NULL,NULL,0,NULL,NULL,NULL,NULL,NULL,NULL,NULL,NULL,NULL,NULL,NULL,NULL,NULL,NULL,NULL,NULL,0,NULL,NULL,'2022-07-14 05:13:53','2022-07-21 17:08:08',1,NULL,NULL,NULL,NULL,0,NULL,2,'2022-07-21 13:08:08',NULL,NULL),(77,'https://www.praythepath.com/category/uncategorized/','51:0b5290d91ec50b5cdd266142b6162186',1,'term','category',NULL,NULL,NULL,NULL,'Uncategorized',NULL,NULL,0,NULL,NULL,NULL,NULL,NULL,NULL,0,NULL,NULL,NULL,NULL,NULL,NULL,NULL,NULL,NULL,NULL,NULL,NULL,NULL,NULL,NULL,NULL,0,0,NULL,'2022-07-14 21:10:45','2023-07-31 19:13:16',1,NULL,NULL,NULL,NULL,0,NULL,2,'2022-09-02 03:45:29',NULL,NULL),(78,'https://www.praythepath.com/what-we-do/','39:9f05ff77969d254b594fc78bf99242d8',19,'post','page',1,0,NULL,NULL,'What we do','publish',NULL,0,NULL,NULL,NULL,NULL,NULL,60,0,NULL,0,NULL,NULL,NULL,NULL,NULL,NULL,NULL,NULL,NULL,NULL,NULL,NULL,NULL,NULL,0,NULL,NULL,'2022-07-15 19:33:02','2023-07-31 19:13:16',1,NULL,NULL,NULL,NULL,0,2,2,'2021-05-14 08:20:54','2021-05-14 08:20:54',NULL),(79,'https://www.praythepath.com/my-account/','39:fddd3473b1083a039b45b41806097c07',2275,'post','page',1,0,NULL,NULL,'My account','publish',NULL,0,NULL,NULL,NULL,NULL,NULL,0,0,NULL,0,NULL,NULL,NULL,NULL,NULL,NULL,NULL,NULL,NULL,NULL,NULL,NULL,NULL,NULL,0,NULL,NULL,'2022-07-16 08:13:11','2023-07-31 20:04:32',1,NULL,NULL,NULL,NULL,0,NULL,2,'2021-11-02 13:31:53','2021-11-02 13:31:53',NULL),(81,'https://www.praythepath.com/type/image/','39:3b39fe014593b487c2dc7786a47715d3',6,'term','post_format',NULL,NULL,NULL,NULL,'Image',NULL,NULL,0,NULL,NULL,NULL,NULL,NULL,NULL,0,NULL,NULL,NULL,NULL,NULL,NULL,NULL,NULL,NULL,NULL,NULL,NULL,NULL,NULL,NULL,NULL,0,NULL,NULL,'2022-07-16 16:49:41','2023-07-31 19:17:19',1,NULL,NULL,NULL,NULL,0,NULL,2,'2022-07-21 13:08:10','2021-11-18 15:54:48',NULL),(82,'https://www.praythepath.com/heritage-talent/','44:683225f7ea98ff7db10a4bf3f8f9b515',1282,'post','page',1,0,NULL,NULL,'Heritage Talent','publish',NULL,0,NULL,NULL,NULL,NULL,NULL,60,0,NULL,0,NULL,NULL,NULL,NULL,'https://www.praythepath.com/wp-content/uploads/2021/11/momspraying_symbol-1-silver-1024x1024.png',NULL,NULL,'first-content-image',NULL,NULL,'https://www.praythepath.com/wp-content/uploads/2021/11/momspraying_symbol-1-silver-1024x1024.png',NULL,'first-content-image',NULL,1,NULL,NULL,'2022-07-17 16:22:26','2023-07-31 19:37:45',1,NULL,NULL,NULL,NULL,0,6,2,'2021-11-19 19:04:53','2021-10-06 22:42:29',NULL),(83,'https://www.praythepath.com/2022/07/22/fuel-the-joy-of-everyday-living-with-food-family-and-fellowship/','103:cff4df02f87df5883977750ba5522867',5101,'post','post',2,0,NULL,NULL,'Fuel the Joy of Everyday Life with Food Family and Forgiveness','publish',NULL,0,NULL,NULL,NULL,NULL,NULL,30,0,NULL,0,NULL,NULL,NULL,NULL,'https://www.praythepath.com/wp-content/uploads/2022/07/FACEBOOK-4.png',NULL,'5122','featured-image','Fuel the Joy of Everyday Life with Food Family & Forgiveness',NULL,'https://www.praythepath.com/wp-content/uploads/2022/07/BOOKENDS-Facebook-Post-3.png','5118','set-by-user','{\"width\":940,\"height\":788,\"filesize\":543313,\"url\":\"https://www.praythepath.com/wp-content/uploads/2022/07/BOOKENDS-Facebook-Post-3.png\",\"path\":\"/home/patriciaferguson/public_html/_web/praythepath.com/wp-content/uploads/2022/07/BOOKENDS-Facebook-Post-3.png\",\"size\":\"full\",\"id\":\"5118\",\"alt\":\"\",\"pixels\":740720,\"type\":\"image/png\"}',0,0,NULL,'2022-07-22 05:55:53','2022-08-09 19:37:58',1,NULL,NULL,NULL,NULL,0,3,2,'2022-07-22 19:20:01','2022-07-22 06:49:35',NULL),(88,'https://www.praythepath.com/tag/fuel-the-joy-of-everyday-living-with-food-family-and-fellowship/','96:0ee4840fdd27d1e931d9d3619f48f045',72,'term','post_tag',NULL,NULL,NULL,NULL,'Fuel the Joy of Everyday Living with Food Family and Fellowship',NULL,NULL,0,NULL,NULL,NULL,NULL,NULL,NULL,0,NULL,NULL,NULL,NULL,NULL,NULL,NULL,NULL,NULL,NULL,NULL,NULL,NULL,NULL,NULL,NULL,0,NULL,NULL,'2022-07-22 06:32:23','2022-07-22 23:20:01',1,NULL,NULL,NULL,NULL,0,NULL,2,'2022-07-22 19:20:01',NULL,NULL),(89,'https://www.praythepath.com/tag/fuel-the-joy-of-everyday-living-with-food-family/','81:7820d8df7e26226c56fc616681654fdd',73,'term','post_tag',NULL,NULL,NULL,NULL,'Fuel the Joy of Everyday Living with Food Family',NULL,NULL,0,NULL,NULL,NULL,NULL,NULL,NULL,0,NULL,NULL,NULL,NULL,NULL,NULL,NULL,NULL,NULL,NULL,NULL,NULL,NULL,NULL,NULL,NULL,0,NULL,NULL,'2022-07-22 06:32:23','2022-07-22 23:20:01',1,NULL,NULL,NULL,NULL,0,NULL,2,'2022-07-22 19:20:01',NULL,NULL),(90,'https://www.praythepath.com/tag/fuel-the-joy-of-everyday-living-with-food/','74:ed0d5a524ede9ad4c682f8d4dd555538',74,'term','post_tag',NULL,NULL,NULL,NULL,'Fuel the Joy of Everyday Living with Food',NULL,NULL,0,NULL,NULL,NULL,NULL,NULL,NULL,0,NULL,NULL,NULL,NULL,NULL,NULL,NULL,NULL,NULL,NULL,NULL,NULL,NULL,NULL,NULL,NULL,0,NULL,NULL,'2022-07-22 06:32:23','2022-07-22 23:20:01',1,NULL,NULL,NULL,NULL,0,NULL,2,'2022-07-22 19:20:01',NULL,NULL),(91,'https://www.praythepath.com/tag/fuel-the-joy-of-everyday-living-with/','69:0115049a9fb2b58c83e807d9a16618d1',75,'term','post_tag',NULL,NULL,NULL,NULL,'Fuel the Joy of Everyday Living with',NULL,NULL,0,NULL,NULL,NULL,NULL,NULL,NULL,0,NULL,NULL,NULL,NULL,NULL,NULL,NULL,NULL,NULL,NULL,NULL,NULL,NULL,NULL,NULL,NULL,0,NULL,NULL,'2022-07-22 06:32:23','2022-07-22 23:20:01',1,NULL,NULL,NULL,NULL,0,NULL,2,'2022-07-22 19:20:01',NULL,NULL),(92,'https://www.praythepath.com/tag/fuel-the-joy-of-everyday-living/','64:2ad73895b9232edf38c41fa3c2634535',76,'term','post_tag',NULL,NULL,NULL,NULL,'Fuel the Joy of Everyday Living',NULL,NULL,0,NULL,NULL,NULL,NULL,NULL,NULL,0,NULL,NULL,NULL,NULL,NULL,NULL,NULL,NULL,NULL,NULL,NULL,NULL,NULL,NULL,NULL,NULL,0,NULL,NULL,'2022-07-22 06:32:23','2022-07-22 23:20:01',1,NULL,NULL,NULL,NULL,0,NULL,2,'2022-07-22 19:20:01',NULL,NULL),(93,'https://www.praythepath.com/tag/fuel-the-joy-of/','48:b7dc5d1b4299cb37807ae03a535cc8cd',77,'term','post_tag',NULL,NULL,NULL,NULL,'Fuel the Joy of',NULL,NULL,0,NULL,NULL,NULL,NULL,NULL,NULL,0,NULL,NULL,NULL,NULL,NULL,NULL,NULL,NULL,NULL,NULL,NULL,NULL,NULL,NULL,NULL,NULL,0,NULL,NULL,'2022-07-22 06:32:23','2022-07-22 23:20:01',1,NULL,NULL,NULL,NULL,0,NULL,2,'2022-07-22 19:20:01',NULL,NULL),(94,'https://www.praythepath.com/tag/fuel-the/','41:9833b3bfced3d6f576edbd6792f779b8',78,'term','post_tag',NULL,NULL,NULL,NULL,'Fuel the',NULL,NULL,0,NULL,NULL,NULL,NULL,NULL,NULL,0,NULL,NULL,NULL,NULL,NULL,NULL,NULL,NULL,NULL,NULL,NULL,NULL,NULL,NULL,NULL,NULL,0,NULL,NULL,'2022-07-22 06:32:23','2022-07-22 23:20:01',1,NULL,NULL,NULL,NULL,0,NULL,2,'2022-07-22 19:20:01',NULL,NULL),(95,'https://www.praythepath.com/tag/family-and-fellowship/','54:dca0d22400cc7f8015eb89f42761cf6a',79,'term','post_tag',NULL,NULL,NULL,NULL,'Family and Fellowship',NULL,NULL,0,NULL,NULL,NULL,NULL,NULL,NULL,0,NULL,NULL,NULL,NULL,NULL,NULL,NULL,NULL,NULL,NULL,NULL,NULL,NULL,NULL,NULL,NULL,0,NULL,NULL,'2022-07-22 06:32:23','2022-07-22 23:20:01',1,NULL,NULL,NULL,NULL,0,NULL,2,'2022-07-22 19:20:01',NULL,NULL),(96,'https://www.praythepath.com/tag/living-with-food/','49:6d6f50be5aa739e1494e09298f1e2c5f',80,'term','post_tag',NULL,NULL,NULL,NULL,'Living with Food',NULL,NULL,0,NULL,NULL,NULL,NULL,NULL,NULL,0,NULL,NULL,NULL,NULL,NULL,NULL,NULL,NULL,NULL,NULL,NULL,NULL,NULL,NULL,NULL,NULL,0,NULL,NULL,'2022-07-22 06:32:23','2022-07-22 23:20:01',1,NULL,NULL,NULL,NULL,0,NULL,2,'2022-07-22 19:20:01',NULL,NULL),(97,'https://www.praythepath.com/tag/joy-of-fuel/','44:c5a81b2d3408dfc855ad63d9170df2d5',81,'term','post_tag',NULL,NULL,NULL,NULL,'Joy of fuel',NULL,NULL,0,NULL,NULL,NULL,NULL,NULL,NULL,0,NULL,NULL,NULL,NULL,NULL,NULL,NULL,NULL,NULL,NULL,NULL,NULL,NULL,NULL,NULL,NULL,0,NULL,NULL,'2022-07-22 06:32:23','2022-07-22 23:20:01',1,NULL,NULL,NULL,NULL,0,NULL,2,'2022-07-22 19:20:01',NULL,NULL),(98,'https://www.praythepath.com/tag/every-day/','42:fab50c0e8e94ee4086bc0897f395e351',82,'term','post_tag',NULL,NULL,NULL,NULL,'every day',NULL,NULL,0,NULL,NULL,NULL,NULL,NULL,NULL,0,NULL,NULL,NULL,NULL,NULL,NULL,NULL,NULL,NULL,NULL,NULL,NULL,NULL,NULL,NULL,NULL,0,NULL,NULL,'2022-07-22 06:32:23','2022-07-22 23:20:01',1,NULL,NULL,NULL,NULL,0,NULL,2,'2022-07-22 19:20:01',NULL,NULL),(99,'https://www.praythepath.com/tag/everyday-fuel/','46:ecfe92d1df25130cb98d435baf923d3c',83,'term','post_tag',NULL,NULL,NULL,NULL,'everyday fuel',NULL,NULL,0,NULL,NULL,NULL,NULL,NULL,NULL,0,NULL,NULL,NULL,NULL,NULL,NULL,NULL,NULL,NULL,NULL,NULL,NULL,NULL,NULL,NULL,NULL,0,NULL,NULL,'2022-07-22 06:32:23','2022-07-22 23:20:01',1,NULL,NULL,NULL,NULL,0,NULL,2,'2022-07-22 19:20:01',NULL,NULL),(100,'https://www.praythepath.com/tag/family-strong/','46:9954eac7b691045d994bb88a9ac6d0e4',84,'term','post_tag',NULL,NULL,NULL,NULL,'family strong',NULL,NULL,0,NULL,NULL,NULL,NULL,NULL,NULL,0,NULL,NULL,NULL,NULL,NULL,NULL,NULL,NULL,NULL,NULL,NULL,NULL,NULL,NULL,NULL,NULL,0,NULL,NULL,'2022-07-22 06:49:35','2022-07-22 11:02:06',1,NULL,NULL,NULL,NULL,0,NULL,2,'2022-07-22 07:02:05',NULL,NULL),(101,'https://www.praythepath.com/tag/strong-family/','46:fd4a48ae8c203d9258c2c62bbad3aade',85,'term','post_tag',NULL,NULL,NULL,NULL,'strong family',NULL,NULL,0,NULL,NULL,NULL,NULL,NULL,NULL,0,NULL,NULL,NULL,NULL,NULL,NULL,NULL,NULL,NULL,NULL,NULL,NULL,NULL,NULL,NULL,NULL,0,NULL,NULL,'2022-07-22 06:49:35','2022-07-22 11:02:06',1,NULL,NULL,NULL,NULL,0,NULL,2,'2022-07-22 07:02:05',NULL,NULL),(102,'https://www.praythepath.com/category/family-and-fellowship/','59:c348aad160ebb9f4d2f3b838a89dc704',86,'term','category',NULL,NULL,NULL,NULL,'Family and Fellowship',NULL,NULL,0,NULL,NULL,NULL,NULL,NULL,NULL,0,NULL,NULL,NULL,NULL,NULL,NULL,NULL,NULL,NULL,NULL,NULL,NULL,NULL,NULL,NULL,NULL,0,1,NULL,'2022-07-22 06:52:26','2022-09-02 08:03:14',1,NULL,NULL,NULL,NULL,0,NULL,2,'2022-09-02 04:03:14',NULL,NULL),(110,'https://www.praythepath.com/2022/07/23/enjoy-your-weekendworkout-saturdays/','75:539f1da688628403e4d69ac287b31c12',5140,'post','post',2,0,NULL,NULL,'Enjoy Your Weekend:Workout Saturdays','publish',NULL,0,NULL,NULL,NULL,NULL,NULL,30,0,NULL,0,NULL,NULL,NULL,NULL,'https://www.praythepath.com/wp-content/uploads/2022/07/FACEBOOK-10-1.png',NULL,'5155','featured-image','Enjoy Your Weekend : Workout Saturdays',NULL,'https://www.praythepath.com/wp-content/uploads/2022/07/FACEBOOK-10.png','5154','set-by-user','{\"width\":1200,\"height\":530,\"filesize\":589358,\"url\":\"https://www.praythepath.com/wp-content/uploads/2022/07/FACEBOOK-10.png\",\"path\":\"/home/patriciaferguson/public_html/_web/praythepath.com/wp-content/uploads/2022/07/FACEBOOK-10.png\",\"size\":\"full\",\"id\":\"5154\",\"alt\":\"\",\"pixels\":636000,\"type\":\"image/png\"}',0,0,NULL,'2022-07-23 03:50:23','2022-08-09 19:37:58',1,NULL,NULL,NULL,NULL,0,4,2,'2022-07-23 06:42:38','2022-07-23 05:41:28',NULL),(113,'https://www.praythepath.com/category/family-health-and-fitness/','63:0cb538dede6cb2198a39b9772884acab',87,'term','category',NULL,NULL,NULL,NULL,'Family Health and Fitness',NULL,NULL,0,NULL,NULL,NULL,NULL,NULL,NULL,0,NULL,NULL,NULL,NULL,NULL,NULL,NULL,NULL,NULL,NULL,NULL,NULL,NULL,NULL,NULL,NULL,0,0,NULL,'2022-07-23 05:40:21','2022-08-09 19:37:58',1,NULL,NULL,NULL,NULL,0,NULL,2,'2022-07-23 06:42:38',NULL,NULL),(119,'https://www.praythepath.com/2022/07/23/sundaysworship-with-family/','66:ed80acee57c91e858259d27117188fdb',5157,'post','post',2,0,NULL,NULL,'Sundays:Worship with Family','publish',NULL,0,NULL,NULL,NULL,NULL,NULL,30,0,NULL,0,NULL,NULL,NULL,NULL,'https://www.praythepath.com/wp-content/uploads/2022/07/FACEBOOK-13-1.png',NULL,'5167','featured-image','Worship with Family',NULL,'https://www.praythepath.com/wp-content/uploads/2022/07/FACEBOOK-13.png','5166','set-by-user','{\"width\":1200,\"height\":530,\"filesize\":893943,\"url\":\"https://www.praythepath.com/wp-content/uploads/2022/07/FACEBOOK-13.png\",\"path\":\"/home/patriciaferguson/public_html/_web/praythepath.com/wp-content/uploads/2022/07/FACEBOOK-13.png\",\"size\":\"full\",\"id\":\"5166\",\"alt\":\"\",\"pixels\":636000,\"type\":\"image/png\"}',0,0,NULL,'2022-07-23 07:35:00','2022-08-09 19:37:58',1,NULL,NULL,NULL,NULL,0,5,2,'2022-07-24 02:26:55','2022-07-23 21:57:05',NULL),(120,'https://www.praythepath.com/tag/worship-with-family/','52:f61cbaa323441ff31861f6709c1e4abb',88,'term','post_tag',NULL,NULL,NULL,NULL,'Worship with Family',NULL,NULL,0,NULL,NULL,NULL,NULL,NULL,NULL,0,NULL,NULL,NULL,NULL,NULL,NULL,NULL,NULL,NULL,NULL,NULL,NULL,NULL,NULL,NULL,NULL,0,NULL,NULL,'2022-07-23 07:45:06','2022-07-24 06:26:55',1,NULL,NULL,NULL,NULL,0,NULL,2,'2022-07-24 02:26:55',NULL,NULL),(121,'https://www.praythepath.com/tag/sunday-family-worship/','54:91bf68f777427f21b4b9fa86bb2cf8e1',89,'term','post_tag',NULL,NULL,NULL,NULL,'Sunday Family Worship',NULL,NULL,0,NULL,NULL,NULL,NULL,NULL,NULL,0,NULL,NULL,NULL,NULL,NULL,NULL,NULL,NULL,NULL,NULL,NULL,NULL,NULL,NULL,NULL,NULL,0,NULL,NULL,'2022-07-23 07:45:06','2022-07-24 06:26:55',1,NULL,NULL,NULL,NULL,0,NULL,2,'2022-07-24 02:26:55',NULL,NULL),(122,'https://www.praythepath.com/category/family-worship/','52:55cb5bf053028f3401f041ee9ef5d43d',90,'term','category',NULL,NULL,NULL,NULL,'Family Worship',NULL,NULL,0,NULL,NULL,NULL,NULL,NULL,NULL,0,NULL,NULL,NULL,NULL,NULL,NULL,NULL,NULL,NULL,NULL,NULL,NULL,NULL,NULL,NULL,NULL,0,0,NULL,'2022-07-23 07:45:36','2022-08-14 04:45:27',1,NULL,NULL,NULL,NULL,0,NULL,2,'2022-08-14 00:45:26',NULL,NULL),(123,NULL,NULL,NULL,'system-page','search-result',NULL,NULL,'You searched for %%searchphrase%% %%page%% %%sep%% %%sitename%%',NULL,NULL,NULL,NULL,0,NULL,NULL,NULL,NULL,NULL,NULL,0,1,0,0,0,0,NULL,NULL,NULL,NULL,NULL,NULL,NULL,NULL,NULL,NULL,NULL,NULL,NULL,NULL,'2022-07-23 10:03:42','2022-07-23 14:03:42',1,NULL,NULL,NULL,NULL,0,NULL,1,NULL,NULL,NULL),(139,'https://www.praythepath.com/?p=5187','35:2b51eb6c9ea6a3af02af939176e0bc7a',5187,'post','post',2,0,NULL,NULL,'','draft',0,0,NULL,NULL,NULL,NULL,NULL,0,0,NULL,0,NULL,NULL,NULL,NULL,NULL,NULL,NULL,NULL,NULL,NULL,NULL,NULL,NULL,NULL,NULL,NULL,NULL,'2022-07-25 01:57:43','2022-07-25 05:57:50',1,NULL,NULL,NULL,NULL,0,1,2,'2022-07-25 01:57:50','0000-00-00 00:00:00',NULL),(140,'https://www.praythepath.com/2022/07/25/talking-college-prek-12-moms-and-dads-its-time/','86:1d538073451d21aa6cafb1af8e494015',5192,'post','post',2,0,NULL,NULL,'Talking College PreK-12: Moms and Dads It&#8217;s Time','publish',NULL,0,NULL,NULL,NULL,NULL,NULL,30,0,NULL,0,NULL,NULL,NULL,NULL,'https://www.praythepath.com/wp-content/uploads/2022/07/FACEBOOK-14-1.png',NULL,'5189','featured-image','Talking College PreK-12: Moms and Dads It\'s Time',NULL,'https://www.praythepath.com/wp-content/uploads/2022/07/FACEBOOK-14-1.png','5189','set-by-user','{\"width\":1200,\"height\":530,\"filesize\":206607,\"url\":\"https://www.praythepath.com/wp-content/uploads/2022/07/FACEBOOK-14-1.png\",\"path\":\"/home/patriciaferguson/public_html/_web/praythepath.com/wp-content/uploads/2022/07/FACEBOOK-14-1.png\",\"size\":\"full\",\"id\":\"5189\",\"alt\":\"\",\"pixels\":636000,\"type\":\"image/png\"}',0,NULL,NULL,'2022-07-25 02:00:19','2022-07-25 14:19:04',1,NULL,NULL,NULL,NULL,0,4,2,'2022-07-25 10:19:04','2022-07-25 10:19:04',NULL),(141,'https://www.praythepath.com/category/families-college-prep-k-12/','64:70d3c06dd84c9ebd34004b5f8432c4bf',91,'term','category',NULL,NULL,NULL,NULL,'Families College Prep K-12',NULL,NULL,0,NULL,NULL,NULL,NULL,NULL,NULL,0,NULL,NULL,NULL,NULL,NULL,NULL,NULL,NULL,NULL,NULL,NULL,NULL,NULL,NULL,NULL,NULL,0,NULL,NULL,'2022-07-25 02:48:40','2022-07-28 09:55:18',1,NULL,NULL,NULL,NULL,0,NULL,2,'2022-07-28 05:55:17',NULL,NULL),(142,'https://www.praythepath.com/?p=5194','35:b3fc0c260d1d7e2ad1379ee87870aeb9',5194,'post','post',2,0,NULL,NULL,'Back to School Planning','draft',0,0,NULL,NULL,NULL,NULL,NULL,0,0,NULL,0,NULL,NULL,NULL,NULL,'https://www.praythepath.com/wp-content/uploads/2022/07/FACEBOOK-15-1.png',NULL,'5197','featured-image',NULL,NULL,'https://www.praythepath.com/wp-content/uploads/2022/07/FACEBOOK-15.png','5196','set-by-user','{\"width\":1200,\"height\":530,\"filesize\":409206,\"url\":\"https://www.praythepath.com/wp-content/uploads/2022/07/FACEBOOK-15.png\",\"path\":\"/home/patriciaferguson/public_html/_web/praythepath.com/wp-content/uploads/2022/07/FACEBOOK-15.png\",\"size\":\"full\",\"id\":\"5196\",\"alt\":\"\",\"pixels\":636000,\"type\":\"image/png\"}',NULL,NULL,NULL,'2022-07-25 03:33:34','2022-07-25 09:12:30',1,NULL,NULL,NULL,NULL,0,0,2,'2022-07-25 05:12:30','0000-00-00 00:00:00',NULL),(143,'https://www.praythepath.com/2022/07/26/family-choose-your-success-track-on-line-learning-college-or-university-trade-or-technical-school-start-your-own-business/','161:f9a84d0aebae8becf4dfeab37b70f4fe',5200,'post','post',2,0,NULL,NULL,'Family Choose Your Success Track: On Line Learning College or University Trade or Technical School Start Your Own Business','publish',NULL,0,NULL,NULL,NULL,NULL,NULL,30,0,NULL,0,NULL,NULL,NULL,NULL,'https://www.praythepath.com/wp-content/uploads/2022/07/FACEBOOK-17.png',NULL,'5211','featured-image','Family Choose Your Success Track: On Line Learning College or University Trade or Technical School Start Your Own Business',NULL,'https://www.praythepath.com/wp-content/uploads/2022/07/FACEBOOK-17.png','5211','set-by-user','{\"width\":1200,\"height\":530,\"filesize\":453778,\"url\":\"https://www.praythepath.com/wp-content/uploads/2022/07/FACEBOOK-17.png\",\"path\":\"/home/patriciaferguson/public_html/_web/praythepath.com/wp-content/uploads/2022/07/FACEBOOK-17.png\",\"size\":\"full\",\"id\":\"5211\",\"alt\":\"\",\"pixels\":636000,\"type\":\"image/png\"}',0,NULL,NULL,'2022-07-26 04:05:18','2022-07-28 09:55:18',1,NULL,NULL,NULL,NULL,0,3,2,'2022-07-28 05:55:17','2022-07-26 04:57:05',NULL),(145,'https://www.praythepath.com/tag/family-choose-your-success-track/','65:617b53f4dc93a56a39159b54fa51580d',92,'term','post_tag',NULL,NULL,NULL,NULL,'family choose your success track',NULL,NULL,0,NULL,NULL,NULL,NULL,NULL,NULL,0,NULL,NULL,NULL,NULL,NULL,NULL,NULL,NULL,NULL,NULL,NULL,NULL,NULL,NULL,NULL,NULL,0,NULL,NULL,'2022-07-26 04:56:21','2022-07-28 09:55:18',1,NULL,NULL,NULL,NULL,0,NULL,2,'2022-07-28 05:55:17',NULL,NULL),(146,'https://www.praythepath.com/tag/families-choose-your/','53:3097d6d2cb1910ea5187dacf92f1784d',93,'term','post_tag',NULL,NULL,NULL,NULL,'families choose your',NULL,NULL,0,NULL,NULL,NULL,NULL,NULL,NULL,0,NULL,NULL,NULL,NULL,NULL,NULL,NULL,NULL,NULL,NULL,NULL,NULL,NULL,NULL,NULL,NULL,0,NULL,NULL,'2022-07-26 04:56:21','2022-07-28 09:55:18',1,NULL,NULL,NULL,NULL,0,NULL,2,'2022-07-28 05:55:17',NULL,NULL),(147,'https://www.praythepath.com/tag/families-choose/','48:f78aa3d99073aaa04ec33b7aea2e2a4a',94,'term','post_tag',NULL,NULL,NULL,NULL,'families choose',NULL,NULL,0,NULL,NULL,NULL,NULL,NULL,NULL,0,NULL,NULL,NULL,NULL,NULL,NULL,NULL,NULL,NULL,NULL,NULL,NULL,NULL,NULL,NULL,NULL,0,NULL,NULL,'2022-07-26 04:56:21','2022-07-28 09:55:18',1,NULL,NULL,NULL,NULL,0,NULL,2,'2022-07-28 05:55:17',NULL,NULL),(148,'https://www.praythepath.com/tag/families/','41:16d329924f972783ecaab431d82a4fb2',95,'term','post_tag',NULL,NULL,NULL,NULL,'families',NULL,NULL,0,NULL,NULL,NULL,NULL,NULL,NULL,0,NULL,NULL,NULL,NULL,NULL,NULL,NULL,NULL,NULL,NULL,NULL,NULL,NULL,NULL,NULL,NULL,0,NULL,NULL,'2022-07-26 04:56:21','2022-07-28 09:55:18',1,NULL,NULL,NULL,NULL,0,NULL,2,'2022-07-28 05:55:17',NULL,NULL),(149,'https://www.praythepath.com/tag/track-your-success/','51:fa41a139a3397168ab24fb990e573fa2',96,'term','post_tag',NULL,NULL,NULL,NULL,'track your success',NULL,NULL,0,NULL,NULL,NULL,NULL,NULL,NULL,0,NULL,NULL,NULL,NULL,NULL,NULL,NULL,NULL,NULL,NULL,NULL,NULL,NULL,NULL,NULL,NULL,0,NULL,NULL,'2022-07-26 04:56:21','2022-07-28 09:55:18',1,NULL,NULL,NULL,NULL,0,NULL,2,'2022-07-28 05:55:17',NULL,NULL),(150,'https://www.praythepath.com/tag/families-track-your-success/','60:1bf5a4151e6c6460e03cc281fa2e054e',97,'term','post_tag',NULL,NULL,NULL,NULL,'families track your success',NULL,NULL,0,NULL,NULL,NULL,NULL,NULL,NULL,0,NULL,NULL,NULL,NULL,NULL,NULL,NULL,NULL,NULL,NULL,NULL,NULL,NULL,NULL,NULL,NULL,0,NULL,NULL,'2022-07-26 04:56:21','2022-07-28 09:55:18',1,NULL,NULL,NULL,NULL,0,NULL,2,'2022-07-28 05:55:17',NULL,NULL),(151,'https://www.praythepath.com/tag/track-success/','46:4eba79b57ebb368f627765a082d1ecb1',98,'term','post_tag',NULL,NULL,NULL,NULL,'track success',NULL,NULL,0,NULL,NULL,NULL,NULL,NULL,NULL,0,NULL,NULL,NULL,NULL,NULL,NULL,NULL,NULL,NULL,NULL,NULL,NULL,NULL,NULL,NULL,NULL,0,NULL,NULL,'2022-07-26 04:56:21','2022-07-28 09:55:18',1,NULL,NULL,NULL,NULL,0,NULL,2,'2022-07-28 05:55:17',NULL,NULL),(152,'https://www.praythepath.com/tag/success-track/','46:a0d31b4f1f4d4ef1b623aecfac953444',99,'term','post_tag',NULL,NULL,NULL,NULL,'success track',NULL,NULL,0,NULL,NULL,NULL,NULL,NULL,NULL,0,NULL,NULL,NULL,NULL,NULL,NULL,NULL,NULL,NULL,NULL,NULL,NULL,NULL,NULL,NULL,NULL,0,NULL,NULL,'2022-07-26 04:56:21','2022-07-28 09:55:18',1,NULL,NULL,NULL,NULL,0,NULL,2,'2022-07-28 05:55:17',NULL,NULL),(154,'https://www.praythepath.com/tag/income/','39:3f9eeb6bbfac80cd1006ee8d61e3f816',33,'term','post_tag',NULL,NULL,NULL,NULL,'income',NULL,NULL,0,NULL,NULL,NULL,NULL,NULL,NULL,0,NULL,NULL,NULL,NULL,NULL,NULL,NULL,NULL,NULL,NULL,NULL,NULL,NULL,NULL,NULL,NULL,0,NULL,NULL,'2022-07-28 04:36:55','2023-07-31 19:47:59',1,NULL,NULL,NULL,NULL,0,NULL,2,'2022-07-21 13:08:09','2022-07-11 05:12:33',NULL),(155,'https://www.praythepath.com/2022/07/28/dont-go-through-life-without-family/','75:a17b193697a7d939c5003864af1a068e',5217,'post','post',2,0,NULL,'The complexities of living today, demands more from family now, than ever in history. Family constitutes generations. It is within the context of the experience and knowledge of the \"generations\", you are loved and can find safety.','Don&#8217;t Go Through Life Without Family','publish',NULL,0,NULL,NULL,NULL,NULL,NULL,30,0,NULL,0,NULL,NULL,NULL,NULL,'https://www.praythepath.com/wp-content/uploads/2022/07/FACEBOOK-18.png',NULL,'5220','featured-image',NULL,NULL,'https://www.praythepath.com/wp-content/uploads/2022/07/FACEBOOK-18.png','5220','set-by-user','{\"width\":1200,\"height\":530,\"filesize\":385942,\"url\":\"https://www.praythepath.com/wp-content/uploads/2022/07/FACEBOOK-18.png\",\"path\":\"/home/patriciaferguson/public_html/_web/praythepath.com/wp-content/uploads/2022/07/FACEBOOK-18.png\",\"size\":\"full\",\"id\":\"5220\",\"alt\":\"\",\"pixels\":636000,\"type\":\"image/png\"}',0,2,NULL,'2022-07-28 04:37:02','2022-08-09 19:37:59',1,NULL,NULL,NULL,NULL,0,3,2,'2022-07-28 05:52:38','2022-07-28 05:11:50',NULL),(156,'https://www.praythepath.com/tag/kids-and-money-matters/','55:e14bfee8e0a73aa1e2db52383b36ab2e',35,'term','post_tag',NULL,NULL,NULL,NULL,'kids and money matters',NULL,NULL,0,NULL,NULL,NULL,NULL,NULL,NULL,0,NULL,NULL,NULL,NULL,NULL,NULL,NULL,NULL,NULL,NULL,NULL,NULL,NULL,NULL,NULL,NULL,0,NULL,NULL,'2022-07-28 04:38:45','2023-07-31 20:04:32',1,NULL,NULL,NULL,NULL,0,NULL,2,'2022-07-21 13:08:09','2022-07-11 05:12:33',NULL),(157,'https://www.praythepath.com/tag/at-school-boosting-performance/','63:fe0b9ddf9a728437cd88003fe84f1dd0',43,'term','post_tag',NULL,NULL,NULL,NULL,'at school boosting performance',NULL,NULL,0,NULL,NULL,NULL,NULL,NULL,NULL,0,NULL,NULL,NULL,NULL,NULL,NULL,NULL,NULL,NULL,NULL,NULL,NULL,NULL,NULL,NULL,NULL,0,NULL,NULL,'2022-07-28 04:44:16','2023-07-31 21:03:35',1,NULL,NULL,NULL,NULL,0,NULL,2,'2022-07-21 13:08:09','2022-07-11 14:06:15',NULL),(158,'https://www.praythepath.com/tag/residual-income/','48:b5a0021972b2d32351c8bb627c5d7091',31,'term','post_tag',NULL,NULL,NULL,NULL,'residual income',NULL,NULL,0,NULL,NULL,NULL,NULL,NULL,NULL,0,NULL,NULL,NULL,NULL,NULL,NULL,NULL,NULL,NULL,NULL,NULL,NULL,NULL,NULL,NULL,NULL,0,NULL,NULL,'2022-07-28 04:47:56','2023-07-31 19:37:45',1,NULL,NULL,NULL,NULL,0,NULL,2,'2022-07-21 13:08:09','2022-07-11 05:12:33',NULL),(160,'https://www.praythepath.com/tag/dont-do-life-without-family/','60:613644e24180797d96b0d870e356bf91',100,'term','post_tag',NULL,NULL,NULL,NULL,'Don\'t Do Life Without Family',NULL,NULL,0,NULL,NULL,NULL,NULL,NULL,NULL,0,NULL,NULL,NULL,NULL,NULL,NULL,NULL,NULL,NULL,NULL,NULL,NULL,NULL,NULL,NULL,NULL,0,NULL,NULL,'2022-07-28 05:02:28','2022-07-28 09:52:38',1,NULL,NULL,NULL,NULL,0,NULL,2,'2022-07-28 05:52:38',NULL,NULL),(161,'https://www.praythepath.com/tag/at-school/','42:a07867120f2f7542ad82eabb0af713fe',40,'term','post_tag',NULL,NULL,NULL,NULL,'at school',NULL,NULL,0,NULL,NULL,NULL,NULL,NULL,NULL,0,NULL,NULL,NULL,NULL,NULL,NULL,NULL,NULL,NULL,NULL,NULL,NULL,NULL,NULL,NULL,NULL,0,NULL,NULL,'2022-07-28 05:06:05','2023-07-31 20:52:38',1,NULL,NULL,NULL,NULL,0,NULL,2,'2022-07-21 13:08:09','2022-07-11 14:06:15',NULL),(163,'https://www.praythepath.com/2022/07/29/every-family-is-special-every-family-an-original-love-one-another/','105:9facdddb5ea8eac9d70dd419ac8701c4',5225,'post','post',2,0,NULL,NULL,'Every Family is Special Every Family an Original-What Families Must Remember','publish',NULL,0,NULL,NULL,NULL,'Every Family is Special Every Family an Original-What Families Must Remember',49,30,0,NULL,0,NULL,NULL,NULL,NULL,'https://www.praythepath.com/wp-content/uploads/2022/07/FACEBOOK-1.png',NULL,'5228','featured-image','Every Family is Special Every Family an Original: Love One Another',NULL,'https://www.praythepath.com/wp-content/uploads/2022/07/FACEBOOK-1.png','5228','set-by-user','{\"width\":1200,\"height\":530,\"filesize\":662122,\"url\":\"https://www.praythepath.com/wp-content/uploads/2022/07/FACEBOOK-1.png\",\"path\":\"/home/patriciaferguson/public_html/_web/praythepath.com/wp-content/uploads/2022/07/FACEBOOK-1.png\",\"size\":\"full\",\"id\":\"5228\",\"alt\":\"\",\"pixels\":636000,\"type\":\"image/png\"}',0,2,NULL,'2022-07-29 03:27:46','2022-08-09 19:37:59',1,NULL,NULL,NULL,NULL,0,4,2,'2022-07-29 05:49:06','2022-07-29 05:31:11',NULL),(165,'https://www.praythepath.com/category/family-and-purpose/','56:1e7113b4ddde1c1e9b4b9ca8ab22f7db',101,'term','category',NULL,NULL,NULL,NULL,'Family and Purpose',NULL,NULL,0,NULL,NULL,NULL,NULL,NULL,NULL,0,NULL,NULL,NULL,NULL,NULL,NULL,NULL,NULL,NULL,NULL,NULL,NULL,NULL,NULL,NULL,NULL,0,1,NULL,'2022-07-29 05:44:41','2022-09-02 08:03:14',1,NULL,NULL,NULL,NULL,0,NULL,2,'2022-09-02 04:03:14',NULL,NULL),(166,'https://www.praythepath.com/tag/every-family-is-special-every-family-an-original-what-families-must-remember/','109:de1fef4b453c62e5025ffc0eec2c491c',102,'term','post_tag',NULL,NULL,NULL,NULL,'Every Family is Special Every Family an Original-What Families Must Remember',NULL,NULL,0,NULL,NULL,NULL,NULL,NULL,NULL,0,NULL,NULL,NULL,NULL,NULL,NULL,NULL,NULL,NULL,NULL,NULL,NULL,NULL,NULL,NULL,NULL,0,NULL,NULL,'2022-07-29 05:44:58','2022-07-29 09:49:06',1,NULL,NULL,NULL,NULL,0,NULL,2,'2022-07-29 05:49:06',NULL,NULL),(167,'https://www.praythepath.com/tag/kids-money-matters/','51:ccedcd27cd45864fd05e5eeda17eae2f',34,'term','post_tag',NULL,NULL,NULL,NULL,'kids money matters',NULL,NULL,0,NULL,NULL,NULL,NULL,NULL,NULL,0,NULL,NULL,NULL,NULL,NULL,NULL,NULL,NULL,NULL,NULL,NULL,NULL,NULL,NULL,NULL,NULL,0,NULL,NULL,'2022-07-30 09:17:54','2023-07-31 19:47:59',1,NULL,NULL,NULL,NULL,0,NULL,2,'2022-07-21 13:08:09','2022-07-11 05:12:33',NULL),(168,'https://www.praythepath.com/?p=5235','35:7d03fb1b14bbd0c1f8e7b15fbae2beb6',5235,'post','post',2,0,NULL,NULL,'','draft',0,0,NULL,NULL,NULL,NULL,NULL,0,0,NULL,0,NULL,NULL,NULL,NULL,NULL,NULL,NULL,NULL,NULL,NULL,NULL,NULL,NULL,NULL,NULL,NULL,NULL,'2022-08-01 02:08:38','2022-08-01 06:23:38',1,NULL,NULL,NULL,NULL,0,NULL,2,'2022-08-01 02:23:38','0000-00-00 00:00:00',NULL),(169,'https://www.praythepath.com/2022/08/02/a-few-tips-making-first-day-of-school-special/','85:a2d2348d66fcbc634b5ebde75e565dfe',5236,'post','post',2,0,NULL,NULL,'A Few Tips: Making First Day of School Special','publish',NULL,0,NULL,NULL,NULL,NULL,NULL,30,0,NULL,0,NULL,NULL,NULL,NULL,'https://www.praythepath.com/wp-content/uploads/2022/08/FACEBOOK-8-1.png',NULL,'5246','featured-image','A Few Tips: Making First Day of School Special',NULL,'https://www.praythepath.com/wp-content/uploads/2022/08/FACEBOOK-8.png','5245','set-by-user','{\"width\":1200,\"height\":530,\"filesize\":862762,\"url\":\"https://www.praythepath.com/wp-content/uploads/2022/08/FACEBOOK-8.png\",\"path\":\"/home/patriciaferguson/public_html/_web/praythepath.com/wp-content/uploads/2022/08/FACEBOOK-8.png\",\"size\":\"full\",\"id\":\"5245\",\"alt\":\"\",\"pixels\":636000,\"type\":\"image/png\"}',0,2,NULL,'2022-08-02 03:57:20','2022-08-09 19:37:59',1,NULL,NULL,NULL,NULL,0,5,2,'2022-08-02 06:34:29','2022-08-02 05:35:24',NULL),(171,'https://www.praythepath.com/tag/a-few-tips-making-first-day-of-school-special/','78:96fe4dcdbda29362ab32ee0fa01df688',103,'term','post_tag',NULL,NULL,NULL,NULL,'A Few Tips: Making First Day of School Special',NULL,NULL,0,NULL,NULL,NULL,NULL,NULL,NULL,0,NULL,NULL,NULL,NULL,NULL,NULL,NULL,NULL,NULL,NULL,NULL,NULL,NULL,NULL,NULL,NULL,0,NULL,NULL,'2022-08-02 05:35:24','2022-08-02 10:34:29',1,NULL,NULL,NULL,NULL,0,NULL,2,'2022-08-02 06:34:29',NULL,NULL),(172,'https://www.praythepath.com/tag/a-few-tips-making-first-day-of-school/','70:f18d55ff064854370bc2b01ad3fafa93',104,'term','post_tag',NULL,NULL,NULL,NULL,'A Few Tips: Making First Day of School',NULL,NULL,0,NULL,NULL,NULL,NULL,NULL,NULL,0,NULL,NULL,NULL,NULL,NULL,NULL,NULL,NULL,NULL,NULL,NULL,NULL,NULL,NULL,NULL,NULL,0,NULL,NULL,'2022-08-02 05:35:24','2022-08-02 10:34:29',1,NULL,NULL,NULL,NULL,0,NULL,2,'2022-08-02 06:34:29',NULL,NULL),(173,'https://www.praythepath.com/tag/a-few-tips-making-first-day/','60:04f7caa4ebf1847c3d69887e498218ac',105,'term','post_tag',NULL,NULL,NULL,NULL,'A Few Tips: Making First Day',NULL,NULL,0,NULL,NULL,NULL,NULL,NULL,NULL,0,NULL,NULL,NULL,NULL,NULL,NULL,NULL,NULL,NULL,NULL,NULL,NULL,NULL,NULL,NULL,NULL,0,NULL,NULL,'2022-08-02 05:35:24','2022-08-02 10:34:29',1,NULL,NULL,NULL,NULL,0,NULL,2,'2022-08-02 06:34:29',NULL,NULL),(174,'https://www.praythepath.com/tag/a-few-tips/','43:dabf8b6a96dcc9a09eb3e7dd6c36b1c8',106,'term','post_tag',NULL,NULL,NULL,NULL,'A Few Tips',NULL,NULL,0,NULL,NULL,NULL,NULL,NULL,NULL,0,NULL,NULL,NULL,NULL,NULL,NULL,NULL,NULL,NULL,NULL,NULL,NULL,NULL,NULL,NULL,NULL,0,NULL,NULL,'2022-08-02 05:35:24','2022-08-02 10:34:29',1,NULL,NULL,NULL,NULL,0,NULL,2,'2022-08-02 06:34:29',NULL,NULL),(175,'https://www.praythepath.com/tag/making-first-day-of-school-special/','67:4191b6a6b674f2df6a31e9514d5bb0b6',107,'term','post_tag',NULL,NULL,NULL,NULL,'Making First Day of School Special',NULL,NULL,0,NULL,NULL,NULL,NULL,NULL,NULL,0,NULL,NULL,NULL,NULL,NULL,NULL,NULL,NULL,NULL,NULL,NULL,NULL,NULL,NULL,NULL,NULL,0,NULL,NULL,'2022-08-02 05:35:24','2022-08-02 10:34:29',1,NULL,NULL,NULL,NULL,0,NULL,2,'2022-08-02 06:34:29',NULL,NULL),(183,'https://www.praythepath.com/?p=5264','35:0b607316cb97d77560b4bcf6dd554866',5264,'post','post',2,0,NULL,NULL,'','draft',0,0,NULL,NULL,NULL,NULL,NULL,0,0,NULL,0,NULL,NULL,NULL,NULL,NULL,NULL,NULL,NULL,NULL,NULL,NULL,NULL,NULL,NULL,NULL,NULL,NULL,'2022-08-03 01:37:16','2022-08-03 05:48:31',1,NULL,NULL,NULL,NULL,0,NULL,2,'2022-08-03 01:48:31','0000-00-00 00:00:00',NULL),(184,'https://www.praythepath.com/?post_type=e-landing-page&p=5268','60:dac463094783d9d75ff7dbc4384b4423',5268,'post','e-landing-page',2,0,NULL,NULL,'Elementor Landing Page #5268','draft',0,0,NULL,NULL,NULL,NULL,NULL,0,0,NULL,0,NULL,NULL,NULL,NULL,NULL,NULL,NULL,NULL,NULL,NULL,NULL,NULL,NULL,NULL,NULL,NULL,NULL,'2022-08-09 17:59:39','2022-08-09 22:01:06',1,NULL,NULL,NULL,NULL,0,0,2,'2022-08-09 18:01:06','0000-00-00 00:00:00',NULL),(191,'https://www.praythepath.com/checkout/','37:9d357b97b70c705727fabced8351bedb',2273,'post','page',1,0,NULL,NULL,'Checkout','publish',NULL,0,NULL,NULL,NULL,NULL,NULL,0,0,NULL,0,NULL,NULL,NULL,NULL,NULL,NULL,NULL,NULL,NULL,NULL,NULL,NULL,NULL,NULL,0,NULL,NULL,'2022-08-12 01:43:37','2023-07-31 20:04:32',1,NULL,NULL,NULL,NULL,0,NULL,2,'2021-11-02 13:31:53','2021-11-02 13:31:53',NULL),(192,'https://www.praythepath.com/?page_id=2277','41:f7c9743b5050a6134083c2ca5060fc08',2277,'post','page',1,0,NULL,NULL,'Refund and Returns Policy','draft',0,0,NULL,NULL,NULL,NULL,NULL,0,0,NULL,0,NULL,NULL,NULL,NULL,NULL,NULL,NULL,NULL,NULL,NULL,NULL,NULL,NULL,NULL,NULL,NULL,NULL,'2022-08-12 01:43:37','2022-08-12 05:43:37',1,NULL,NULL,NULL,NULL,0,NULL,2,'0000-00-00 00:00:00','0000-00-00 00:00:00',NULL),(193,'https://www.praythepath.com/2022/08/12/begin-the-school-year-speaking-the-blessing-over-your-kids/','98:468c117cbd4b32c9a05f922c0a65660d',5293,'post','post',2,0,NULL,NULL,'Begin the School Year Speaking &#8220;The Blessing&#8221; Over Your Kids','publish',NULL,0,NULL,NULL,NULL,NULL,NULL,30,0,NULL,0,NULL,NULL,NULL,NULL,'https://www.praythepath.com/wp-content/uploads/2022/08/FACEBOOK-9.png',NULL,'5301','featured-image','Begin the School Year Speaking \"The Blessing\" Over Your Kids',NULL,'https://www.praythepath.com/wp-content/uploads/2022/08/FACEBOOK-9.png','5301','set-by-user','{\"width\":1200,\"height\":530,\"filesize\":299236,\"url\":\"https://www.praythepath.com/wp-content/uploads/2022/08/FACEBOOK-9.png\",\"path\":\"/home/patriciaferguson/public_html/_web/praythepath.com/wp-content/uploads/2022/08/FACEBOOK-9.png\",\"size\":\"full\",\"id\":\"5301\",\"alt\":\"\",\"pixels\":636000,\"type\":\"image/png\"}',0,NULL,NULL,'2022-08-12 01:44:29','2022-08-12 16:11:36',1,NULL,NULL,NULL,NULL,0,3,2,'2022-08-12 12:11:36','2022-08-12 04:26:18',NULL),(194,'https://www.praythepath.com/tag/begin-the-school-year-speaking-the-blessing-over-your-kids/','91:2486a110ad3ed2ded1f2cb74623b397b',109,'term','post_tag',NULL,NULL,NULL,NULL,'Begin the School Year Speaking \"The Blessing\" Over Your Kids',NULL,NULL,0,NULL,NULL,NULL,NULL,NULL,NULL,0,NULL,NULL,NULL,NULL,NULL,NULL,NULL,NULL,NULL,NULL,NULL,NULL,NULL,NULL,NULL,NULL,0,NULL,NULL,'2022-08-12 04:24:10','2022-08-12 16:11:36',1,NULL,NULL,NULL,NULL,0,NULL,2,'2022-08-12 12:11:36',NULL,NULL),(195,'https://www.praythepath.com/tag/speak-blessings/','48:f56982e2d438e1ca418e56ff3a38d31c',110,'term','post_tag',NULL,NULL,NULL,NULL,'speak blessings',NULL,NULL,0,NULL,NULL,NULL,NULL,NULL,NULL,0,NULL,NULL,NULL,NULL,NULL,NULL,NULL,NULL,NULL,NULL,NULL,NULL,NULL,NULL,NULL,NULL,0,NULL,NULL,'2022-08-12 04:24:10','2022-08-12 16:11:36',1,NULL,NULL,NULL,NULL,0,NULL,2,'2022-08-12 12:11:36',NULL,NULL),(196,'https://www.praythepath.com/tag/begin-the-year-speaking-blessings/','66:2aa7763309823ef57aaffe53f3fa26d6',111,'term','post_tag',NULL,NULL,NULL,NULL,'begin the year speaking blessings',NULL,NULL,0,NULL,NULL,NULL,NULL,NULL,NULL,0,NULL,NULL,NULL,NULL,NULL,NULL,NULL,NULL,NULL,NULL,NULL,NULL,NULL,NULL,NULL,NULL,0,NULL,NULL,'2022-08-12 04:24:10','2022-08-12 16:11:36',1,NULL,NULL,NULL,NULL,0,NULL,2,'2022-08-12 12:11:36',NULL,NULL),(197,'https://www.praythepath.com/tag/begin-the-school-year/','54:2d93c08ee01d017e878a5c0d550c98ef',112,'term','post_tag',NULL,NULL,NULL,NULL,'begin the school year',NULL,NULL,0,NULL,NULL,NULL,NULL,NULL,NULL,0,NULL,NULL,NULL,NULL,NULL,NULL,NULL,NULL,NULL,NULL,NULL,NULL,NULL,NULL,NULL,NULL,0,NULL,NULL,'2022-08-12 04:24:10','2022-08-12 16:11:36',1,NULL,NULL,NULL,NULL,0,NULL,2,'2022-08-12 12:11:36',NULL,NULL),(199,'https://www.praythepath.com/tag/boosting-your-childs-performance-at-school/','75:056baa2181e2e88170a777a05bbf5f04',36,'term','post_tag',NULL,NULL,NULL,NULL,'boosting your child\'s performance at school',NULL,NULL,0,NULL,NULL,NULL,NULL,NULL,NULL,0,NULL,NULL,NULL,NULL,NULL,NULL,NULL,NULL,NULL,NULL,NULL,NULL,NULL,NULL,NULL,NULL,0,NULL,NULL,'2022-08-12 07:35:18','2023-07-31 20:04:32',1,NULL,NULL,NULL,NULL,0,NULL,2,'2022-07-21 13:08:09','2022-07-11 14:06:15',NULL),(200,'https://www.praythepath.com/tag/performance-at-school/','54:0d872907960ca4d9374046644c17cee0',39,'term','post_tag',NULL,NULL,NULL,NULL,'performance at school',NULL,NULL,0,NULL,NULL,NULL,NULL,NULL,NULL,0,NULL,NULL,NULL,NULL,NULL,NULL,NULL,NULL,NULL,NULL,NULL,NULL,NULL,NULL,NULL,NULL,0,NULL,NULL,'2022-08-12 07:35:20','2023-07-31 20:52:38',1,NULL,NULL,NULL,NULL,0,NULL,2,'2022-07-21 13:08:09','2022-07-11 14:06:15',NULL),(201,'https://www.praythepath.com/tag/money-matters/','46:6eac93db455df32e7b42b42c478668cf',29,'term','post_tag',NULL,NULL,NULL,NULL,'Money Matters',NULL,NULL,0,NULL,NULL,NULL,NULL,NULL,NULL,0,NULL,NULL,NULL,NULL,NULL,NULL,NULL,NULL,NULL,NULL,NULL,NULL,NULL,NULL,NULL,NULL,0,NULL,NULL,'2022-08-12 07:45:13','2023-07-31 19:37:45',1,NULL,NULL,NULL,NULL,0,NULL,2,'2022-07-21 13:08:09','2022-07-11 05:12:33',NULL),(202,'https://www.praythepath.com/tag/your-childs-performance-at-school/','66:3233feafec72ec18c2798d0ef2254a13',37,'term','post_tag',NULL,NULL,NULL,NULL,'your child\'s performance at school',NULL,NULL,0,NULL,NULL,NULL,NULL,NULL,NULL,0,NULL,NULL,NULL,NULL,NULL,NULL,NULL,NULL,NULL,NULL,NULL,NULL,NULL,NULL,NULL,NULL,0,NULL,NULL,'2022-08-12 07:52:03','2023-07-31 20:04:32',1,NULL,NULL,NULL,NULL,0,NULL,2,'2022-07-21 13:08:09','2022-07-11 14:06:15',NULL),(203,'https://www.praythepath.com/tag/passive-income/','47:fb2cf935615260b7c85532a90cd337d5',32,'term','post_tag',NULL,NULL,NULL,NULL,'passive income',NULL,NULL,0,NULL,NULL,NULL,NULL,NULL,NULL,0,NULL,NULL,NULL,NULL,NULL,NULL,NULL,NULL,NULL,NULL,NULL,NULL,NULL,NULL,NULL,NULL,0,NULL,NULL,'2022-08-12 07:57:08','2023-07-31 19:47:59',1,NULL,NULL,NULL,NULL,0,NULL,2,'2022-07-21 13:08:09','2022-07-11 05:12:33',NULL),(204,'https://www.praythepath.com/tag/childs-performance-at-school/','61:7042a55dcc18b89fd7fd5bd0efffedc7',38,'term','post_tag',NULL,NULL,NULL,NULL,'child\'s performance at school',NULL,NULL,0,NULL,NULL,NULL,NULL,NULL,NULL,0,NULL,NULL,NULL,NULL,NULL,NULL,NULL,NULL,NULL,NULL,NULL,NULL,NULL,NULL,NULL,NULL,0,NULL,NULL,'2022-08-12 07:59:46','2023-07-31 20:52:38',1,NULL,NULL,NULL,NULL,0,NULL,2,'2022-07-21 13:08:09','2022-07-11 14:06:15',NULL),(205,'https://www.praythepath.com/tag/at-school-performance-at-shcool/','64:9b1d7804db760e2867f3ade43251e735',42,'term','post_tag',NULL,NULL,NULL,NULL,'at school performance at shcool',NULL,NULL,0,NULL,NULL,NULL,NULL,NULL,NULL,0,NULL,NULL,NULL,NULL,NULL,NULL,NULL,NULL,NULL,NULL,NULL,NULL,NULL,NULL,NULL,NULL,0,NULL,NULL,'2022-08-12 08:17:37','2023-07-31 21:03:35',1,NULL,NULL,NULL,NULL,0,NULL,2,'2022-07-21 13:08:09','2022-07-11 14:06:15',NULL),(206,'https://www.praythepath.com/tag/kids/','37:a5d1b430991dff7a737e03444ae9a735',30,'term','post_tag',NULL,NULL,NULL,NULL,'kids',NULL,NULL,0,NULL,NULL,NULL,NULL,NULL,NULL,0,NULL,NULL,NULL,NULL,NULL,NULL,NULL,NULL,NULL,NULL,NULL,NULL,NULL,NULL,NULL,NULL,0,NULL,NULL,'2022-08-12 08:19:34','2023-07-31 19:37:45',1,NULL,NULL,NULL,NULL,0,NULL,2,'2022-07-21 13:08:09','2022-07-11 05:12:33',NULL),(207,'https://www.praythepath.com/2022/08/12/kids-packed-with-back-to-school-confidence-other-things/','95:bdd3ffbc17438aee507e8211eaa00758',5312,'post','post',2,0,NULL,NULL,'Kids Packed with Back to School Confidence &#038; Other Things','publish',NULL,0,NULL,NULL,NULL,NULL,NULL,30,0,NULL,0,NULL,NULL,NULL,NULL,'https://www.praythepath.com/wp-content/uploads/2022/08/FACEBOOK-11.png',NULL,'5317','featured-image','Kids Packed with Back to School Confidence & Other Things',NULL,'https://www.praythepath.com/wp-content/uploads/2022/08/FACEBOOK-11.png','5317','set-by-user','{\"width\":1200,\"height\":530,\"filesize\":930188,\"url\":\"https://www.praythepath.com/wp-content/uploads/2022/08/FACEBOOK-11.png\",\"path\":\"/home/patriciaferguson/public_html/_web/praythepath.com/wp-content/uploads/2022/08/FACEBOOK-11.png\",\"size\":\"full\",\"id\":\"5317\",\"alt\":\"\",\"pixels\":636000,\"type\":\"image/png\"}',0,NULL,NULL,'2022-08-12 16:55:30','2022-08-12 22:30:45',1,NULL,NULL,NULL,NULL,0,3,2,'2022-08-12 18:30:45','2022-08-12 18:21:40',NULL),(209,'https://www.praythepath.com/tag/kids-packed-with-back-to-school-confidence-other-things/','88:43a06e575736042e83b76aa49f3337a4',113,'term','post_tag',NULL,NULL,NULL,NULL,'Kids Packed with Back to School Confidence &amp; Other Things',NULL,NULL,0,NULL,NULL,NULL,NULL,NULL,NULL,0,NULL,NULL,NULL,NULL,NULL,NULL,NULL,NULL,NULL,NULL,NULL,NULL,NULL,NULL,NULL,NULL,0,NULL,NULL,'2022-08-12 18:21:26','2022-08-12 22:30:45',1,NULL,NULL,NULL,NULL,0,NULL,2,'2022-08-12 18:30:45',NULL,NULL),(210,'https://www.praythepath.com/tag/back-to-school-confidence/','58:401a7047db9ec78aee2c9dc5367de6aa',114,'term','post_tag',NULL,NULL,NULL,NULL,'back to school confidence',NULL,NULL,0,NULL,NULL,NULL,NULL,NULL,NULL,0,NULL,NULL,NULL,NULL,NULL,NULL,NULL,NULL,NULL,NULL,NULL,NULL,NULL,NULL,NULL,NULL,0,NULL,NULL,'2022-08-12 18:21:26','2022-08-12 22:30:45',1,NULL,NULL,NULL,NULL,0,NULL,2,'2022-08-12 18:30:45',NULL,NULL),(211,'https://www.praythepath.com/tag/kids-back-to-school-confidence/','63:bc377242dc309a5b761dc3b2c130ba8c',115,'term','post_tag',NULL,NULL,NULL,NULL,'kids back to school confidence',NULL,NULL,0,NULL,NULL,NULL,NULL,NULL,NULL,0,NULL,NULL,NULL,NULL,NULL,NULL,NULL,NULL,NULL,NULL,NULL,NULL,NULL,NULL,NULL,NULL,0,NULL,NULL,'2022-08-12 18:21:26','2022-08-12 22:30:45',1,NULL,NULL,NULL,NULL,0,NULL,2,'2022-08-12 18:30:45',NULL,NULL),(213,'https://www.praythepath.com/tag/at-school-performance/','54:79f8773f5fe4edcd6b9ea405f552d8de',41,'term','post_tag',NULL,NULL,NULL,NULL,'at school performance',NULL,NULL,0,NULL,NULL,NULL,NULL,NULL,NULL,0,NULL,NULL,NULL,NULL,NULL,NULL,NULL,NULL,NULL,NULL,NULL,NULL,NULL,NULL,NULL,NULL,0,NULL,NULL,'2022-08-13 12:47:46','2023-07-31 21:03:35',1,NULL,NULL,NULL,NULL,0,NULL,2,'2022-07-21 13:08:09','2022-07-11 14:06:15',NULL),(214,'https://www.praythepath.com/2022/08/13/kids-back-to-school-sunday-worship-speaking-the-blessing/','96:b8aa1fd4c19f70808c5bc067a28c3791',5319,'post','post',2,0,NULL,NULL,'Kids Back to School: Sunday Worship Speaking &#8220;The Blessing&#8221;','publish',NULL,0,NULL,NULL,NULL,NULL,NULL,30,0,NULL,0,NULL,NULL,NULL,NULL,'https://www.praythepath.com/wp-content/uploads/2022/08/FACEBOOK-12.png',NULL,'5320','featured-image',NULL,NULL,'https://www.praythepath.com/wp-content/uploads/2022/08/FACEBOOK-12.png','5320','set-by-user','{\"width\":1200,\"height\":530,\"filesize\":500485,\"url\":\"https://www.praythepath.com/wp-content/uploads/2022/08/FACEBOOK-12.png\",\"path\":\"/home/patriciaferguson/public_html/_web/praythepath.com/wp-content/uploads/2022/08/FACEBOOK-12.png\",\"size\":\"full\",\"id\":\"5320\",\"alt\":\"\",\"pixels\":636000,\"type\":\"image/png\"}',0,NULL,NULL,'2022-08-13 15:26:13','2022-08-14 04:45:27',1,NULL,NULL,NULL,NULL,0,3,2,'2022-08-14 00:45:26','2022-08-14 00:36:50',NULL),(216,'https://www.praythepath.com/tag/kids-back-to-school-sunday-worship-speaking-the-blessing/','89:63214016b0c12de16dd44135e550837f',116,'term','post_tag',NULL,NULL,NULL,NULL,'Kids Back to School: Sunday Worship Speaking \"The Blessing\"',NULL,NULL,0,NULL,NULL,NULL,NULL,NULL,NULL,0,NULL,NULL,NULL,NULL,NULL,NULL,NULL,NULL,NULL,NULL,NULL,NULL,NULL,NULL,NULL,NULL,0,NULL,NULL,'2022-08-14 00:41:16','2022-08-14 04:45:27',1,NULL,NULL,NULL,NULL,0,NULL,2,'2022-08-14 00:45:26',NULL,NULL),(217,'https://www.praythepath.com/tag/kids-and-the-blessing/','54:ce5b34724c7bd367aad09d12afd24ceb',117,'term','post_tag',NULL,NULL,NULL,NULL,'kids and the blessing',NULL,NULL,0,NULL,NULL,NULL,NULL,NULL,NULL,0,NULL,NULL,NULL,NULL,NULL,NULL,NULL,NULL,NULL,NULL,NULL,NULL,NULL,NULL,NULL,NULL,0,NULL,NULL,'2022-08-14 00:41:16','2022-08-14 04:45:27',1,NULL,NULL,NULL,NULL,0,NULL,2,'2022-08-14 00:45:26',NULL,NULL),(218,'https://www.praythepath.com/category/boosting-childs-performance-at-school/boosting-childs-performance-at-school-boosting-childs-performance-at-school/','151:855a90414a0ff7efe5a4c04e3fc26d52',118,'term','category',NULL,NULL,NULL,NULL,'Boosting Child\'s Performance at School',NULL,NULL,0,NULL,NULL,NULL,NULL,NULL,NULL,0,NULL,NULL,NULL,NULL,NULL,NULL,NULL,NULL,NULL,NULL,NULL,NULL,NULL,NULL,NULL,NULL,0,NULL,NULL,'2022-08-14 00:45:00','2022-08-14 04:45:27',1,NULL,NULL,NULL,NULL,1,NULL,2,'2022-08-14 00:45:26',NULL,NULL),(220,NULL,NULL,NULL,'date-archive',NULL,NULL,NULL,'%%date%% %%page%% %%sep%% %%sitename%%','',NULL,NULL,0,0,NULL,NULL,NULL,NULL,NULL,NULL,0,1,0,0,0,0,NULL,NULL,NULL,NULL,NULL,NULL,NULL,NULL,NULL,NULL,NULL,NULL,NULL,NULL,'2022-08-18 11:23:04','2022-08-18 15:23:04',1,NULL,NULL,NULL,NULL,0,NULL,1,NULL,NULL,NULL),(221,'https://www.praythepath.com/2022/08/31/1-habit-for-success-is-family/','69:be12109163dbc5d8b0615120cd097bac',5339,'post','post',2,0,NULL,NULL,'#1 HABIT FOR SUCCESS IS FAMILY','publish',NULL,0,NULL,NULL,NULL,NULL,NULL,30,0,NULL,0,NULL,NULL,NULL,NULL,'https://www.praythepath.com/wp-content/uploads/2022/08/FACEBOOK-17.png',NULL,'5351','featured-image',NULL,NULL,'https://www.praythepath.com/wp-content/uploads/2022/08/FACEBOOK-17.png','5351','set-by-user','{\"width\":1200,\"height\":530,\"filesize\":806409,\"url\":\"https://www.praythepath.com/wp-content/uploads/2022/08/FACEBOOK-17.png\",\"path\":\"/home/patriciaferguson/public_html/_web/praythepath.com/wp-content/uploads/2022/08/FACEBOOK-17.png\",\"size\":\"full\",\"id\":\"5351\",\"alt\":\"\",\"pixels\":636000,\"type\":\"image/png\"}',0,NULL,NULL,'2022-09-01 01:46:30','2022-09-01 07:20:11',1,NULL,NULL,NULL,NULL,0,3,2,'2022-09-01 03:20:10','2022-09-01 03:04:54',NULL),(226,'https://www.praythepath.com/2022/09/01/its-the-weekend-and-its-time-for-fun-with-the-family/','92:c6dcc605c4cdf5633989ff51e758c3cd',5353,'post','post',2,0,NULL,NULL,'IT&#8217;S THE WEEKEND AND IT&#8217;S TIME FOR FUN WITH THE FAMILY','publish',NULL,0,NULL,NULL,NULL,NULL,NULL,30,0,NULL,0,NULL,NULL,NULL,NULL,'https://www.praythepath.com/wp-content/uploads/2022/09/FACEBOOK-21.png',NULL,'5361','featured-image','IT\'S THE WEEKEND AND IT\'S TIME FOR FUN WITH THE FAMILY',NULL,'https://www.praythepath.com/wp-content/uploads/2022/09/FACEBOOK-21.png','5361','set-by-user','{\"width\":1200,\"height\":530,\"filesize\":1048732,\"url\":\"https://www.praythepath.com/wp-content/uploads/2022/09/FACEBOOK-21.png\",\"path\":\"/home/patriciaferguson/public_html/_web/praythepath.com/wp-content/uploads/2022/09/FACEBOOK-21.png\",\"size\":\"full\",\"id\":\"5361\",\"alt\":\"\",\"pixels\":636000,\"type\":\"image/png\"}',0,NULL,NULL,'2022-09-02 02:38:57','2022-09-02 08:03:14',1,NULL,NULL,NULL,NULL,0,3,2,'2022-09-02 04:03:14','2022-09-02 03:40:49',NULL),(245,'https://www.praythepath.com/2022/09/13/addaprayer/','50:6613ba16f10f65acfa15d09bb0429061',5385,'post','post',2,0,NULL,NULL,'#ADDAPRAYER','publish',NULL,0,NULL,NULL,NULL,NULL,NULL,90,0,NULL,0,NULL,NULL,NULL,NULL,'https://www.praythepath.com/wp-content/uploads/2022/09/FACEBOOK-22.png',NULL,'5387','featured-image','#ADDAPRAYER',NULL,'https://www.praythepath.com/wp-content/uploads/2022/09/FACEBOOK-22.png','5387','set-by-user','{\"width\":1200,\"height\":530,\"filesize\":170841,\"url\":\"https://www.praythepath.com/wp-content/uploads/2022/09/FACEBOOK-22.png\",\"path\":\"/home/patriciaferguson/public_html/_web/praythepath.com/wp-content/uploads/2022/09/FACEBOOK-22.png\",\"size\":\"full\",\"id\":\"5387\",\"alt\":\"\",\"pixels\":636000,\"type\":\"image/png\"}',0,NULL,NULL,'2022-09-13 17:39:16','2022-09-13 23:13:17',1,NULL,NULL,NULL,NULL,0,1,2,'2022-09-13 19:13:17','2022-09-13 19:01:59',NULL),(247,'https://www.praythepath.com/category/addaprayer/','48:e93e8223691712a3d4111b9be4b6ef66',119,'term','category',NULL,NULL,NULL,NULL,'#ADDAPRAYER',NULL,NULL,0,NULL,NULL,NULL,NULL,NULL,NULL,0,NULL,NULL,NULL,NULL,NULL,NULL,NULL,NULL,NULL,NULL,NULL,NULL,NULL,NULL,NULL,NULL,0,NULL,NULL,'2022-09-13 19:01:11','2022-09-13 23:13:17',1,NULL,NULL,NULL,NULL,0,NULL,2,'2022-09-13 19:13:17',NULL,NULL),(252,'https://www.praythepath.com/product-category/uncategorized/','59:fba97d83b22994013d68e12655cc0565',21,'term','product_cat',NULL,NULL,NULL,NULL,'Uncategorized',NULL,NULL,0,NULL,NULL,NULL,NULL,NULL,NULL,0,NULL,NULL,NULL,NULL,NULL,NULL,NULL,NULL,NULL,NULL,NULL,NULL,NULL,NULL,NULL,NULL,0,NULL,NULL,'2023-07-31 15:13:15','2023-07-31 21:17:47',1,NULL,NULL,NULL,NULL,0,NULL,2,NULL,NULL,NULL),(253,'https://www.praythepath.com/?taxonomy=product_shipping_class&term=us','68:f6710ba4e6f1e970828569efbd328fe5',26,'term','product_shipping_class',NULL,NULL,NULL,NULL,'US',NULL,NULL,0,NULL,NULL,NULL,NULL,NULL,NULL,0,NULL,NULL,NULL,NULL,NULL,NULL,NULL,NULL,NULL,NULL,NULL,NULL,NULL,NULL,NULL,NULL,0,NULL,NULL,'2023-07-31 15:13:15','2023-07-31 21:17:47',1,NULL,NULL,NULL,NULL,0,NULL,2,NULL,NULL,NULL);

--
-- Table structure for table `wp_yoast_indexable_hierarchy`
--

CREATE TABLE `wp_yoast_indexable_hierarchy` (
  `indexable_id` int(11) unsigned NOT NULL DEFAULT 0,
  `ancestor_id` int(11) unsigned NOT NULL DEFAULT 0,
  `depth` int(11) unsigned DEFAULT NULL,
  `blog_id` bigint(20) NOT NULL DEFAULT 1,
  PRIMARY KEY (`indexable_id`,`ancestor_id`),
  KEY `indexable_id` (`indexable_id`),
  KEY `ancestor_id` (`ancestor_id`),
  KEY `depth` (`depth`)
) ENGINE=MyISAM DEFAULT CHARSET=utf8mb4 COLLATE=utf8mb4_unicode_ci;

--
-- Dumping data for table `wp_yoast_indexable_hierarchy`
--

INSERT INTO `wp_yoast_indexable_hierarchy` VALUES (4,0,0,1),(3,0,0,1),(6,0,0,1),(7,0,0,1),(8,0,0,1),(13,0,0,1),(16,0,0,1),(17,0,0,1),(18,0,0,1),(20,0,0,1),(22,0,0,1),(23,0,0,1),(35,0,0,1),(14,0,0,1),(45,0,0,1),(46,0,0,1),(47,0,0,1),(48,0,0,1),(49,0,0,1),(50,0,0,1),(51,0,0,1),(52,0,0,1),(10,0,0,1),(63,0,0,1),(64,0,0,1),(54,0,0,1),(25,0,0,1),(37,0,0,1),(66,0,0,1),(67,0,0,1),(68,0,0,1),(69,0,0,1),(70,0,0,1),(71,0,0,1),(77,0,0,1),(78,0,0,1),(79,0,0,1),(81,0,0,1),(82,0,0,1),(32,0,0,1),(83,0,0,1),(110,0,0,1),(119,0,0,1),(102,0,0,1),(123,0,0,1),(113,0,0,1),(139,0,0,1),(140,0,0,1),(122,0,0,1),(142,0,0,1),(141,0,0,1),(143,0,0,1),(120,0,0,1),(88,0,0,1),(98,0,0,1),(150,0,0,1),(146,0,0,1),(149,0,0,1),(151,0,0,1),(145,0,0,1),(148,0,0,1),(99,0,0,1),(97,0,0,1),(96,0,0,1),(92,0,0,1),(100,0,0,1),(93,0,0,1),(90,0,0,1),(58,0,0,1),(60,0,0,1),(42,0,0,1),(39,0,0,1),(38,0,0,1),(43,0,0,1),(57,0,0,1),(41,0,0,1),(56,0,0,1),(59,0,0,1),(40,0,0,1),(26,0,0,1),(33,0,0,1),(27,0,0,1),(34,0,0,1),(30,0,0,1),(29,0,0,1),(154,0,0,1),(155,0,0,1),(156,0,0,1),(157,0,0,1),(158,0,0,1),(161,0,0,1),(163,0,0,1),(165,0,0,1),(167,0,0,1),(94,0,0,1),(152,0,0,1),(168,0,0,1),(55,0,0,1),(169,0,0,1),(183,0,0,1),(184,0,0,1),(193,0,0,1),(175,0,0,1),(171,0,0,1),(44,0,0,1),(61,0,0,1),(166,0,0,1),(173,0,0,1),(147,0,0,1),(199,0,0,1),(200,0,0,1),(91,0,0,1),(31,0,0,1),(201,0,0,1),(28,0,0,1),(202,0,0,1),(95,0,0,1),(203,0,0,1),(204,0,0,1),(172,0,0,1),(160,0,0,1),(121,0,0,1),(72,0,0,1),(89,0,0,1),(205,0,0,1),(206,0,0,1),(174,0,0,1),(207,0,0,1),(101,0,0,1),(195,0,0,1),(196,0,0,1),(197,0,0,1),(209,0,0,1),(194,0,0,1),(211,0,0,1),(213,0,0,1),(214,0,0,1),(217,0,0,1),(216,0,0,1),(218,68,1,1),(220,0,0,1),(191,0,0,1),(210,0,0,1),(221,0,0,1),(226,0,0,1),(245,0,0,1),(247,0,0,1),(249,0,0,1),(252,0,0,1),(253,0,0,1);

--
-- Table structure for table `wp_yoast_migrations`
--

CREATE TABLE `wp_yoast_migrations` (
  `id` int(11) unsigned NOT NULL AUTO_INCREMENT,
  `version` varchar(191) DEFAULT NULL,
  PRIMARY KEY (`id`),
  UNIQUE KEY `wp_yoast_migrations_version` (`version`)
) ENGINE=MyISAM AUTO_INCREMENT=25 DEFAULT CHARSET=utf8mb4 COLLATE=utf8mb4_unicode_ci;

--
-- Dumping data for table `wp_yoast_migrations`
--

INSERT INTO `wp_yoast_migrations` VALUES (1,'20171228151840'),(2,'20171228151841'),(3,'20190529075038'),(4,'20191011111109'),(5,'20200408101900'),(6,'20200420073606'),(7,'20200428123747'),(8,'20200428194858'),(9,'20200429105310'),(10,'20200430075614'),(11,'20200430150130'),(12,'20200507054848'),(13,'20200513133401'),(14,'20200609154515'),(15,'20200616130143'),(16,'20200617122511'),(17,'20200702141921'),(18,'20200728095334'),(19,'20201202144329'),(20,'20201216124002'),(21,'20201216141134'),(22,'20210817092415'),(23,'20211020091404'),(24,'20230417083836');

--
-- Table structure for table `wp_yoast_primary_term`
--

CREATE TABLE `wp_yoast_primary_term` (
  `id` int(11) unsigned NOT NULL AUTO_INCREMENT,
  `post_id` bigint(20) DEFAULT NULL,
  `term_id` bigint(20) DEFAULT NULL,
  `taxonomy` varchar(32) NOT NULL,
  `created_at` datetime DEFAULT NULL,
  `updated_at` timestamp NOT NULL DEFAULT current_timestamp() ON UPDATE current_timestamp(),
  `blog_id` bigint(20) NOT NULL DEFAULT 1,
  PRIMARY KEY (`id`),
  KEY `post_taxonomy` (`post_id`,`taxonomy`),
  KEY `post_term` (`post_id`,`term_id`)
) ENGINE=MyISAM AUTO_INCREMENT=18 DEFAULT CHARSET=utf8mb4 COLLATE=utf8mb4_unicode_ci;

--
-- Dumping data for table `wp_yoast_primary_term`
--

INSERT INTO `wp_yoast_primary_term` VALUES (1,5023,46,'category','2022-07-12 02:11:34','2022-07-21 17:08:09',1),(2,5039,56,'category','2022-07-12 03:19:59','2022-07-21 17:08:09',1),(3,5053,44,'category','2022-07-13 06:39:15','2022-07-21 17:08:08',1),(4,5101,86,'category','2022-07-22 06:52:38','2022-07-22 23:20:01',1),(5,5140,87,'category','2022-07-23 05:40:42','2022-07-23 10:42:39',1),(6,5157,90,'category','2022-07-23 07:45:57','2022-07-24 06:26:55',1),(7,5192,91,'category','2022-07-25 02:48:50','2022-07-25 14:19:04',1),(8,5200,91,'category','2022-07-26 04:56:21','2022-07-28 09:55:18',1),(9,5217,86,'category','2022-07-28 05:02:28','2022-07-28 09:52:38',1),(10,5225,101,'category','2022-07-29 05:44:58','2022-07-29 09:49:06',1),(11,5236,44,'category','2022-08-02 05:35:25','2022-08-02 10:34:29',1),(12,5293,45,'category','2022-08-12 04:24:10','2022-08-12 16:11:36',1),(13,5312,45,'category','2022-08-12 18:22:41','2022-08-12 22:30:45',1),(14,5319,118,'category','2022-08-14 00:41:16','2022-08-14 04:45:27',1),(15,5339,101,'category','2022-09-01 02:43:58','2022-09-01 07:20:11',1),(16,5353,86,'category','2022-09-02 03:45:49','2022-09-02 08:03:14',1),(17,5385,119,'category','2022-09-13 19:01:26','2022-09-13 23:13:17',1);

--
-- Table structure for table `wp_yoast_seo_links`
--

CREATE TABLE `wp_yoast_seo_links` (
  `id` bigint(20) unsigned NOT NULL AUTO_INCREMENT,
  `url` varchar(255) DEFAULT NULL,
  `post_id` bigint(20) unsigned DEFAULT NULL,
  `target_post_id` bigint(20) unsigned DEFAULT NULL,
  `type` varchar(8) DEFAULT NULL,
  `indexable_id` int(11) unsigned DEFAULT NULL,
  `target_indexable_id` int(11) unsigned DEFAULT NULL,
  `height` int(11) unsigned DEFAULT NULL,
  `width` int(11) unsigned DEFAULT NULL,
  `size` int(11) unsigned DEFAULT NULL,
  `language` varchar(32) DEFAULT NULL,
  `region` varchar(32) DEFAULT NULL,
  PRIMARY KEY (`id`),
  KEY `link_direction` (`post_id`,`type`),
  KEY `indexable_link_direction` (`indexable_id`,`type`)
) ENGINE=MyISAM AUTO_INCREMENT=188 DEFAULT CHARSET=utf8mb3 COLLATE=utf8mb3_general_ci;

--
-- Dumping data for table `wp_yoast_seo_links`
--

INSERT INTO `wp_yoast_seo_links` VALUES (1,'https://www.trainwithnikki.com/',5140,NULL,'external',110,NULL,NULL,NULL,NULL,NULL,NULL),(2,'https://www.trainwithnikki.com/',5140,NULL,'external',110,NULL,NULL,NULL,NULL,NULL,NULL),(3,'https://www.praythepath.com/the-back-lot/',7,574,'internal',3,14,NULL,NULL,NULL,NULL,NULL),(4,'https://www.praythepath.com/the-back-lot/',7,574,'internal',3,14,NULL,NULL,NULL,NULL,NULL),(5,'https://www.praythepath.com/the-back-lot/',7,574,'internal',3,14,NULL,NULL,NULL,NULL,NULL),(8,'https://www.praythepath.com/meet-patricia/',7,622,'internal',3,17,NULL,NULL,NULL,NULL,NULL),(9,'https://www.praythepath.com/meet-patricia/',7,622,'internal',3,17,NULL,NULL,NULL,NULL,NULL),(10,'https://www.praythepath.com/shop/',7,575,'internal',3,23,NULL,NULL,NULL,NULL,NULL),(11,'https://www.praythepath.com/shop/',7,575,'internal',3,23,NULL,NULL,NULL,NULL,NULL),(13,'https://twitter.com/momsprayhollywo',7,NULL,'external',3,NULL,NULL,NULL,NULL,NULL,NULL),(14,'https://twitter.com/momsprayhollywo',7,NULL,'external',3,NULL,NULL,NULL,NULL,NULL,NULL),(15,'https://www.praythepath.com/wp-content/uploads/2021/10/momspraying_logo_atlanta_reel_final-768x768.png',7,1770,'image-in',3,NULL,1938,1938,407647,NULL,NULL),(16,'https://www.praythepath.com/wp-content/uploads/2021/10/hollywood.png',7,650,'image-in',3,NULL,465,465,90344,NULL,NULL),(17,'https://www.praythepath.com/wp-content/uploads/2021/10/button1-768x768.png',7,1904,'image-in',3,NULL,1856,1856,191503,NULL,NULL),(18,'https://www.praythepath.com/wp-content/uploads/2021/10/new-york.png',7,652,'image-in',3,NULL,465,465,107990,NULL,NULL),(19,'https://www.praythepath.com/wp-content/uploads/2021/10/button2-768x768.png',7,1903,'image-in',3,NULL,1936,1936,381816,NULL,NULL),(20,'https://www.praythepath.com/wp-content/uploads/2021/11/west-coast-768x765.png',7,3002,'image-in',3,NULL,996,1000,985484,NULL,NULL),(21,'https://www.praythepath.com/wp-content/uploads/2022/07/IMG_3318-576x1024.jpg',7,NULL,'image-in',3,NULL,NULL,NULL,NULL,NULL,NULL),(185,'https://www.praythepath.com/wp-content/uploads/2026/02/3Patricia-768x768.jpeg',7,5513,'image-in',3,NULL,780,780,99785,NULL,NULL),(24,'https://www.praythepath.com/wp-content/uploads/2021/11/momspraying_symbol-1-silver-1-150x150.png',7,2387,'image-in',3,NULL,3000,3000,296772,NULL,NULL),(187,'https://www.praythepath.com/wp-content/uploads/2026/02/FilmfreewayFaithonFilm2026-1.png',7,5529,'image-in',3,NULL,1024,1536,2360527,NULL,NULL),(39,'https://www.praythepath.com/product/praying-hands-in-hearts-pin/',575,2329,'internal',23,52,NULL,NULL,NULL,NULL,NULL),(40,'https://www.praythepath.com/wp-content/uploads/2021/10/momspraying_symbol-1-silver-300x300.png',575,2195,'image-in',23,NULL,3000,3000,296772,NULL,NULL),(41,'https://www.praythepath.com/2022/08/02/a-few-tips-making-first-day-of-school-special/',3656,5236,'internal',8,169,NULL,NULL,NULL,NULL,NULL),(42,'https://www.praythepath.com/category/boosting-childs-performance-at-school/',3656,NULL,'internal',8,68,NULL,NULL,NULL,NULL,NULL),(43,'https://www.praythepath.com/2022/08/02/a-few-tips-making-first-day-of-school-special/',3656,5236,'internal',8,169,NULL,NULL,NULL,NULL,NULL),(44,'https://www.praythepath.com/2022/07/29/every-family-is-special-every-family-an-original-love-one-another/',3656,5225,'internal',8,163,NULL,NULL,NULL,NULL,NULL),(45,'https://www.praythepath.com/category/family-and-purpose/',3656,NULL,'internal',8,165,NULL,NULL,NULL,NULL,NULL),(46,'https://www.praythepath.com/2022/07/29/every-family-is-special-every-family-an-original-love-one-another/',3656,5225,'internal',8,163,NULL,NULL,NULL,NULL,NULL),(47,'https://www.praythepath.com/2022/07/28/dont-go-through-life-without-family/',3656,5217,'internal',8,155,NULL,NULL,NULL,NULL,NULL),(48,'https://www.praythepath.com/category/family-and-fellowship/',3656,NULL,'internal',8,102,NULL,NULL,NULL,NULL,NULL),(49,'https://www.praythepath.com/2022/07/28/dont-go-through-life-without-family/',3656,5217,'internal',8,155,NULL,NULL,NULL,NULL,NULL),(50,'https://www.praythepath.com/wp-content/uploads/2022/08/FACEBOOK-8-1.png',3656,5246,'image-in',8,NULL,530,1200,862762,NULL,NULL),(51,'https://www.praythepath.com/wp-content/uploads/2022/07/FACEBOOK-1.png',3656,5228,'image-in',8,NULL,530,1200,662122,NULL,NULL),(52,'https://www.praythepath.com/wp-content/uploads/2022/07/FACEBOOK-18.png',3656,5220,'image-in',8,NULL,530,1200,385942,NULL,NULL),(55,'https://www.praythepath.com/wp-content/uploads/2022/07/Image-7-5-22-at-10.16-PM-1024x757.jpg',3656,4948,'image-in',8,NULL,1022,1383,186081,NULL,NULL),(54,'https://www.praythepath.com/wp-content/uploads/2021/11/Vlogs-1024x751.jpeg',3656,4763,'image-in',8,NULL,942,1284,890427,NULL,NULL),(71,'https://www.praythepath.com/wp-content/uploads/2023/01/Pecan-Picking-20-2048x803-1.jpeg',5459,5460,'image-in',249,NULL,803,2048,143681,NULL,NULL),(72,'https://www.praythepath.com/product/praying-hands-in-hearts-pin/',5459,2329,'internal',249,52,NULL,NULL,NULL,NULL,NULL),(73,'https://www.praythepath.com/wp-content/uploads/2021/10/momspraying_symbol-1-silver-300x300.png',5459,2195,'image-in',249,NULL,3000,3000,296772,NULL,NULL),(74,'https://www.praythepath.com/wp-content/uploads/2021/05/what-we-do-003-free-img.jpg',19,360,'image-in',78,NULL,500,413,36853,NULL,NULL),(75,'https://www.praythepath.com/wp-content/uploads/2021/05/what-we-do-002-free-img.jpg',19,359,'image-in',78,NULL,500,413,41005,NULL,NULL),(76,'https://www.praythepath.com/wp-content/uploads/2021/05/what-we-do-001-free-img.jpg',19,358,'image-in',78,NULL,500,413,58052,NULL,NULL),(77,'https://www.praythepath.com/product/praying-hands-in-hearts-pin/',576,2329,'internal',45,52,NULL,NULL,NULL,NULL,NULL),(78,'https://www.praythepath.com/wp-content/uploads/2021/11/momspraying_symbol-1-silver-1024x1024.png',576,2361,'image-in',45,NULL,3000,3000,296772,NULL,NULL),(79,'https://www.praythepath.com/wp-content/uploads/2021/11/momspraying_symbol_music_final-1-1024x1024.png',576,2362,'image-in',45,NULL,3000,3000,398586,NULL,NULL),(80,'https://www.praythepath.com/wp-content/uploads/2021/11/momspraying_symbol_sports2-1024x1024.png',576,2363,'image-in',45,NULL,3000,3000,187804,NULL,NULL),(81,'https://www.praythepath.com/wp-content/uploads/2021/11/momspraying_logo_atlanta_reel_final-1-1024x1024.png',576,2364,'image-in',45,NULL,3000,3000,517146,NULL,NULL),(82,'https://www.praythepath.com/wp-content/uploads/2021/11/momspraying_logo_newyork_final-1-1024x1024.png',576,2365,'image-in',45,NULL,3000,3000,567359,NULL,NULL),(83,'https://www.praythepath.com/wp-content/uploads/2021/11/momspraying_logo_final_resize.png',576,2366,'image-in',45,NULL,1000,1000,137048,NULL,NULL),(84,'https://www.praythepath.com/wp-content/uploads/2021/11/momspraying_logo_final_white-3-1024x1024.png',576,2367,'image-in',45,NULL,3000,3000,292989,NULL,NULL),(85,'https://www.praythepath.com/wp-content/uploads/2021/11/momspraying_logo_westcoast_sun5b_rev1-1024x1024.jpg',576,2999,'image-in',45,NULL,2560,2560,353137,NULL,NULL),(86,'https://www.praythepath.com/wp-content/uploads/2021/11/momspraying_logo_eastcoast_final1a-1-scaled-1-1024x1024.jpg',576,2368,'image-in',45,NULL,2560,2560,414412,NULL,NULL),(87,'https://www.praythepath.com/wp-content/uploads/2021/11/IMG_302F2FB33531-1.jpeg',576,3560,'image-in',45,NULL,962,1284,950725,NULL,NULL),(88,'https://www.praythepath.com/wp-content/uploads/2021/10/244715699_1512485952433485_4670586813979647252_n-768x765.jpg',576,1353,'image-in',45,NULL,1234,1239,140513,NULL,NULL),(89,'https://www.praythepath.com/wp-content/uploads/2021/10/244692047_836736010371308_1309867729645001064_n-1024x1019.jpg',576,1354,'image-in',45,NULL,1236,1242,245997,NULL,NULL),(90,'https://www.praythepath.com/wp-content/uploads/2021/10/244648907_959816571415531_7293711855823983983_n-768x741.jpg',576,1349,'image-in',45,NULL,1198,1242,61281,NULL,NULL),(91,'https://www.praythepath.com/product/praying-hands-in-hearts-pin/',577,2329,'internal',46,52,NULL,NULL,NULL,NULL,NULL),(92,'https://www.praythepath.com/wp-content/uploads/2021/11/momspraying_symbol-1-silver-1024x1024.png',577,2361,'image-in',46,NULL,3000,3000,296772,NULL,NULL),(93,'https://www.praythepath.com/wp-content/uploads/2021/11/momspraying_symbol_music_final-1-1024x1024.png',577,2362,'image-in',46,NULL,3000,3000,398586,NULL,NULL),(94,'https://www.praythepath.com/wp-content/uploads/2021/11/momspraying_symbol_sports2-1024x1024.png',577,2363,'image-in',46,NULL,3000,3000,187804,NULL,NULL),(95,'https://www.praythepath.com/wp-content/uploads/2021/11/momspraying_logo_atlanta_reel_final-1-1024x1024.png',577,2364,'image-in',46,NULL,3000,3000,517146,NULL,NULL),(96,'https://www.praythepath.com/wp-content/uploads/2021/11/momspraying_logo_newyork_final-1-1024x1024.png',577,2365,'image-in',46,NULL,3000,3000,567359,NULL,NULL),(97,'https://www.praythepath.com/wp-content/uploads/2021/11/momspraying_logo_final_resize.png',577,2366,'image-in',46,NULL,1000,1000,137048,NULL,NULL),(98,'https://www.praythepath.com/wp-content/uploads/2021/11/momspraying_logo_final_white-3-1024x1024.png',577,2367,'image-in',46,NULL,3000,3000,292989,NULL,NULL),(99,'https://www.praythepath.com/wp-content/uploads/2021/11/momspraying_logo_westcoast_sun5b_rev1-1024x1024.jpg',577,2999,'image-in',46,NULL,2560,2560,353137,NULL,NULL),(100,'https://www.praythepath.com/wp-content/uploads/2021/11/momspraying_logo_eastcoast_final1a-1-scaled-1-1024x1024.jpg',577,2368,'image-in',46,NULL,2560,2560,414412,NULL,NULL),(101,'https://www.praythepath.com/wp-content/uploads/2021/10/unnamed-2-1024x938.jpg',577,750,'image-in',46,NULL,1138,1242,146653,NULL,NULL),(102,'https://www.praythepath.com/wp-content/uploads/2021/10/shutterstock_1949117317-scaled.jpg',577,1543,'image-in',46,NULL,1232,2560,328181,NULL,NULL),(103,'https://www.praythepath.com/product/praying-hands-in-hearts-pin/',574,2329,'internal',14,52,NULL,NULL,NULL,NULL,NULL),(104,'https://www.praythepath.com/wp-content/uploads/2021/11/momspraying_symbol-1-silver-1024x1024.png',574,2361,'image-in',14,NULL,3000,3000,296772,NULL,NULL),(105,'https://www.praythepath.com/wp-content/uploads/2021/11/momspraying_symbol_music_final-1-1024x1024.png',574,2362,'image-in',14,NULL,3000,3000,398586,NULL,NULL),(106,'https://www.praythepath.com/wp-content/uploads/2021/11/momspraying_symbol_sports2-1024x1024.png',574,2363,'image-in',14,NULL,3000,3000,187804,NULL,NULL),(107,'https://www.praythepath.com/wp-content/uploads/2021/11/momspraying_logo_atlanta_reel_final-1-1024x1024.png',574,2364,'image-in',14,NULL,3000,3000,517146,NULL,NULL),(108,'https://www.praythepath.com/wp-content/uploads/2021/11/momspraying_logo_newyork_final-1-1024x1024.png',574,2365,'image-in',14,NULL,3000,3000,567359,NULL,NULL),(109,'https://www.praythepath.com/wp-content/uploads/2021/11/momspraying_logo_final_resize.png',574,2366,'image-in',14,NULL,1000,1000,137048,NULL,NULL),(110,'https://www.praythepath.com/wp-content/uploads/2021/11/momspraying_logo_final_white-3-1024x1024.png',574,2367,'image-in',14,NULL,3000,3000,292989,NULL,NULL),(111,'https://www.praythepath.com/wp-content/uploads/2021/11/momspraying_logo_westcoast_sun5b_rev1-1024x1024.jpg',574,2999,'image-in',14,NULL,2560,2560,353137,NULL,NULL),(112,'https://www.praythepath.com/wp-content/uploads/2021/11/momspraying_logo_eastcoast_final1a-1-scaled-1-1024x1024.jpg',574,2368,'image-in',14,NULL,2560,2560,414412,NULL,NULL),(113,'https://www.praythepath.com/product/praying-hands-in-hearts-pin/',602,2329,'internal',48,52,NULL,NULL,NULL,NULL,NULL),(114,'https://www.praythepath.com/wp-content/uploads/2021/10/patricia-web-photo-768x512.jpg',602,1407,'image-in',48,NULL,1707,2560,316187,NULL,NULL),(115,'https://www.praythepath.com/wp-content/uploads/2021/11/momspraying_symbol-1-silver-1024x1024.png',602,2361,'image-in',48,NULL,3000,3000,296772,NULL,NULL),(116,'https://www.praythepath.com/wp-content/uploads/2021/11/momspraying_symbol_music_final-1-1024x1024.png',602,2362,'image-in',48,NULL,3000,3000,398586,NULL,NULL),(117,'https://www.praythepath.com/wp-content/uploads/2021/11/momspraying_symbol_sports2-1024x1024.png',602,2363,'image-in',48,NULL,3000,3000,187804,NULL,NULL),(118,'https://www.praythepath.com/wp-content/uploads/2021/11/momspraying_logo_atlanta_reel_final-1-1024x1024.png',602,2364,'image-in',48,NULL,3000,3000,517146,NULL,NULL),(119,'https://www.praythepath.com/wp-content/uploads/2021/11/momspraying_logo_newyork_final-1-1024x1024.png',602,2365,'image-in',48,NULL,3000,3000,567359,NULL,NULL),(120,'https://www.praythepath.com/wp-content/uploads/2021/11/momspraying_logo_final_resize.png',602,2366,'image-in',48,NULL,1000,1000,137048,NULL,NULL),(121,'https://www.praythepath.com/wp-content/uploads/2021/11/momspraying_logo_final_white-3-1024x1024.png',602,2367,'image-in',48,NULL,3000,3000,292989,NULL,NULL),(122,'https://www.praythepath.com/wp-content/uploads/2021/11/momspraying_logo_westcoast_sun5b_rev1-1024x1024.jpg',602,2999,'image-in',48,NULL,2560,2560,353137,NULL,NULL),(123,'https://www.praythepath.com/wp-content/uploads/2021/11/momspraying_logo_eastcoast_final1a-1-scaled-1-1024x1024.jpg',602,2368,'image-in',48,NULL,2560,2560,414412,NULL,NULL),(124,'https://www.praythepath.com/wp-content/uploads/2021/10/patricia-web-photo-3-1536x1024.jpg',602,1399,'image-in',48,NULL,1707,2560,299677,NULL,NULL),(125,'https://www.praythepath.com/book-patricia-to-speak/',622,2261,'internal',17,64,NULL,NULL,NULL,NULL,NULL),(126,'https://www.praythepath.com/product/praying-hands-in-hearts-pin/',622,2329,'internal',17,52,NULL,NULL,NULL,NULL,NULL),(127,'https://www.praythepath.com/wp-content/uploads/2021/11/editJ-768x511.jpeg',622,NULL,'image-in',17,NULL,NULL,NULL,NULL,NULL,NULL),(128,'https://www.praythepath.com/wp-content/uploads/2021/11/momspraying_symbol-1-silver-1-1024x1024.png',622,2387,'image-in',17,NULL,3000,3000,296772,NULL,NULL),(129,'https://www.praythepath.com/wp-content/uploads/2021/11/momspraying_symbol_music_final-1-1-1024x1024.png',622,2388,'image-in',17,NULL,3000,3000,398586,NULL,NULL),(130,'https://www.praythepath.com/wp-content/uploads/2021/11/momspraying_symbol_sports2-2-1024x1024.png',622,2393,'image-in',17,NULL,3000,3000,187804,NULL,NULL),(131,'https://www.praythepath.com/wp-content/uploads/2021/11/momspraying_logo_atlanta_reel_final-1-2-1024x1024.png',622,2395,'image-in',17,NULL,3000,3000,517146,NULL,NULL),(132,'https://www.praythepath.com/wp-content/uploads/2021/11/momspraying_logo_newyork_final-1-2-1024x1024.png',622,2397,'image-in',17,NULL,3000,3000,567359,NULL,NULL),(133,'https://www.praythepath.com/wp-content/uploads/2021/11/momspraying_logo_final_resize-1.png',622,2398,'image-in',17,NULL,1000,1000,137048,NULL,NULL),(134,'https://www.praythepath.com/wp-content/uploads/2021/11/momspraying_logo_final_white-3-2-1024x1024.png',622,2403,'image-in',17,NULL,3000,3000,292989,NULL,NULL),(135,'https://www.praythepath.com/wp-content/uploads/2021/11/momspraying_logo_eastcoast_final1a-1-scaled-1-1-1024x1024.jpg',622,2404,'image-in',17,NULL,2560,2560,414412,NULL,NULL),(136,'https://www.praythepath.com/product/praying-hands-in-hearts-pin/',1282,2329,'internal',82,52,NULL,NULL,NULL,NULL,NULL),(137,'https://www.praythepath.com/wp-content/uploads/2021/11/momspraying_symbol-1-silver-1024x1024.png',1282,2361,'image-in',82,NULL,3000,3000,296772,NULL,NULL),(138,'https://www.praythepath.com/wp-content/uploads/2021/11/momspraying_symbol_music_final-1-1024x1024.png',1282,2362,'image-in',82,NULL,3000,3000,398586,NULL,NULL),(139,'https://www.praythepath.com/wp-content/uploads/2021/11/momspraying_symbol_sports2-1024x1024.png',1282,2363,'image-in',82,NULL,3000,3000,187804,NULL,NULL),(140,'https://www.praythepath.com/wp-content/uploads/2021/11/momspraying_logo_atlanta_reel_final-1-1024x1024.png',1282,2364,'image-in',82,NULL,3000,3000,517146,NULL,NULL),(141,'https://www.praythepath.com/wp-content/uploads/2021/11/momspraying_logo_newyork_final-1-1024x1024.png',1282,2365,'image-in',82,NULL,3000,3000,567359,NULL,NULL),(142,'https://www.praythepath.com/wp-content/uploads/2021/11/momspraying_logo_final_resize.png',1282,2366,'image-in',82,NULL,1000,1000,137048,NULL,NULL),(143,'https://www.praythepath.com/wp-content/uploads/2021/11/momspraying_logo_final_white-3-1024x1024.png',1282,2367,'image-in',82,NULL,3000,3000,292989,NULL,NULL),(144,'https://www.praythepath.com/wp-content/uploads/2021/11/momspraying_logo_westcoast_sun5b_rev1-1024x1024.jpg',1282,2999,'image-in',82,NULL,2560,2560,353137,NULL,NULL),(145,'https://www.praythepath.com/wp-content/uploads/2021/11/momspraying_logo_eastcoast_final1a-1-scaled-1-1024x1024.jpg',1282,2368,'image-in',82,NULL,2560,2560,414412,NULL,NULL),(146,'https://www.praythepath.com/shero-shipping/',1916,577,'internal',20,46,NULL,NULL,NULL,NULL,NULL),(147,'https://www.praythepath.com/shero-shipping/',1916,577,'internal',20,46,NULL,NULL,NULL,NULL,NULL),(148,'https://www.praythepath.com/pdf-ministries/',1916,576,'internal',20,45,NULL,NULL,NULL,NULL,NULL),(149,'https://www.praythepath.com/pdf-ministries/',1916,576,'internal',20,45,NULL,NULL,NULL,NULL,NULL),(150,'https://www.praythepath.com/blog/',1916,3656,'internal',20,8,NULL,NULL,NULL,NULL,NULL),(151,'https://www.praythepath.com/blog/',1916,3656,'internal',20,8,NULL,NULL,NULL,NULL,NULL),(152,'https://www.praythepath.com/wp-content/uploads/2021/10/unnamed-2-150x150.jpg',1916,750,'image-in',20,NULL,1138,1242,146653,NULL,NULL),(153,'https://www.praythepath.com/wp-content/uploads/2021/10/Girls-4-2-150x150.jpg',1916,736,'image-in',20,NULL,2376,2560,745412,NULL,NULL),(154,'https://www.praythepath.com/wp-content/uploads/2021/11/patricia-vlog-10-150x150.jpg',1916,4612,'image-in',20,NULL,1920,2560,363694,NULL,NULL),(155,'https://www.praythepath.com/wp-content/uploads/2021/11/Heritage4-150x150.jpg',1916,3334,'image-in',20,NULL,1822,2560,450927,NULL,NULL),(156,'https://www.praythepath.com/wp-content/uploads/2021/11/Bakerhoops-150x150.jpg',1916,3159,'image-in',20,NULL,740,602,119228,NULL,NULL),(157,'https://www.praythepath.com/wp-content/uploads/2021/11/EditLoretta-150x150.jpg',1916,3174,'image-in',20,NULL,1282,1254,255877,NULL,NULL),(158,'https://www.praythepath.com/wp-content/uploads/2021/10/patricia-web-photo-150x150.jpg',1916,1407,'image-in',20,NULL,1707,2560,316187,NULL,NULL),(159,'https://www.praythepath.com/wp-content/uploads/2021/11/Heritage1-150x150.jpg',1916,3335,'image-in',20,NULL,2086,2560,495380,NULL,NULL),(160,'https://www.praythepath.com/wp-content/uploads/2021/10/jferguson2-1-150x150.jpg',1916,669,'image-in',20,NULL,1358,1162,535239,NULL,NULL),(161,'https://www.praythepath.com/product/praying-hands-in-hearts-pin/',2261,2329,'internal',64,52,NULL,NULL,NULL,NULL,NULL),(162,'https://www.praythepath.com/wp-content/uploads/2021/05/2LADYFERGUSON-2.jpg',2261,2696,'image-in',64,NULL,489,426,70450,NULL,NULL),(163,'https://www.praythepath.com/wp-content/uploads/2021/11/momspraying_symbol-1-silver-1024x1024.png',2261,2361,'image-in',64,NULL,3000,3000,296772,NULL,NULL),(164,'https://www.praythepath.com/wp-content/uploads/2021/11/momspraying_symbol_music_final-1-1024x1024.png',2261,2362,'image-in',64,NULL,3000,3000,398586,NULL,NULL),(165,'https://www.praythepath.com/wp-content/uploads/2021/11/momspraying_symbol_sports2-1024x1024.png',2261,2363,'image-in',64,NULL,3000,3000,187804,NULL,NULL),(166,'https://www.praythepath.com/wp-content/uploads/2021/11/momspraying_logo_atlanta_reel_final-1-1024x1024.png',2261,2364,'image-in',64,NULL,3000,3000,517146,NULL,NULL),(167,'https://www.praythepath.com/wp-content/uploads/2021/11/momspraying_logo_newyork_final-1-1024x1024.png',2261,2365,'image-in',64,NULL,3000,3000,567359,NULL,NULL),(168,'https://www.praythepath.com/wp-content/uploads/2021/11/momspraying_logo_final_resize.png',2261,2366,'image-in',64,NULL,1000,1000,137048,NULL,NULL),(169,'https://www.praythepath.com/wp-content/uploads/2021/11/momspraying_logo_final_white-3-1024x1024.png',2261,2367,'image-in',64,NULL,3000,3000,292989,NULL,NULL),(170,'https://www.praythepath.com/wp-content/uploads/2021/11/momspraying_logo_westcoast_sun5b_rev1-1024x1024.jpg',2261,2999,'image-in',64,NULL,2560,2560,353137,NULL,NULL),(171,'https://www.praythepath.com/wp-content/uploads/2021/11/momspraying_logo_eastcoast_final1a-1-scaled-1-1024x1024.jpg',2261,2368,'image-in',64,NULL,2560,2560,414412,NULL,NULL),(172,'http://www.praythepath.com/wp-content/plugins/wpforms-lite/assets/images/submit-spin.svg',2261,NULL,'image-in',64,NULL,NULL,NULL,NULL,NULL,NULL),(173,'https://www.praythepath.com/product/praying-hands-in-hearts-pin/',3385,2329,'internal',18,52,NULL,NULL,NULL,NULL,NULL),(174,'https://www.praythepath.com/wp-content/uploads/2021/11/momspraying_symbol-1-silver-1024x1024.png',3385,2361,'image-in',18,NULL,3000,3000,296772,NULL,NULL),(175,'https://www.praythepath.com/wp-content/uploads/2021/11/momspraying_symbol_music_final-1-1024x1024.png',3385,2362,'image-in',18,NULL,3000,3000,398586,NULL,NULL),(176,'https://www.praythepath.com/wp-content/uploads/2021/11/momspraying_symbol_sports2-1024x1024.png',3385,2363,'image-in',18,NULL,3000,3000,187804,NULL,NULL),(177,'https://www.praythepath.com/wp-content/uploads/2021/11/momspraying_logo_atlanta_reel_final-1-1024x1024.png',3385,2364,'image-in',18,NULL,3000,3000,517146,NULL,NULL),(178,'https://www.praythepath.com/wp-content/uploads/2021/11/momspraying_logo_newyork_final-1-1024x1024.png',3385,2365,'image-in',18,NULL,3000,3000,567359,NULL,NULL),(179,'https://www.praythepath.com/wp-content/uploads/2021/11/momspraying_logo_final_resize.png',3385,2366,'image-in',18,NULL,1000,1000,137048,NULL,NULL),(180,'https://www.praythepath.com/wp-content/uploads/2021/11/momspraying_logo_final_white-3-1024x1024.png',3385,2367,'image-in',18,NULL,3000,3000,292989,NULL,NULL),(181,'https://www.praythepath.com/wp-content/uploads/2021/11/momspraying_logo_westcoast_sun5b_rev1-1024x1024.jpg',3385,2999,'image-in',18,NULL,2560,2560,353137,NULL,NULL),(182,'https://www.praythepath.com/wp-content/uploads/2021/11/momspraying_logo_eastcoast_final1a-1-scaled-1-1024x1024.jpg',3385,2368,'image-in',18,NULL,2560,2560,414412,NULL,NULL),(183,'https://www.praythepath.com/wp-content/uploads/2021/11/JFinal-768x508.jpeg',4619,NULL,'image-in',13,NULL,NULL,NULL,NULL,NULL,NULL),(184,'https://www.praythepath.com/wp-content/uploads/2021/10/shutterstock_103721963-768x512.jpg',4619,2175,'image-in',13,NULL,1707,2560,295914,NULL,NULL);

--
-- Dumping routines for database 'mdphotostock_praythepath'
--


